{"id":20599,"date":"1998-01-01T00:00:00","date_gmt":"1998-01-01T05:00:00","guid":{"rendered":"http:\/\/www.cec.org\/public-submissions\/submission-catalog\/ortiz-martinez\/"},"modified":"2026-04-24T14:29:53","modified_gmt":"2026-04-24T18:29:53","slug":"ortiz-martinez","status":"publish","type":"submissions","link":"https:\/\/www.cec.org\/fr\/communications\/registre-des-communications\/ortiz-martinez\/","title":{"rendered":"Ortiz Mart\u00ednez"},"content":{"rendered":"<p>La communication invoque \u00ab les formalit\u00e9s administratives indues, l'omission et le d\u00e9faut persistant concernant l'application efficace de la l\u00e9gislation environnementale en vigueur... \u00bb du Secr\u00e9tariat \u00e0 l'environnement, aux ressources naturelles et \u00e0 la p\u00eache (\u00ab SEMARNAP \u00bb) et du Procureur f\u00e9d\u00e9ral de la protection de l'environnement (\u00ab PROFEPA \u00bb) des \u00c9tats-Unis du Mexique, relatives \u00e0 une plainte de citoyens d\u00e9pos\u00e9e par l'auteur de la communication. Ce dernier all\u00e9gue que des violations de nature proc\u00e9durale ont \u00e9t\u00e9 commises dans les diverses proc\u00e9dures d\u00e9crites dans la communication li\u00e9es \u00e0 des activit\u00e9s foresti\u00e8res men\u00e9es \u00e0 \u00ab El Taray \u00bb, dans l'\u00e9tat du Jalisco.<\/p>\n<p>La communication fait \u00e9tat d'une \u00ab visite d'inspection \u00bb effectu\u00e9e \u00e0 la suite d'une ordonnance de \u00ab v\u00e9rification technique \u00bb au lieu en question. \u00e0 la suite de cette visite, des p\u00e9nalit\u00e9s ont \u00e9t\u00e9 impos\u00e9es \u00e0 la fois \u00e0 la partie vis\u00e9e par la plainte des citoyens et \u00e0 l'auteur de la communication, lequel a \u00e9t\u00e9 jug\u00e9 solidairement responsable. L'auteur de la communication soutient que ni la v\u00e9rification technique, ni la visite d'inspection ne constituent une r\u00e9ponse ad\u00e9quate \u00e0 la plainte d\u00e9pos\u00e9e \u00bb. Par ailleurs, l'auteur de la communication souligne que l'autorit\u00e9 n'a pas rendu \u00ab la d\u00e9cision appropri\u00e9e \u00e0 l'\u00e9gard des dommages et des pertes qui auraient une valeur probante s'il \u00e9taient pr\u00e9sent\u00e9s dans le cadre d'un proc\u00e8s, conform\u00e9ment l'article 194 de la Loi g\u00e9n\u00e9rale sur l'\u00e9quilibre \u00e9cologique et la protection de l'environnement du Mexique en vigueur \u00e0 l'\u00e9poque o\u00f9 ladite proc\u00e9dure a \u00e9t\u00e9 engag\u00e9e\u00bb.<\/p>\n","protected":false},"excerpt":{"rendered":"<p>La communication invoque \u00ab les formalit\u00e9s administratives indues, l&rsquo;omission et le d\u00e9faut persistant concernant l&rsquo;application efficace de la l\u00e9gislation environnementale en vigueur&#8230; \u00bb du Secr\u00e9tariat \u00e0 l&rsquo;environnement, aux ressources naturelles et \u00e0 la p\u00eache (\u00ab SEMARNAP \u00bb) et du Procureur f\u00e9d\u00e9ral de la protection de l&rsquo;environnement (\u00ab PROFEPA \u00bb) des \u00c9tats-Unis du Mexique, relatives \u00e0 [&hellip;]<\/p>\n","protected":false},"featured_media":0,"template":"","class_list":["post-20599","submissions","type-submissions","status-publish","hentry","country-mexique","semstatus-fermee"],"acf":[],"yoast_head":"<!-- This site is optimized with the Yoast SEO Premium plugin v27.4 (Yoast SEO v27.4) - https:\/\/yoast.com\/product\/yoast-seo-premium-wordpress\/ -->\n<title>Ortiz Mart\u00ednez<\/title>\n<meta name=\"robots\" content=\"index, follow, max-snippet:-1, max-image-preview:large, max-video-preview:-1\" \/>\n<link rel=\"canonical\" href=\"https:\/\/www.cec.org\/fr\/communications\/registre-des-communications\/ortiz-martinez\/\" \/>\n<meta property=\"og:locale\" content=\"fr_FR\" \/>\n<meta property=\"og:type\" content=\"article\" \/>\n<meta property=\"og:title\" content=\"Ortiz Mart\u00ednez\" \/>\n<meta property=\"og:description\" content=\"La communication invoque \u00ab les formalit\u00e9s administratives indues, l&#039;omission et le d\u00e9faut persistant concernant l&#039;application efficace de la l\u00e9gislation environnementale en vigueur... \u00bb du Secr\u00e9tariat \u00e0 l&#039;environnement, aux ressources naturelles et \u00e0 la p\u00eache (\u00ab SEMARNAP \u00bb) et du Procureur f\u00e9d\u00e9ral de la protection de l&#039;environnement (\u00ab PROFEPA \u00bb) des \u00c9tats-Unis du Mexique, relatives \u00e0 [&hellip;]\" \/>\n<meta property=\"og:url\" content=\"https:\/\/www.cec.org\/fr\/communications\/registre-des-communications\/ortiz-martinez\/\" \/>\n<meta property=\"og:site_name\" content=\"Commission de coop\u00e9ration environnementale\" \/>\n<meta property=\"article:publisher\" content=\"https:\/\/www.facebook.com\/CECconnect\" \/>\n<meta property=\"article:modified_time\" content=\"2026-04-24T18:29:53+00:00\" \/>\n<meta property=\"og:image\" content=\"https:\/\/www.cec.org\/wp-content\/uploads\/cec-cover2023.webp\" \/>\n\t<meta property=\"og:image:width\" content=\"1200\" \/>\n\t<meta property=\"og:image:height\" content=\"630\" \/>\n\t<meta property=\"og:image:type\" content=\"image\/webp\" \/>\n<meta name=\"twitter:card\" content=\"summary_large_image\" \/>\n<meta name=\"twitter:site\" content=\"@CECweb\" \/>\n<script type=\"application\/ld+json\" class=\"yoast-schema-graph\">{\"@context\":\"https:\\\/\\\/schema.org\",\"@graph\":[{\"@type\":\"WebPage\",\"@id\":\"https:\\\/\\\/www.cec.org\\\/fr\\\/communications\\\/registre-des-communications\\\/ortiz-martinez\\\/\",\"url\":\"https:\\\/\\\/www.cec.org\\\/fr\\\/communications\\\/registre-des-communications\\\/ortiz-martinez\\\/\",\"name\":\"Ortiz Mart\u00ednez\",\"isPartOf\":{\"@id\":\"https:\\\/\\\/www.cec.org\\\/fr\\\/#website\"},\"datePublished\":\"1998-01-01T05:00:00+00:00\",\"dateModified\":\"2026-04-24T18:29:53+00:00\",\"breadcrumb\":{\"@id\":\"https:\\\/\\\/www.cec.org\\\/fr\\\/communications\\\/registre-des-communications\\\/ortiz-martinez\\\/#breadcrumb\"},\"inLanguage\":\"fr-FR\",\"potentialAction\":[{\"@type\":\"ReadAction\",\"target\":[\"https:\\\/\\\/www.cec.org\\\/fr\\\/communications\\\/registre-des-communications\\\/ortiz-martinez\\\/\"]}]},{\"@type\":\"BreadcrumbList\",\"@id\":\"https:\\\/\\\/www.cec.org\\\/fr\\\/communications\\\/registre-des-communications\\\/ortiz-martinez\\\/#breadcrumb\",\"itemListElement\":[{\"@type\":\"ListItem\",\"position\":1,\"name\":\"Accueil\",\"item\":\"https:\\\/\\\/www.cec.org\\\/fr\\\/\"},{\"@type\":\"ListItem\",\"position\":2,\"name\":\"Ortiz Mart\u00ednez\"}]},{\"@type\":\"WebSite\",\"@id\":\"https:\\\/\\\/www.cec.org\\\/fr\\\/#website\",\"url\":\"https:\\\/\\\/www.cec.org\\\/fr\\\/\",\"name\":\"Commission for Environmental Cooperation\",\"description\":\"Three countries working together to protect our shared environment\",\"alternateName\":\"CEC - CCA -CCE\",\"potentialAction\":[{\"@type\":\"SearchAction\",\"target\":{\"@type\":\"EntryPoint\",\"urlTemplate\":\"https:\\\/\\\/www.cec.org\\\/fr\\\/?s={search_term_string}\"},\"query-input\":{\"@type\":\"PropertyValueSpecification\",\"valueRequired\":true,\"valueName\":\"search_term_string\"}}],\"inLanguage\":\"fr-FR\"}]}<\/script>\n<!-- \/ Yoast SEO Premium plugin. -->","yoast_head_json":{"title":"Ortiz Mart\u00ednez","robots":{"index":"index","follow":"follow","max-snippet":"max-snippet:-1","max-image-preview":"max-image-preview:large","max-video-preview":"max-video-preview:-1"},"canonical":"https:\/\/www.cec.org\/fr\/communications\/registre-des-communications\/ortiz-martinez\/","og_locale":"fr_FR","og_type":"article","og_title":"Ortiz Mart\u00ednez","og_description":"La communication invoque \u00ab les formalit\u00e9s administratives indues, l'omission et le d\u00e9faut persistant concernant l'application efficace de la l\u00e9gislation environnementale en vigueur... \u00bb du Secr\u00e9tariat \u00e0 l'environnement, aux ressources naturelles et \u00e0 la p\u00eache (\u00ab SEMARNAP \u00bb) et du Procureur f\u00e9d\u00e9ral de la protection de l'environnement (\u00ab PROFEPA \u00bb) des \u00c9tats-Unis du Mexique, relatives \u00e0 [&hellip;]","og_url":"https:\/\/www.cec.org\/fr\/communications\/registre-des-communications\/ortiz-martinez\/","og_site_name":"Commission de coop\u00e9ration environnementale","article_publisher":"https:\/\/www.facebook.com\/CECconnect","article_modified_time":"2026-04-24T18:29:53+00:00","og_image":[{"width":1200,"height":630,"url":"https:\/\/www.cec.org\/wp-content\/uploads\/cec-cover2023.webp","type":"image\/webp"}],"twitter_card":"summary_large_image","twitter_site":"@CECweb","schema":{"@context":"https:\/\/schema.org","@graph":[{"@type":"WebPage","@id":"https:\/\/www.cec.org\/fr\/communications\/registre-des-communications\/ortiz-martinez\/","url":"https:\/\/www.cec.org\/fr\/communications\/registre-des-communications\/ortiz-martinez\/","name":"Ortiz Mart\u00ednez","isPartOf":{"@id":"https:\/\/www.cec.org\/fr\/#website"},"datePublished":"1998-01-01T05:00:00+00:00","dateModified":"2026-04-24T18:29:53+00:00","breadcrumb":{"@id":"https:\/\/www.cec.org\/fr\/communications\/registre-des-communications\/ortiz-martinez\/#breadcrumb"},"inLanguage":"fr-FR","potentialAction":[{"@type":"ReadAction","target":["https:\/\/www.cec.org\/fr\/communications\/registre-des-communications\/ortiz-martinez\/"]}]},{"@type":"BreadcrumbList","@id":"https:\/\/www.cec.org\/fr\/communications\/registre-des-communications\/ortiz-martinez\/#breadcrumb","itemListElement":[{"@type":"ListItem","position":1,"name":"Accueil","item":"https:\/\/www.cec.org\/fr\/"},{"@type":"ListItem","position":2,"name":"Ortiz Mart\u00ednez"}]},{"@type":"WebSite","@id":"https:\/\/www.cec.org\/fr\/#website","url":"https:\/\/www.cec.org\/fr\/","name":"Commission for Environmental Cooperation","description":"Three countries working together to protect our shared environment","alternateName":"CEC - CCA -CCE","potentialAction":[{"@type":"SearchAction","target":{"@type":"EntryPoint","urlTemplate":"https:\/\/www.cec.org\/fr\/?s={search_term_string}"},"query-input":{"@type":"PropertyValueSpecification","valueRequired":true,"valueName":"search_term_string"}}],"inLanguage":"fr-FR"}]}},"_links":{"self":[{"href":"https:\/\/www.cec.org\/fr\/wp-json\/wp\/v2\/submissions\/20599","targetHints":{"allow":["GET"]}}],"collection":[{"href":"https:\/\/www.cec.org\/fr\/wp-json\/wp\/v2\/submissions"}],"about":[{"href":"https:\/\/www.cec.org\/fr\/wp-json\/wp\/v2\/types\/submissions"}],"wp:attachment":[{"href":"https:\/\/www.cec.org\/fr\/wp-json\/wp\/v2\/media?parent=20599"}],"curies":[{"name":"wp","href":"https:\/\/api.w.org\/{rel}","templated":true}]}}

Ortiz Martínez

<p>La communication invoque « les formalités administratives indues, l'omission et le défaut persistant concernant l'application efficace de la législation environnementale en vigueur... » du Secrétariat à l'environnement, aux ressources naturelles et à la pêche (« SEMARNAP ») et du Procureur fédéral de la protection de l'environnement (« PROFEPA ») des États-Unis du Mexique, relatives à une plainte de citoyens déposée par l'auteur de la communication. Ce dernier allégue que des violations de nature procédurale ont été commises dans les diverses procédures décrites dans la communication liées à des activités forestières menées à « El Taray », dans l'état du Jalisco.</p>
<p>La communication fait état d'une « visite d'inspection » effectuée à la suite d'une ordonnance de « vérification technique » au lieu en question. à la suite de cette visite, des pénalités ont été imposées à la fois à la partie visée par la plainte des citoyens et à l'auteur de la communication, lequel a été jugé solidairement responsable. L'auteur de la communication soutient que ni la vérification technique, ni la visite d'inspection ne constituent une réponse adéquate à la plainte déposée ». Par ailleurs, l'auteur de la communication souligne que l'autorité n'a pas rendu « la décision appropriée à l'égard des dommages et des pertes qui auraient une valeur probante s'il étaient présentés dans le cadre d'un procès, conformément l'article 194 de la Loi générale sur l'équilibre écologique et la protection de l'environnement du Mexique en vigueur à l'époque où ladite procédure a été engagée».</p>

<p>La communication invoque « les formalités administratives indues, l&rsquo;omission et le défaut persistant concernant l&rsquo;application efficace de la législation environnementale en vigueur&#8230; » du Secrétariat à l&rsquo;environnement, aux ressources naturelles et à la pêche (« SEMARNAP ») et du Procureur fédéral de la protection de l&rsquo;environnement (« PROFEPA ») des États-Unis du Mexique, relatives à [&hellip;]</p>

<!-- This site is optimized with the Yoast SEO Premium plugin v27.4 (Yoast SEO v27.4) - https://yoast.com/product/yoast-seo-premium-wordpress/ -->
<title>Ortiz Martínez</title>
<meta name="robots" content="index, follow, max-snippet:-1, max-image-preview:large, max-video-preview:-1" />
<link rel="canonical" href="https://www.cec.org/fr/communications/registre-des-communications/ortiz-martinez/" />
<meta property="og:locale" content="fr_FR" />
<meta property="og:type" content="article" />
<meta property="og:title" content="Ortiz Martínez" />
<meta property="og:description" content="La communication invoque « les formalités administratives indues, l&#039;omission et le défaut persistant concernant l&#039;application efficace de la législation environnementale en vigueur... » du Secrétariat à l&#039;environnement, aux ressources naturelles et à la pêche (« SEMARNAP ») et du Procureur fédéral de la protection de l&#039;environnement (« PROFEPA ») des États-Unis du Mexique, relatives à [&hellip;]" />
<meta property="og:url" content="https://www.cec.org/fr/communications/registre-des-communications/ortiz-martinez/" />
<meta property="og:site_name" content="Commission de coopération environnementale" />
<meta property="article:publisher" content="https://www.facebook.com/CECconnect" />
<meta property="article:modified_time" content="2026-04-24T18:29:53+00:00" />
<meta property="og:image" content="https://www.cec.org/wp-content/uploads/cec-cover2023.webp" />
	<meta property="og:image:width" content="1200" />
	<meta property="og:image:height" content="630" />
	<meta property="og:image:type" content="image/webp" />
<meta name="twitter:card" content="summary_large_image" />
<meta name="twitter:site" content="@CECweb" />
<script type="application/ld+json" class="yoast-schema-graph">{"@context":"https:\/\/schema.org","@graph":[{"@type":"WebPage","@id":"https:\/\/www.cec.org\/fr\/communications\/registre-des-communications\/ortiz-martinez\/","url":"https:\/\/www.cec.org\/fr\/communications\/registre-des-communications\/ortiz-martinez\/","name":"Ortiz Martínez","isPartOf":{"@id":"https:\/\/www.cec.org\/fr\/#website"},"datePublished":"1998-01-01T05:00:00+00:00","dateModified":"2026-04-24T18:29:53+00:00","breadcrumb":{"@id":"https:\/\/www.cec.org\/fr\/communications\/registre-des-communications\/ortiz-martinez\/#breadcrumb"},"inLanguage":"fr-FR","potentialAction":[{"@type":"ReadAction","target":["https:\/\/www.cec.org\/fr\/communications\/registre-des-communications\/ortiz-martinez\/"]}]},{"@type":"BreadcrumbList","@id":"https:\/\/www.cec.org\/fr\/communications\/registre-des-communications\/ortiz-martinez\/#breadcrumb","itemListElement":[{"@type":"ListItem","position":1,"name":"Accueil","item":"https:\/\/www.cec.org\/fr\/"},{"@type":"ListItem","position":2,"name":"Ortiz Martínez"}]},{"@type":"WebSite","@id":"https:\/\/www.cec.org\/fr\/#website","url":"https:\/\/www.cec.org\/fr\/","name":"Commission for Environmental Cooperation","description":"Three countries working together to protect our shared environment","alternateName":"CEC - CCA -CCE","potentialAction":[{"@type":"SearchAction","target":{"@type":"EntryPoint","urlTemplate":"https:\/\/www.cec.org\/fr\/?s={search_term_string}"},"query-input":{"@type":"PropertyValueSpecification","valueRequired":true,"valueName":"search_term_string"}}],"inLanguage":"fr-FR"}]}</script>
<!-- / Yoast SEO Premium plugin. -->

La communication invoque « les formalités administratives indues, l'omission et le défaut persistant concernant l'application efficace de la législation environnementale en vigueur... » du Secrétariat à l'environnement, aux ressources naturelles et à la pêche (« SEMARNAP ») et du Procureur fédéral de la protection de l'environnement (« PROFEPA ») des États-Unis du Mexique, relatives à [&hellip;]

Commission de coopération environnementale
