{"id":20589,"date":"1997-04-09T00:00:00","date_gmt":"1997-04-09T04:00:00","guid":{"rendered":"http:\/\/www.cec.org\/public-submissions\/submission-catalog\/fermes-porcines-du-quebec\/"},"modified":"2026-04-24T14:30:16","modified_gmt":"2026-04-24T18:30:16","slug":"fermes-porcines-du-quebec","status":"publish","type":"submissions","link":"https:\/\/www.cec.org\/fr\/communications\/registre-des-communications\/fermes-porcines-du-quebec\/","title":{"rendered":"Fermes porcines du Qu\u00e9bec"},"content":{"rendered":"<p>Les auteurs de la communication all\u00e8guent qu'il y a \u00ab non application sur le territoire qu\u00e9b\u00e9cois de plusieurs normes environnementales en mati\u00e8re de production porcine. Plus particuli\u00e8rement, le gouvernement du Qu\u00e9bec omet depuis de nombreuses ann\u00e9es, d'appliquer certaines normes de protection de l'environnement relatives \u00e0 la pollution agricole qui origine des \u00e9tablissements de production animale, dont principalement, les \u00e9tablissements porcins \u00bb.<\/p>\n","protected":false},"excerpt":{"rendered":"<p>Les auteurs de la communication all\u00e8guent qu&rsquo;il y a \u00ab non application sur le territoire qu\u00e9b\u00e9cois de plusieurs normes environnementales en mati\u00e8re de production porcine. Plus particuli\u00e8rement, le gouvernement du Qu\u00e9bec omet depuis de nombreuses ann\u00e9es, d&rsquo;appliquer certaines normes de protection de l&rsquo;environnement relatives \u00e0 la pollution agricole qui origine des \u00e9tablissements de production animale, [&hellip;]<\/p>\n","protected":false},"featured_media":0,"template":"","class_list":["post-20589","submissions","type-submissions","status-publish","hentry","country-canada-fr","semstatus-fermee"],"acf":[],"yoast_head":"<!-- This site is optimized with the Yoast SEO Premium plugin v27.4 (Yoast SEO v27.4) - https:\/\/yoast.com\/product\/yoast-seo-premium-wordpress\/ -->\n<title>Fermes porcines du Qu\u00e9bec<\/title>\n<meta name=\"description\" content=\"Les auteurs de la communication all\u00e8guent qu&#039;il y a \u00ab non application sur le territoire qu\u00e9b\u00e9cois de plusieurs normes\" \/>\n<meta name=\"robots\" content=\"index, follow, max-snippet:-1, max-image-preview:large, max-video-preview:-1\" \/>\n<link rel=\"canonical\" href=\"https:\/\/www.cec.org\/fr\/communications\/registre-des-communications\/fermes-porcines-du-quebec\/\" \/>\n<meta property=\"og:locale\" content=\"fr_FR\" \/>\n<meta property=\"og:type\" content=\"article\" \/>\n<meta property=\"og:title\" content=\"Fermes porcines du Qu\u00e9bec\" \/>\n<meta property=\"og:description\" content=\"Les auteurs de la communication all\u00e8guent qu&#039;il y a \u00ab non application sur le territoire qu\u00e9b\u00e9cois de plusieurs normes\" \/>\n<meta property=\"og:url\" content=\"https:\/\/www.cec.org\/fr\/communications\/registre-des-communications\/fermes-porcines-du-quebec\/\" \/>\n<meta property=\"og:site_name\" content=\"Commission de coop\u00e9ration environnementale\" \/>\n<meta property=\"article:publisher\" content=\"https:\/\/www.facebook.com\/CECconnect\" \/>\n<meta property=\"article:modified_time\" content=\"2026-04-24T18:30:16+00:00\" \/>\n<meta property=\"og:image\" content=\"https:\/\/www.cec.org\/wp-content\/uploads\/cec-cover2023.webp\" \/>\n\t<meta property=\"og:image:width\" content=\"1200\" \/>\n\t<meta property=\"og:image:height\" content=\"630\" \/>\n\t<meta property=\"og:image:type\" content=\"image\/webp\" \/>\n<meta name=\"twitter:card\" content=\"summary_large_image\" \/>\n<meta name=\"twitter:site\" content=\"@CECweb\" \/>\n<script type=\"application\/ld+json\" class=\"yoast-schema-graph\">{\"@context\":\"https:\\\/\\\/schema.org\",\"@graph\":[{\"@type\":\"WebPage\",\"@id\":\"https:\\\/\\\/www.cec.org\\\/fr\\\/communications\\\/registre-des-communications\\\/fermes-porcines-du-quebec\\\/\",\"url\":\"https:\\\/\\\/www.cec.org\\\/fr\\\/communications\\\/registre-des-communications\\\/fermes-porcines-du-quebec\\\/\",\"name\":\"Fermes porcines du Qu\u00e9bec\",\"isPartOf\":{\"@id\":\"https:\\\/\\\/www.cec.org\\\/fr\\\/#website\"},\"datePublished\":\"1997-04-09T04:00:00+00:00\",\"dateModified\":\"2026-04-24T18:30:16+00:00\",\"description\":\"Les auteurs de la communication all\u00e8guent qu'il y a \u00ab non application sur le territoire qu\u00e9b\u00e9cois de plusieurs normes\",\"breadcrumb\":{\"@id\":\"https:\\\/\\\/www.cec.org\\\/fr\\\/communications\\\/registre-des-communications\\\/fermes-porcines-du-quebec\\\/#breadcrumb\"},\"inLanguage\":\"fr-FR\",\"potentialAction\":[{\"@type\":\"ReadAction\",\"target\":[\"https:\\\/\\\/www.cec.org\\\/fr\\\/communications\\\/registre-des-communications\\\/fermes-porcines-du-quebec\\\/\"]}]},{\"@type\":\"BreadcrumbList\",\"@id\":\"https:\\\/\\\/www.cec.org\\\/fr\\\/communications\\\/registre-des-communications\\\/fermes-porcines-du-quebec\\\/#breadcrumb\",\"itemListElement\":[{\"@type\":\"ListItem\",\"position\":1,\"name\":\"Accueil\",\"item\":\"https:\\\/\\\/www.cec.org\\\/fr\\\/\"},{\"@type\":\"ListItem\",\"position\":2,\"name\":\"Fermes porcines du Qu\u00e9bec\"}]},{\"@type\":\"WebSite\",\"@id\":\"https:\\\/\\\/www.cec.org\\\/fr\\\/#website\",\"url\":\"https:\\\/\\\/www.cec.org\\\/fr\\\/\",\"name\":\"Commission for Environmental Cooperation\",\"description\":\"Three countries working together to protect our shared environment\",\"alternateName\":\"CEC - CCA -CCE\",\"potentialAction\":[{\"@type\":\"SearchAction\",\"target\":{\"@type\":\"EntryPoint\",\"urlTemplate\":\"https:\\\/\\\/www.cec.org\\\/fr\\\/?s={search_term_string}\"},\"query-input\":{\"@type\":\"PropertyValueSpecification\",\"valueRequired\":true,\"valueName\":\"search_term_string\"}}],\"inLanguage\":\"fr-FR\"}]}<\/script>\n<!-- \/ Yoast SEO Premium plugin. -->","yoast_head_json":{"title":"Fermes porcines du Qu\u00e9bec","description":"Les auteurs de la communication all\u00e8guent qu'il y a \u00ab non application sur le territoire qu\u00e9b\u00e9cois de plusieurs normes","robots":{"index":"index","follow":"follow","max-snippet":"max-snippet:-1","max-image-preview":"max-image-preview:large","max-video-preview":"max-video-preview:-1"},"canonical":"https:\/\/www.cec.org\/fr\/communications\/registre-des-communications\/fermes-porcines-du-quebec\/","og_locale":"fr_FR","og_type":"article","og_title":"Fermes porcines du Qu\u00e9bec","og_description":"Les auteurs de la communication all\u00e8guent qu'il y a \u00ab non application sur le territoire qu\u00e9b\u00e9cois de plusieurs normes","og_url":"https:\/\/www.cec.org\/fr\/communications\/registre-des-communications\/fermes-porcines-du-quebec\/","og_site_name":"Commission de coop\u00e9ration environnementale","article_publisher":"https:\/\/www.facebook.com\/CECconnect","article_modified_time":"2026-04-24T18:30:16+00:00","og_image":[{"width":1200,"height":630,"url":"https:\/\/www.cec.org\/wp-content\/uploads\/cec-cover2023.webp","type":"image\/webp"}],"twitter_card":"summary_large_image","twitter_site":"@CECweb","schema":{"@context":"https:\/\/schema.org","@graph":[{"@type":"WebPage","@id":"https:\/\/www.cec.org\/fr\/communications\/registre-des-communications\/fermes-porcines-du-quebec\/","url":"https:\/\/www.cec.org\/fr\/communications\/registre-des-communications\/fermes-porcines-du-quebec\/","name":"Fermes porcines du Qu\u00e9bec","isPartOf":{"@id":"https:\/\/www.cec.org\/fr\/#website"},"datePublished":"1997-04-09T04:00:00+00:00","dateModified":"2026-04-24T18:30:16+00:00","description":"Les auteurs de la communication all\u00e8guent qu'il y a \u00ab non application sur le territoire qu\u00e9b\u00e9cois de plusieurs normes","breadcrumb":{"@id":"https:\/\/www.cec.org\/fr\/communications\/registre-des-communications\/fermes-porcines-du-quebec\/#breadcrumb"},"inLanguage":"fr-FR","potentialAction":[{"@type":"ReadAction","target":["https:\/\/www.cec.org\/fr\/communications\/registre-des-communications\/fermes-porcines-du-quebec\/"]}]},{"@type":"BreadcrumbList","@id":"https:\/\/www.cec.org\/fr\/communications\/registre-des-communications\/fermes-porcines-du-quebec\/#breadcrumb","itemListElement":[{"@type":"ListItem","position":1,"name":"Accueil","item":"https:\/\/www.cec.org\/fr\/"},{"@type":"ListItem","position":2,"name":"Fermes porcines du Qu\u00e9bec"}]},{"@type":"WebSite","@id":"https:\/\/www.cec.org\/fr\/#website","url":"https:\/\/www.cec.org\/fr\/","name":"Commission for Environmental Cooperation","description":"Three countries working together to protect our shared environment","alternateName":"CEC - CCA -CCE","potentialAction":[{"@type":"SearchAction","target":{"@type":"EntryPoint","urlTemplate":"https:\/\/www.cec.org\/fr\/?s={search_term_string}"},"query-input":{"@type":"PropertyValueSpecification","valueRequired":true,"valueName":"search_term_string"}}],"inLanguage":"fr-FR"}]}},"_links":{"self":[{"href":"https:\/\/www.cec.org\/fr\/wp-json\/wp\/v2\/submissions\/20589","targetHints":{"allow":["GET"]}}],"collection":[{"href":"https:\/\/www.cec.org\/fr\/wp-json\/wp\/v2\/submissions"}],"about":[{"href":"https:\/\/www.cec.org\/fr\/wp-json\/wp\/v2\/types\/submissions"}],"wp:attachment":[{"href":"https:\/\/www.cec.org\/fr\/wp-json\/wp\/v2\/media?parent=20589"}],"curies":[{"name":"wp","href":"https:\/\/api.w.org\/{rel}","templated":true}]}}

Fermes porcines du Québec

<p>Les auteurs de la communication allèguent qu'il y a « non application sur le territoire québécois de plusieurs normes environnementales en matière de production porcine. Plus particulièrement, le gouvernement du Québec omet depuis de nombreuses années, d'appliquer certaines normes de protection de l'environnement relatives à la pollution agricole qui origine des établissements de production animale, dont principalement, les établissements porcins ».</p>

<p>Les auteurs de la communication allèguent qu&rsquo;il y a « non application sur le territoire québécois de plusieurs normes environnementales en matière de production porcine. Plus particulièrement, le gouvernement du Québec omet depuis de nombreuses années, d&rsquo;appliquer certaines normes de protection de l&rsquo;environnement relatives à la pollution agricole qui origine des établissements de production animale, [&hellip;]</p>

<!-- This site is optimized with the Yoast SEO Premium plugin v27.4 (Yoast SEO v27.4) - https://yoast.com/product/yoast-seo-premium-wordpress/ -->
<title>Fermes porcines du Québec</title>
<meta name="description" content="Les auteurs de la communication allèguent qu&#039;il y a « non application sur le territoire québécois de plusieurs normes" />
<meta name="robots" content="index, follow, max-snippet:-1, max-image-preview:large, max-video-preview:-1" />
<link rel="canonical" href="https://www.cec.org/fr/communications/registre-des-communications/fermes-porcines-du-quebec/" />
<meta property="og:locale" content="fr_FR" />
<meta property="og:type" content="article" />
<meta property="og:title" content="Fermes porcines du Québec" />
<meta property="og:description" content="Les auteurs de la communication allèguent qu&#039;il y a « non application sur le territoire québécois de plusieurs normes" />
<meta property="og:url" content="https://www.cec.org/fr/communications/registre-des-communications/fermes-porcines-du-quebec/" />
<meta property="og:site_name" content="Commission de coopération environnementale" />
<meta property="article:publisher" content="https://www.facebook.com/CECconnect" />
<meta property="article:modified_time" content="2026-04-24T18:30:16+00:00" />
<meta property="og:image" content="https://www.cec.org/wp-content/uploads/cec-cover2023.webp" />
	<meta property="og:image:width" content="1200" />
	<meta property="og:image:height" content="630" />
	<meta property="og:image:type" content="image/webp" />
<meta name="twitter:card" content="summary_large_image" />
<meta name="twitter:site" content="@CECweb" />
<script type="application/ld+json" class="yoast-schema-graph">{"@context":"https:\/\/schema.org","@graph":[{"@type":"WebPage","@id":"https:\/\/www.cec.org\/fr\/communications\/registre-des-communications\/fermes-porcines-du-quebec\/","url":"https:\/\/www.cec.org\/fr\/communications\/registre-des-communications\/fermes-porcines-du-quebec\/","name":"Fermes porcines du Québec","isPartOf":{"@id":"https:\/\/www.cec.org\/fr\/#website"},"datePublished":"1997-04-09T04:00:00+00:00","dateModified":"2026-04-24T18:30:16+00:00","description":"Les auteurs de la communication allèguent qu'il y a « non application sur le territoire québécois de plusieurs normes","breadcrumb":{"@id":"https:\/\/www.cec.org\/fr\/communications\/registre-des-communications\/fermes-porcines-du-quebec\/#breadcrumb"},"inLanguage":"fr-FR","potentialAction":[{"@type":"ReadAction","target":["https:\/\/www.cec.org\/fr\/communications\/registre-des-communications\/fermes-porcines-du-quebec\/"]}]},{"@type":"BreadcrumbList","@id":"https:\/\/www.cec.org\/fr\/communications\/registre-des-communications\/fermes-porcines-du-quebec\/#breadcrumb","itemListElement":[{"@type":"ListItem","position":1,"name":"Accueil","item":"https:\/\/www.cec.org\/fr\/"},{"@type":"ListItem","position":2,"name":"Fermes porcines du Québec"}]},{"@type":"WebSite","@id":"https:\/\/www.cec.org\/fr\/#website","url":"https:\/\/www.cec.org\/fr\/","name":"Commission for Environmental Cooperation","description":"Three countries working together to protect our shared environment","alternateName":"CEC - CCA -CCE","potentialAction":[{"@type":"SearchAction","target":{"@type":"EntryPoint","urlTemplate":"https:\/\/www.cec.org\/fr\/?s={search_term_string}"},"query-input":{"@type":"PropertyValueSpecification","valueRequired":true,"valueName":"search_term_string"}}],"inLanguage":"fr-FR"}]}</script>
<!-- / Yoast SEO Premium plugin. -->

Les auteurs de la communication allèguent qu'il y a « non application sur le territoire québécois de plusieurs normes

Commission de coopération environnementale
