{"id":58938,"date":"2025-05-15T16:45:03","date_gmt":"2025-05-15T20:45:03","guid":{"rendered":"https:\/\/www.cec.org\/speaker\/amelia-arreguin\/"},"modified":"2025-05-27T16:10:09","modified_gmt":"2025-05-27T20:10:09","slug":"amelia-arreguin","status":"publish","type":"speaker","link":"https:\/\/www.cec.org\/fr\/speaker\/amelia-arreguin\/","title":{"rendered":"Amelia Arreguin"},"content":{"rendered":"<p>Militante engag\u00e9e en faveur de la justice des genres et environnementale, Amelia\u00a0Arregu\u00edn Prado soutient femmes et filles de la base et d\u00e9fend leurs int\u00e9r\u00eats dans les politiques environnementales \u00e0 l\u2019\u00e9chelle mondiale et nationale. En tant que coordonnatrice du caucus des femmes de la CDB, elle \u0153uvre \u00e0 l\u2019intersection des domaines du genre, de la biodiversit\u00e9 et des droits de la personne, en particulier sur les droits fonciers des femmes, la conservation, la violence de genre, les femmes militantes de l\u2019environnement, la protection des esp\u00e8ces et des \u00e9cosyst\u00e8mes et la surveillance communautaire.<\/p>\n<p>Ses travaux englobent de plus en plus la finance, l\u2019\u00e9conomie, la gouvernance climatique et la biodiversit\u00e9, y compris les march\u00e9s du carbone et de la biodiversit\u00e9, l\u2019acc\u00e8s direct aux ressources financi\u00e8res et les m\u00e9canismes financiers \u00e9quitables li\u00e9s \u00e0 la nature.<\/p>\n<p>Gr\u00e2ce \u00e0 sa vaste exp\u00e9rience en recherche, en politiques et en d\u00e9fense des droits, Amelia agit \u00e9galement \u00e0 titre de vice-pr\u00e9sidente r\u00e9gionale de la Commission des politiques environnementales, \u00e9conomiques et sociales\u00a0(CPEES) de l\u2019Union internationale pour la conservation de la nature\u00a0(UICN) pour le Mexique, l\u2019Am\u00e9rique centrale et les Cara\u00efbes, et a particip\u00e9 \u00e0 diverses initiatives internationales. Elle est la fondatrice d\u2019Eco\u00a0Maxei\u00a0AC et cocr\u00e9atrice du projet intitul\u00e9 <em>Entrenamiento en Ciudadan\u00eda Ambiental<\/em> (ECA, formation \u00e0 la citoyennet\u00e9 environnementale), mis en \u0153uvre chaque ann\u00e9e en collaboration avec les Fuerzas Especiales (FES, forces sp\u00e9ciales) du Mexique et d\u2019autres partenaires depuis sa participation au programme des leaders progressistes\u00a0(PLP) des FES au Mexique.<\/p>\n<p>Titulaire d\u2019une bourse\u00a0Chevening, Amelia d\u00e9tient une ma\u00eetrise \u00e8s sciences en environnement et d\u00e9veloppement international de l\u2019Universit\u00e9 d\u2019East\u00a0Anglia, et un baccalaur\u00e9at en communication politique de l\u2019Universidad Nacional Aut\u00f3noma de M\u00e9xico (UNAM, universit\u00e9 nationale autonome du Mexique). Gr\u00e2ce \u00e0 une vision intersectionnelle et interculturelle, elle continue de favoriser des changements concrets dans les domaines de la gouvernance de la biodiversit\u00e9, de la justice sociale et du financement \u00e9quitable en mati\u00e8re d\u2019environnement.<\/p>\n","protected":false},"excerpt":{"rendered":"<p>Militante engag\u00e9e en faveur de la justice des genres et environnementale, Amelia\u00a0Arregu\u00edn Prado soutient femmes et filles de la base et d\u00e9fend leurs int\u00e9r\u00eats dans les politiques environnementales \u00e0 l\u2019\u00e9chelle mondiale et nationale. En tant que coordonnatrice du caucus des femmes de la CDB, elle \u0153uvre \u00e0 l\u2019intersection des domaines du genre, de la biodiversit\u00e9 [&hellip;]<\/p>\n","protected":false},"featured_media":58911,"template":"","class_list":["post-58938","speaker","type-speaker","status-publish","has-post-thumbnail","hentry"],"acf":[],"yoast_head":"<!-- This site is optimized with the Yoast SEO Premium plugin v27.4 (Yoast SEO v27.4) - https:\/\/yoast.com\/product\/yoast-seo-premium-wordpress\/ -->\n<title>Amelia Arreguin &#8211; Commission de coop\u00e9ration environnementale<\/title>\n<meta name=\"robots\" content=\"noindex, follow\" \/>\n<meta property=\"og:locale\" content=\"fr_FR\" \/>\n<meta property=\"og:type\" content=\"article\" \/>\n<meta property=\"og:title\" content=\"Amelia Arreguin\" \/>\n<meta property=\"og:description\" content=\"Militante engag\u00e9e en faveur de la justice des genres et environnementale, Amelia\u00a0Arregu\u00edn Prado soutient femmes et filles de la base et d\u00e9fend leurs int\u00e9r\u00eats dans les politiques environnementales \u00e0 l\u2019\u00e9chelle mondiale et nationale. En tant que coordonnatrice du caucus des femmes de la CDB, elle \u0153uvre \u00e0 l\u2019intersection des domaines du genre, de la biodiversit\u00e9 [&hellip;]\" \/>\n<meta property=\"og:url\" content=\"https:\/\/www.cec.org\/fr\/speaker\/amelia-arreguin\/\" \/>\n<meta property=\"og:site_name\" content=\"Commission de coop\u00e9ration environnementale\" \/>\n<meta property=\"article:publisher\" content=\"https:\/\/www.facebook.com\/CECconnect\" \/>\n<meta property=\"article:modified_time\" content=\"2025-05-27T20:10:09+00:00\" \/>\n<meta property=\"og:image\" content=\"https:\/\/www.cec.org\/wp-content\/uploads\/ameliaphoto.webp\" \/>\n\t<meta property=\"og:image:width\" content=\"300\" \/>\n\t<meta property=\"og:image:height\" content=\"300\" \/>\n\t<meta property=\"og:image:type\" content=\"image\/webp\" \/>\n<meta name=\"twitter:card\" content=\"summary_large_image\" \/>\n<meta name=\"twitter:site\" content=\"@CECweb\" \/>\n<script type=\"application\/ld+json\" class=\"yoast-schema-graph\">{\"@context\":\"https:\\\/\\\/schema.org\",\"@graph\":[{\"@type\":\"WebPage\",\"@id\":\"https:\\\/\\\/www.cec.org\\\/fr\\\/speaker\\\/amelia-arreguin\\\/\",\"url\":\"https:\\\/\\\/www.cec.org\\\/fr\\\/speaker\\\/amelia-arreguin\\\/\",\"name\":\"Amelia Arreguin &#8211; Commission de coop\u00e9ration environnementale\",\"isPartOf\":{\"@id\":\"https:\\\/\\\/www.cec.org\\\/fr\\\/#website\"},\"primaryImageOfPage\":{\"@id\":\"https:\\\/\\\/www.cec.org\\\/fr\\\/speaker\\\/amelia-arreguin\\\/#primaryimage\"},\"image\":{\"@id\":\"https:\\\/\\\/www.cec.org\\\/fr\\\/speaker\\\/amelia-arreguin\\\/#primaryimage\"},\"thumbnailUrl\":\"https:\\\/\\\/www.cec.org\\\/wp-content\\\/uploads\\\/ameliaphoto.webp\",\"datePublished\":\"2025-05-15T20:45:03+00:00\",\"dateModified\":\"2025-05-27T20:10:09+00:00\",\"breadcrumb\":{\"@id\":\"https:\\\/\\\/www.cec.org\\\/fr\\\/speaker\\\/amelia-arreguin\\\/#breadcrumb\"},\"inLanguage\":\"fr-FR\",\"potentialAction\":[{\"@type\":\"ReadAction\",\"target\":[\"https:\\\/\\\/www.cec.org\\\/fr\\\/speaker\\\/amelia-arreguin\\\/\"]}]},{\"@type\":\"ImageObject\",\"inLanguage\":\"fr-FR\",\"@id\":\"https:\\\/\\\/www.cec.org\\\/fr\\\/speaker\\\/amelia-arreguin\\\/#primaryimage\",\"url\":\"https:\\\/\\\/www.cec.org\\\/wp-content\\\/uploads\\\/ameliaphoto.webp\",\"contentUrl\":\"https:\\\/\\\/www.cec.org\\\/wp-content\\\/uploads\\\/ameliaphoto.webp\",\"width\":300,\"height\":300,\"caption\":\"CEC Speaker\"},{\"@type\":\"BreadcrumbList\",\"@id\":\"https:\\\/\\\/www.cec.org\\\/fr\\\/speaker\\\/amelia-arreguin\\\/#breadcrumb\",\"itemListElement\":[{\"@type\":\"ListItem\",\"position\":1,\"name\":\"Accueil\",\"item\":\"https:\\\/\\\/www.cec.org\\\/fr\\\/\"},{\"@type\":\"ListItem\",\"position\":2,\"name\":\"Amelia Arreguin\"}]},{\"@type\":\"WebSite\",\"@id\":\"https:\\\/\\\/www.cec.org\\\/fr\\\/#website\",\"url\":\"https:\\\/\\\/www.cec.org\\\/fr\\\/\",\"name\":\"Commission for Environmental Cooperation\",\"description\":\"Three countries working together to protect our shared environment\",\"alternateName\":\"CEC - CCA -CCE\",\"potentialAction\":[{\"@type\":\"SearchAction\",\"target\":{\"@type\":\"EntryPoint\",\"urlTemplate\":\"https:\\\/\\\/www.cec.org\\\/fr\\\/?s={search_term_string}\"},\"query-input\":{\"@type\":\"PropertyValueSpecification\",\"valueRequired\":true,\"valueName\":\"search_term_string\"}}],\"inLanguage\":\"fr-FR\"}]}<\/script>\n<!-- \/ Yoast SEO Premium plugin. -->","yoast_head_json":{"title":"Amelia Arreguin &#8211; Commission de coop\u00e9ration environnementale","robots":{"index":"noindex","follow":"follow"},"og_locale":"fr_FR","og_type":"article","og_title":"Amelia Arreguin","og_description":"Militante engag\u00e9e en faveur de la justice des genres et environnementale, Amelia\u00a0Arregu\u00edn Prado soutient femmes et filles de la base et d\u00e9fend leurs int\u00e9r\u00eats dans les politiques environnementales \u00e0 l\u2019\u00e9chelle mondiale et nationale. En tant que coordonnatrice du caucus des femmes de la CDB, elle \u0153uvre \u00e0 l\u2019intersection des domaines du genre, de la biodiversit\u00e9 [&hellip;]","og_url":"https:\/\/www.cec.org\/fr\/speaker\/amelia-arreguin\/","og_site_name":"Commission de coop\u00e9ration environnementale","article_publisher":"https:\/\/www.facebook.com\/CECconnect","article_modified_time":"2025-05-27T20:10:09+00:00","og_image":[{"width":300,"height":300,"url":"https:\/\/www.cec.org\/wp-content\/uploads\/ameliaphoto.webp","type":"image\/webp"}],"twitter_card":"summary_large_image","twitter_site":"@CECweb","schema":{"@context":"https:\/\/schema.org","@graph":[{"@type":"WebPage","@id":"https:\/\/www.cec.org\/fr\/speaker\/amelia-arreguin\/","url":"https:\/\/www.cec.org\/fr\/speaker\/amelia-arreguin\/","name":"Amelia Arreguin &#8211; Commission de coop\u00e9ration environnementale","isPartOf":{"@id":"https:\/\/www.cec.org\/fr\/#website"},"primaryImageOfPage":{"@id":"https:\/\/www.cec.org\/fr\/speaker\/amelia-arreguin\/#primaryimage"},"image":{"@id":"https:\/\/www.cec.org\/fr\/speaker\/amelia-arreguin\/#primaryimage"},"thumbnailUrl":"https:\/\/www.cec.org\/wp-content\/uploads\/ameliaphoto.webp","datePublished":"2025-05-15T20:45:03+00:00","dateModified":"2025-05-27T20:10:09+00:00","breadcrumb":{"@id":"https:\/\/www.cec.org\/fr\/speaker\/amelia-arreguin\/#breadcrumb"},"inLanguage":"fr-FR","potentialAction":[{"@type":"ReadAction","target":["https:\/\/www.cec.org\/fr\/speaker\/amelia-arreguin\/"]}]},{"@type":"ImageObject","inLanguage":"fr-FR","@id":"https:\/\/www.cec.org\/fr\/speaker\/amelia-arreguin\/#primaryimage","url":"https:\/\/www.cec.org\/wp-content\/uploads\/ameliaphoto.webp","contentUrl":"https:\/\/www.cec.org\/wp-content\/uploads\/ameliaphoto.webp","width":300,"height":300,"caption":"CEC Speaker"},{"@type":"BreadcrumbList","@id":"https:\/\/www.cec.org\/fr\/speaker\/amelia-arreguin\/#breadcrumb","itemListElement":[{"@type":"ListItem","position":1,"name":"Accueil","item":"https:\/\/www.cec.org\/fr\/"},{"@type":"ListItem","position":2,"name":"Amelia Arreguin"}]},{"@type":"WebSite","@id":"https:\/\/www.cec.org\/fr\/#website","url":"https:\/\/www.cec.org\/fr\/","name":"Commission for Environmental Cooperation","description":"Three countries working together to protect our shared environment","alternateName":"CEC - CCA -CCE","potentialAction":[{"@type":"SearchAction","target":{"@type":"EntryPoint","urlTemplate":"https:\/\/www.cec.org\/fr\/?s={search_term_string}"},"query-input":{"@type":"PropertyValueSpecification","valueRequired":true,"valueName":"search_term_string"}}],"inLanguage":"fr-FR"}]}},"_links":{"self":[{"href":"https:\/\/www.cec.org\/fr\/wp-json\/wp\/v2\/speaker\/58938","targetHints":{"allow":["GET"]}}],"collection":[{"href":"https:\/\/www.cec.org\/fr\/wp-json\/wp\/v2\/speaker"}],"about":[{"href":"https:\/\/www.cec.org\/fr\/wp-json\/wp\/v2\/types\/speaker"}],"wp:featuredmedia":[{"embeddable":true,"href":"https:\/\/www.cec.org\/fr\/wp-json\/wp\/v2\/media\/58911"}],"wp:attachment":[{"href":"https:\/\/www.cec.org\/fr\/wp-json\/wp\/v2\/media?parent=58938"}],"curies":[{"name":"wp","href":"https:\/\/api.w.org\/{rel}","templated":true}]}}

<p>Militante engagée en faveur de la justice des genres et environnementale, Amelia Arreguín Prado soutient femmes et filles de la base et défend leurs intérêts dans les politiques environnementales à l’échelle mondiale et nationale. En tant que coordonnatrice du caucus des femmes de la CDB, elle œuvre à l’intersection des domaines du genre, de la biodiversité et des droits de la personne, en particulier sur les droits fonciers des femmes, la conservation, la violence de genre, les femmes militantes de l’environnement, la protection des espèces et des écosystèmes et la surveillance communautaire.</p>
<p>Ses travaux englobent de plus en plus la finance, l’économie, la gouvernance climatique et la biodiversité, y compris les marchés du carbone et de la biodiversité, l’accès direct aux ressources financières et les mécanismes financiers équitables liés à la nature.</p>
<p>Grâce à sa vaste expérience en recherche, en politiques et en défense des droits, Amelia agit également à titre de vice-présidente régionale de la Commission des politiques environnementales, économiques et sociales (CPEES) de l’Union internationale pour la conservation de la nature (UICN) pour le Mexique, l’Amérique centrale et les Caraïbes, et a participé à diverses initiatives internationales. Elle est la fondatrice d’Eco Maxei AC et cocréatrice du projet intitulé <em>Entrenamiento en Ciudadanía Ambiental</em> (ECA, formation à la citoyenneté environnementale), mis en œuvre chaque année en collaboration avec les Fuerzas Especiales (FES, forces spéciales) du Mexique et d’autres partenaires depuis sa participation au programme des leaders progressistes (PLP) des FES au Mexique.</p>
<p>Titulaire d’une bourse Chevening, Amelia détient une maîtrise ès sciences en environnement et développement international de l’Université d’East Anglia, et un baccalauréat en communication politique de l’Universidad Nacional Autónoma de México (UNAM, université nationale autonome du Mexique). Grâce à une vision intersectionnelle et interculturelle, elle continue de favoriser des changements concrets dans les domaines de la gouvernance de la biodiversité, de la justice sociale et du financement équitable en matière d’environnement.</p>

<p>Militante engagée en faveur de la justice des genres et environnementale, Amelia Arreguín Prado soutient femmes et filles de la base et défend leurs intérêts dans les politiques environnementales à l’échelle mondiale et nationale. En tant que coordonnatrice du caucus des femmes de la CDB, elle œuvre à l’intersection des domaines du genre, de la biodiversité [&hellip;]</p>

<!-- This site is optimized with the Yoast SEO Premium plugin v27.4 (Yoast SEO v27.4) - https://yoast.com/product/yoast-seo-premium-wordpress/ -->
<title>Amelia Arreguin &#8211; Commission de coopération environnementale</title>
<meta name="robots" content="noindex, follow" />
<meta property="og:locale" content="fr_FR" />
<meta property="og:type" content="article" />
<meta property="og:title" content="Amelia Arreguin" />
<meta property="og:description" content="Militante engagée en faveur de la justice des genres et environnementale, Amelia Arreguín Prado soutient femmes et filles de la base et défend leurs intérêts dans les politiques environnementales à l’échelle mondiale et nationale. En tant que coordonnatrice du caucus des femmes de la CDB, elle œuvre à l’intersection des domaines du genre, de la biodiversité [&hellip;]" />
<meta property="og:url" content="https://www.cec.org/fr/speaker/amelia-arreguin/" />
<meta property="og:site_name" content="Commission de coopération environnementale" />
<meta property="article:publisher" content="https://www.facebook.com/CECconnect" />
<meta property="article:modified_time" content="2025-05-27T20:10:09+00:00" />
<meta property="og:image" content="https://www.cec.org/wp-content/uploads/ameliaphoto.webp" />
	<meta property="og:image:width" content="300" />
	<meta property="og:image:height" content="300" />
	<meta property="og:image:type" content="image/webp" />
<meta name="twitter:card" content="summary_large_image" />
<meta name="twitter:site" content="@CECweb" />
<script type="application/ld+json" class="yoast-schema-graph">{"@context":"https:\/\/schema.org","@graph":[{"@type":"WebPage","@id":"https:\/\/www.cec.org\/fr\/speaker\/amelia-arreguin\/","url":"https:\/\/www.cec.org\/fr\/speaker\/amelia-arreguin\/","name":"Amelia Arreguin &#8211; Commission de coopération environnementale","isPartOf":{"@id":"https:\/\/www.cec.org\/fr\/#website"},"primaryImageOfPage":{"@id":"https:\/\/www.cec.org\/fr\/speaker\/amelia-arreguin\/#primaryimage"},"image":{"@id":"https:\/\/www.cec.org\/fr\/speaker\/amelia-arreguin\/#primaryimage"},"thumbnailUrl":"https:\/\/www.cec.org\/wp-content\/uploads\/ameliaphoto.webp","datePublished":"2025-05-15T20:45:03+00:00","dateModified":"2025-05-27T20:10:09+00:00","breadcrumb":{"@id":"https:\/\/www.cec.org\/fr\/speaker\/amelia-arreguin\/#breadcrumb"},"inLanguage":"fr-FR","potentialAction":[{"@type":"ReadAction","target":["https:\/\/www.cec.org\/fr\/speaker\/amelia-arreguin\/"]}]},{"@type":"ImageObject","inLanguage":"fr-FR","@id":"https:\/\/www.cec.org\/fr\/speaker\/amelia-arreguin\/#primaryimage","url":"https:\/\/www.cec.org\/wp-content\/uploads\/ameliaphoto.webp","contentUrl":"https:\/\/www.cec.org\/wp-content\/uploads\/ameliaphoto.webp","width":300,"height":300,"caption":"CEC Speaker"},{"@type":"BreadcrumbList","@id":"https:\/\/www.cec.org\/fr\/speaker\/amelia-arreguin\/#breadcrumb","itemListElement":[{"@type":"ListItem","position":1,"name":"Accueil","item":"https:\/\/www.cec.org\/fr\/"},{"@type":"ListItem","position":2,"name":"Amelia Arreguin"}]},{"@type":"WebSite","@id":"https:\/\/www.cec.org\/fr\/#website","url":"https:\/\/www.cec.org\/fr\/","name":"Commission for Environmental Cooperation","description":"Three countries working together to protect our shared environment","alternateName":"CEC - CCA -CCE","potentialAction":[{"@type":"SearchAction","target":{"@type":"EntryPoint","urlTemplate":"https:\/\/www.cec.org\/fr\/?s={search_term_string}"},"query-input":{"@type":"PropertyValueSpecification","valueRequired":true,"valueName":"search_term_string"}}],"inLanguage":"fr-FR"}]}</script>
<!-- / Yoast SEO Premium plugin. -->

Amelia Arreguin &#8211; Commission de coopération environnementale

Militante engagée en faveur de la justice des genres et environnementale, Amelia Arreguín Prado soutient femmes et filles de la base et défend leurs intérêts dans les politiques environnementales à l’échelle mondiale et nationale. En tant que coordonnatrice du caucus des femmes de la CDB, elle œuvre à l’intersection des domaines du genre, de la biodiversité [&hellip;]

Commission de coopération environnementale
