{"id":58369,"date":"2025-04-18T14:38:48","date_gmt":"2025-04-18T18:38:48","guid":{"rendered":"https:\/\/www.cec.org\/speaker\/brenda-parlee\/"},"modified":"2025-04-18T14:38:48","modified_gmt":"2025-04-18T18:38:48","slug":"brenda-parlee","status":"publish","type":"speaker","link":"https:\/\/www.cec.org\/fr\/speaker\/brenda-parlee\/","title":{"rendered":"Brenda Parlee"},"content":{"rendered":"<p>Brenda\u00a0L.\u00a0Parlee est une universitaire \u00ab\u00a0non autochtone\u00a0\u00bb originaire du nord-est de l\u2019Ontario, au Canada. Elle est titulaire d\u2019un baccalaur\u00e9at de l\u2019Universit\u00e9 de Guelph (1995) et d\u2019une ma\u00eetrise en \u00e9tudes environnementales de l\u2019Universit\u00e9 de Waterloo (1998). Elle a ensuite obtenu son doctorat en gestion des ressources naturelles et de l\u2019environnement (NREM) \u00e0 l\u2019Universit\u00e9 du Manitoba en 2005. De 2004 \u00e0 2024, Brenda \u00e9tait titulaire d\u2019une chaire de recherche du Canada (niveau\u00a0II) \u00e0 l\u2019Universit\u00e9 de l\u2019Alberta. Elle est actuellement professeure au d\u00e9partement des sciences des ressources naturelles et titulaire de la Chaire Bieler sur le changement climatique et la durabilit\u00e9 dans le Nord de l\u2019Universit\u00e9 McGill. Elle a travaill\u00e9 dans le nord du Canada et dans le monde entier pendant plus de 27\u00a0ans dans le cadre de divers projets de recherche collaboratifs et communautaires li\u00e9s \u00e0 la surveillance communautaire, aux changements socio-\u00e9cologiques dans le bassin du fleuve Mackenzie, \u00e0 la sant\u00e9 de la faune, aux connaissances autochtones \u00e0 propos des populations de caribous, au d\u00e9veloppement durable des ressources, aux effets de l\u2019exploitation mini\u00e8re sur le bien-\u00eatre des communaut\u00e9s, \u00e0 la conservation de la biodiversit\u00e9 et \u00e0 la cogestion des terres et des ressources en Alberta.<\/p>\n<p>Brenda est la chercheuse principale d\u00e9sign\u00e9e du projet \u0102rram\u0103t, qui se d\u00e9roule sur une p\u00e9riode de six ans et vise \u00e0 appuyer les recherches men\u00e9es par des Autochtones au Canada et dans le reste du monde \u00e0 propos des interconnexions entre la biodiversit\u00e9 et la sant\u00e9 et le bien-\u00eatre.<\/p>\n","protected":false},"excerpt":{"rendered":"<p>Brenda\u00a0L.\u00a0Parlee est une universitaire \u00ab\u00a0non autochtone\u00a0\u00bb originaire du nord-est de l\u2019Ontario, au Canada. Elle est titulaire d\u2019un baccalaur\u00e9at de l\u2019Universit\u00e9 de Guelph (1995) et d\u2019une ma\u00eetrise en \u00e9tudes environnementales de l\u2019Universit\u00e9 de Waterloo (1998). Elle a ensuite obtenu son doctorat en gestion des ressources naturelles et de l\u2019environnement (NREM) \u00e0 l\u2019Universit\u00e9 du Manitoba en 2005. [&hellip;]<\/p>\n","protected":false},"featured_media":58273,"template":"","class_list":["post-58369","speaker","type-speaker","status-publish","has-post-thumbnail","hentry","country-canada-fr"],"acf":[],"yoast_head":"<!-- This site is optimized with the Yoast SEO Premium plugin v27.4 (Yoast SEO v27.4) - https:\/\/yoast.com\/product\/yoast-seo-premium-wordpress\/ -->\n<title>Brenda Parlee &#8211; Commission de coop\u00e9ration environnementale<\/title>\n<meta name=\"robots\" content=\"noindex, follow\" \/>\n<meta property=\"og:locale\" content=\"fr_FR\" \/>\n<meta property=\"og:type\" content=\"article\" \/>\n<meta property=\"og:title\" content=\"Brenda Parlee\" \/>\n<meta property=\"og:description\" content=\"Brenda\u00a0L.\u00a0Parlee est une universitaire \u00ab\u00a0non autochtone\u00a0\u00bb originaire du nord-est de l\u2019Ontario, au Canada. Elle est titulaire d\u2019un baccalaur\u00e9at de l\u2019Universit\u00e9 de Guelph (1995) et d\u2019une ma\u00eetrise en \u00e9tudes environnementales de l\u2019Universit\u00e9 de Waterloo (1998). Elle a ensuite obtenu son doctorat en gestion des ressources naturelles et de l\u2019environnement (NREM) \u00e0 l\u2019Universit\u00e9 du Manitoba en 2005. [&hellip;]\" \/>\n<meta property=\"og:url\" content=\"https:\/\/www.cec.org\/fr\/speaker\/brenda-parlee\/\" \/>\n<meta property=\"og:site_name\" content=\"Commission de coop\u00e9ration environnementale\" \/>\n<meta property=\"article:publisher\" content=\"https:\/\/www.facebook.com\/CECconnect\" \/>\n<meta property=\"og:image\" content=\"https:\/\/www.cec.org\/wp-content\/uploads\/Brenda-Parlee.webp\" \/>\n\t<meta property=\"og:image:width\" content=\"300\" \/>\n\t<meta property=\"og:image:height\" content=\"300\" \/>\n\t<meta property=\"og:image:type\" content=\"image\/webp\" \/>\n<meta name=\"twitter:card\" content=\"summary_large_image\" \/>\n<meta name=\"twitter:site\" content=\"@CECweb\" \/>\n<script type=\"application\/ld+json\" class=\"yoast-schema-graph\">{\"@context\":\"https:\\\/\\\/schema.org\",\"@graph\":[{\"@type\":\"WebPage\",\"@id\":\"https:\\\/\\\/www.cec.org\\\/fr\\\/speaker\\\/brenda-parlee\\\/\",\"url\":\"https:\\\/\\\/www.cec.org\\\/fr\\\/speaker\\\/brenda-parlee\\\/\",\"name\":\"Brenda Parlee &#8211; Commission de coop\u00e9ration environnementale\",\"isPartOf\":{\"@id\":\"https:\\\/\\\/www.cec.org\\\/fr\\\/#website\"},\"primaryImageOfPage\":{\"@id\":\"https:\\\/\\\/www.cec.org\\\/fr\\\/speaker\\\/brenda-parlee\\\/#primaryimage\"},\"image\":{\"@id\":\"https:\\\/\\\/www.cec.org\\\/fr\\\/speaker\\\/brenda-parlee\\\/#primaryimage\"},\"thumbnailUrl\":\"https:\\\/\\\/www.cec.org\\\/wp-content\\\/uploads\\\/Brenda-Parlee.webp\",\"datePublished\":\"2025-04-18T18:38:48+00:00\",\"breadcrumb\":{\"@id\":\"https:\\\/\\\/www.cec.org\\\/fr\\\/speaker\\\/brenda-parlee\\\/#breadcrumb\"},\"inLanguage\":\"fr-FR\",\"potentialAction\":[{\"@type\":\"ReadAction\",\"target\":[\"https:\\\/\\\/www.cec.org\\\/fr\\\/speaker\\\/brenda-parlee\\\/\"]}]},{\"@type\":\"ImageObject\",\"inLanguage\":\"fr-FR\",\"@id\":\"https:\\\/\\\/www.cec.org\\\/fr\\\/speaker\\\/brenda-parlee\\\/#primaryimage\",\"url\":\"https:\\\/\\\/www.cec.org\\\/wp-content\\\/uploads\\\/Brenda-Parlee.webp\",\"contentUrl\":\"https:\\\/\\\/www.cec.org\\\/wp-content\\\/uploads\\\/Brenda-Parlee.webp\",\"width\":300,\"height\":300},{\"@type\":\"BreadcrumbList\",\"@id\":\"https:\\\/\\\/www.cec.org\\\/fr\\\/speaker\\\/brenda-parlee\\\/#breadcrumb\",\"itemListElement\":[{\"@type\":\"ListItem\",\"position\":1,\"name\":\"Accueil\",\"item\":\"https:\\\/\\\/www.cec.org\\\/fr\\\/\"},{\"@type\":\"ListItem\",\"position\":2,\"name\":\"Brenda Parlee\"}]},{\"@type\":\"WebSite\",\"@id\":\"https:\\\/\\\/www.cec.org\\\/fr\\\/#website\",\"url\":\"https:\\\/\\\/www.cec.org\\\/fr\\\/\",\"name\":\"Commission for Environmental Cooperation\",\"description\":\"Three countries working together to protect our shared environment\",\"alternateName\":\"CEC - CCA -CCE\",\"potentialAction\":[{\"@type\":\"SearchAction\",\"target\":{\"@type\":\"EntryPoint\",\"urlTemplate\":\"https:\\\/\\\/www.cec.org\\\/fr\\\/?s={search_term_string}\"},\"query-input\":{\"@type\":\"PropertyValueSpecification\",\"valueRequired\":true,\"valueName\":\"search_term_string\"}}],\"inLanguage\":\"fr-FR\"}]}<\/script>\n<!-- \/ Yoast SEO Premium plugin. -->","yoast_head_json":{"title":"Brenda Parlee &#8211; Commission de coop\u00e9ration environnementale","robots":{"index":"noindex","follow":"follow"},"og_locale":"fr_FR","og_type":"article","og_title":"Brenda Parlee","og_description":"Brenda\u00a0L.\u00a0Parlee est une universitaire \u00ab\u00a0non autochtone\u00a0\u00bb originaire du nord-est de l\u2019Ontario, au Canada. Elle est titulaire d\u2019un baccalaur\u00e9at de l\u2019Universit\u00e9 de Guelph (1995) et d\u2019une ma\u00eetrise en \u00e9tudes environnementales de l\u2019Universit\u00e9 de Waterloo (1998). Elle a ensuite obtenu son doctorat en gestion des ressources naturelles et de l\u2019environnement (NREM) \u00e0 l\u2019Universit\u00e9 du Manitoba en 2005. [&hellip;]","og_url":"https:\/\/www.cec.org\/fr\/speaker\/brenda-parlee\/","og_site_name":"Commission de coop\u00e9ration environnementale","article_publisher":"https:\/\/www.facebook.com\/CECconnect","og_image":[{"width":300,"height":300,"url":"https:\/\/www.cec.org\/wp-content\/uploads\/Brenda-Parlee.webp","type":"image\/webp"}],"twitter_card":"summary_large_image","twitter_site":"@CECweb","schema":{"@context":"https:\/\/schema.org","@graph":[{"@type":"WebPage","@id":"https:\/\/www.cec.org\/fr\/speaker\/brenda-parlee\/","url":"https:\/\/www.cec.org\/fr\/speaker\/brenda-parlee\/","name":"Brenda Parlee &#8211; Commission de coop\u00e9ration environnementale","isPartOf":{"@id":"https:\/\/www.cec.org\/fr\/#website"},"primaryImageOfPage":{"@id":"https:\/\/www.cec.org\/fr\/speaker\/brenda-parlee\/#primaryimage"},"image":{"@id":"https:\/\/www.cec.org\/fr\/speaker\/brenda-parlee\/#primaryimage"},"thumbnailUrl":"https:\/\/www.cec.org\/wp-content\/uploads\/Brenda-Parlee.webp","datePublished":"2025-04-18T18:38:48+00:00","breadcrumb":{"@id":"https:\/\/www.cec.org\/fr\/speaker\/brenda-parlee\/#breadcrumb"},"inLanguage":"fr-FR","potentialAction":[{"@type":"ReadAction","target":["https:\/\/www.cec.org\/fr\/speaker\/brenda-parlee\/"]}]},{"@type":"ImageObject","inLanguage":"fr-FR","@id":"https:\/\/www.cec.org\/fr\/speaker\/brenda-parlee\/#primaryimage","url":"https:\/\/www.cec.org\/wp-content\/uploads\/Brenda-Parlee.webp","contentUrl":"https:\/\/www.cec.org\/wp-content\/uploads\/Brenda-Parlee.webp","width":300,"height":300},{"@type":"BreadcrumbList","@id":"https:\/\/www.cec.org\/fr\/speaker\/brenda-parlee\/#breadcrumb","itemListElement":[{"@type":"ListItem","position":1,"name":"Accueil","item":"https:\/\/www.cec.org\/fr\/"},{"@type":"ListItem","position":2,"name":"Brenda Parlee"}]},{"@type":"WebSite","@id":"https:\/\/www.cec.org\/fr\/#website","url":"https:\/\/www.cec.org\/fr\/","name":"Commission for Environmental Cooperation","description":"Three countries working together to protect our shared environment","alternateName":"CEC - CCA -CCE","potentialAction":[{"@type":"SearchAction","target":{"@type":"EntryPoint","urlTemplate":"https:\/\/www.cec.org\/fr\/?s={search_term_string}"},"query-input":{"@type":"PropertyValueSpecification","valueRequired":true,"valueName":"search_term_string"}}],"inLanguage":"fr-FR"}]}},"_links":{"self":[{"href":"https:\/\/www.cec.org\/fr\/wp-json\/wp\/v2\/speaker\/58369","targetHints":{"allow":["GET"]}}],"collection":[{"href":"https:\/\/www.cec.org\/fr\/wp-json\/wp\/v2\/speaker"}],"about":[{"href":"https:\/\/www.cec.org\/fr\/wp-json\/wp\/v2\/types\/speaker"}],"wp:featuredmedia":[{"embeddable":true,"href":"https:\/\/www.cec.org\/fr\/wp-json\/wp\/v2\/media\/58273"}],"wp:attachment":[{"href":"https:\/\/www.cec.org\/fr\/wp-json\/wp\/v2\/media?parent=58369"}],"curies":[{"name":"wp","href":"https:\/\/api.w.org\/{rel}","templated":true}]}}

<p>Brenda L. Parlee est une universitaire « non autochtone » originaire du nord-est de l’Ontario, au Canada. Elle est titulaire d’un baccalauréat de l’Université de Guelph (1995) et d’une maîtrise en études environnementales de l’Université de Waterloo (1998). Elle a ensuite obtenu son doctorat en gestion des ressources naturelles et de l’environnement (NREM) à l’Université du Manitoba en 2005. De 2004 à 2024, Brenda était titulaire d’une chaire de recherche du Canada (niveau II) à l’Université de l’Alberta. Elle est actuellement professeure au département des sciences des ressources naturelles et titulaire de la Chaire Bieler sur le changement climatique et la durabilité dans le Nord de l’Université McGill. Elle a travaillé dans le nord du Canada et dans le monde entier pendant plus de 27 ans dans le cadre de divers projets de recherche collaboratifs et communautaires liés à la surveillance communautaire, aux changements socio-écologiques dans le bassin du fleuve Mackenzie, à la santé de la faune, aux connaissances autochtones à propos des populations de caribous, au développement durable des ressources, aux effets de l’exploitation minière sur le bien-être des communautés, à la conservation de la biodiversité et à la cogestion des terres et des ressources en Alberta.</p>
<p>Brenda est la chercheuse principale désignée du projet Ărramăt, qui se déroule sur une période de six ans et vise à appuyer les recherches menées par des Autochtones au Canada et dans le reste du monde à propos des interconnexions entre la biodiversité et la santé et le bien-être.</p>

<p>Brenda L. Parlee est une universitaire « non autochtone » originaire du nord-est de l’Ontario, au Canada. Elle est titulaire d’un baccalauréat de l’Université de Guelph (1995) et d’une maîtrise en études environnementales de l’Université de Waterloo (1998). Elle a ensuite obtenu son doctorat en gestion des ressources naturelles et de l’environnement (NREM) à l’Université du Manitoba en 2005. [&hellip;]</p>

<!-- This site is optimized with the Yoast SEO Premium plugin v27.4 (Yoast SEO v27.4) - https://yoast.com/product/yoast-seo-premium-wordpress/ -->
<title>Brenda Parlee &#8211; Commission de coopération environnementale</title>
<meta name="robots" content="noindex, follow" />
<meta property="og:locale" content="fr_FR" />
<meta property="og:type" content="article" />
<meta property="og:title" content="Brenda Parlee" />
<meta property="og:description" content="Brenda L. Parlee est une universitaire « non autochtone » originaire du nord-est de l’Ontario, au Canada. Elle est titulaire d’un baccalauréat de l’Université de Guelph (1995) et d’une maîtrise en études environnementales de l’Université de Waterloo (1998). Elle a ensuite obtenu son doctorat en gestion des ressources naturelles et de l’environnement (NREM) à l’Université du Manitoba en 2005. [&hellip;]" />
<meta property="og:url" content="https://www.cec.org/fr/speaker/brenda-parlee/" />
<meta property="og:site_name" content="Commission de coopération environnementale" />
<meta property="article:publisher" content="https://www.facebook.com/CECconnect" />
<meta property="og:image" content="https://www.cec.org/wp-content/uploads/Brenda-Parlee.webp" />
	<meta property="og:image:width" content="300" />
	<meta property="og:image:height" content="300" />
	<meta property="og:image:type" content="image/webp" />
<meta name="twitter:card" content="summary_large_image" />
<meta name="twitter:site" content="@CECweb" />
<script type="application/ld+json" class="yoast-schema-graph">{"@context":"https:\/\/schema.org","@graph":[{"@type":"WebPage","@id":"https:\/\/www.cec.org\/fr\/speaker\/brenda-parlee\/","url":"https:\/\/www.cec.org\/fr\/speaker\/brenda-parlee\/","name":"Brenda Parlee &#8211; Commission de coopération environnementale","isPartOf":{"@id":"https:\/\/www.cec.org\/fr\/#website"},"primaryImageOfPage":{"@id":"https:\/\/www.cec.org\/fr\/speaker\/brenda-parlee\/#primaryimage"},"image":{"@id":"https:\/\/www.cec.org\/fr\/speaker\/brenda-parlee\/#primaryimage"},"thumbnailUrl":"https:\/\/www.cec.org\/wp-content\/uploads\/Brenda-Parlee.webp","datePublished":"2025-04-18T18:38:48+00:00","breadcrumb":{"@id":"https:\/\/www.cec.org\/fr\/speaker\/brenda-parlee\/#breadcrumb"},"inLanguage":"fr-FR","potentialAction":[{"@type":"ReadAction","target":["https:\/\/www.cec.org\/fr\/speaker\/brenda-parlee\/"]}]},{"@type":"ImageObject","inLanguage":"fr-FR","@id":"https:\/\/www.cec.org\/fr\/speaker\/brenda-parlee\/#primaryimage","url":"https:\/\/www.cec.org\/wp-content\/uploads\/Brenda-Parlee.webp","contentUrl":"https:\/\/www.cec.org\/wp-content\/uploads\/Brenda-Parlee.webp","width":300,"height":300},{"@type":"BreadcrumbList","@id":"https:\/\/www.cec.org\/fr\/speaker\/brenda-parlee\/#breadcrumb","itemListElement":[{"@type":"ListItem","position":1,"name":"Accueil","item":"https:\/\/www.cec.org\/fr\/"},{"@type":"ListItem","position":2,"name":"Brenda Parlee"}]},{"@type":"WebSite","@id":"https:\/\/www.cec.org\/fr\/#website","url":"https:\/\/www.cec.org\/fr\/","name":"Commission for Environmental Cooperation","description":"Three countries working together to protect our shared environment","alternateName":"CEC - CCA -CCE","potentialAction":[{"@type":"SearchAction","target":{"@type":"EntryPoint","urlTemplate":"https:\/\/www.cec.org\/fr\/?s={search_term_string}"},"query-input":{"@type":"PropertyValueSpecification","valueRequired":true,"valueName":"search_term_string"}}],"inLanguage":"fr-FR"}]}</script>
<!-- / Yoast SEO Premium plugin. -->

Brenda Parlee &#8211; Commission de coopération environnementale

Brenda L. Parlee est une universitaire « non autochtone » originaire du nord-est de l’Ontario, au Canada. Elle est titulaire d’un baccalauréat de l’Université de Guelph (1995) et d’une maîtrise en études environnementales de l’Université de Waterloo (1998). Elle a ensuite obtenu son doctorat en gestion des ressources naturelles et de l’environnement (NREM) à l’Université du Manitoba en 2005. [&hellip;]

Commission de coopération environnementale
