{"id":55691,"date":"2024-06-13T12:47:29","date_gmt":"2024-06-13T16:47:29","guid":{"rendered":"http:\/\/www.cec.org\/speaker\/jose-torcal\/"},"modified":"2024-07-11T14:47:25","modified_gmt":"2024-07-11T18:47:25","slug":"jose-torcal","status":"publish","type":"speaker","link":"https:\/\/www.cec.org\/fr\/speaker\/jose-torcal\/","title":{"rendered":"Jose Torcal"},"content":{"rendered":"<p>Jose\u00a0Torcal est ing\u00e9nieur civil et compte plus de dix\u00a0ans d\u2019exp\u00e9rience professionnelle dans six\u00a0pays dans les domaines de la r\u00e9g\u00e9n\u00e9ration, de la durabilit\u00e9 et de l\u2019am\u00e9nagement d\u2019espaces publics par l\u2019eau. Ses projets et interventions abordent les changements climatiques et am\u00e9liorent les quartiers, en commen\u00e7ant par la collectivit\u00e9. Il est fermement engag\u00e9 \u00e0 l\u2019\u00e9gard de la collaboration entre les secteurs et organisations afin de soutenir le mouvement mondial vers des collectivit\u00e9s viables.<\/p>\n<p>L\u2019un de ses plus r\u00e9cents projets, intitul\u00e9 <a href=\"https:\/\/www.cec.org\/fr\/ej4climate\/subventions-ej4climate\/une-seule-eau\/\"><em>Une seule eau. Somos Agua<\/em><\/a> (Une seule eau. Nous sommes de l\u2019eau), une collaboration entre des collectivit\u00e9s autochtones du Mexique et du Canada pour accro\u00eetre la r\u00e9silience en mati\u00e8re d\u2019eau par la r\u00e9cup\u00e9ration d\u2019eau de pluie, a re\u00e7u une subvention\u00a0EJ4Climate en 2022\u20112023. Ce projet \u00e9tait dirig\u00e9 par l\u2019organisation non gouvernementale (ONG) <a href=\"https:\/\/www.facebook.com\/islaurbana\">Isla Urbana<\/a> (Mexique) et la Premi\u00e8re\u00a0Nation de Nipissing (Canada).<\/p>\n<p>Instagram: @onewater.somosagua<br \/>\nFacebook: <a href=\"https:\/\/www.facebook.com\/islaurbana\">https:\/\/www.facebook.com\/islaurbana<\/a><br \/>\nLinkedIn: <a href=\"https:\/\/www.linkedin.com\/in\/jose-torcal-0b835965\">linkedin.com\/in\/jose-torcal-0b835965<\/a><\/p>\n","protected":false},"excerpt":{"rendered":"<p>Jose\u00a0Torcal est ing\u00e9nieur civil et compte plus de dix\u00a0ans d\u2019exp\u00e9rience professionnelle dans six\u00a0pays dans les domaines de la r\u00e9g\u00e9n\u00e9ration, de la durabilit\u00e9 et de l\u2019am\u00e9nagement d\u2019espaces publics par l\u2019eau. Ses projets et interventions abordent les changements climatiques et am\u00e9liorent les quartiers, en commen\u00e7ant par la collectivit\u00e9. Il est fermement engag\u00e9 \u00e0 l\u2019\u00e9gard de la collaboration [&hellip;]<\/p>\n","protected":false},"featured_media":55598,"template":"","class_list":["post-55691","speaker","type-speaker","status-publish","has-post-thumbnail","hentry","country-mexique"],"acf":[],"yoast_head":"<!-- This site is optimized with the Yoast SEO Premium plugin v27.4 (Yoast SEO v27.4) - https:\/\/yoast.com\/product\/yoast-seo-premium-wordpress\/ -->\n<title>Jose Torcal &#8211; Commission de coop\u00e9ration environnementale<\/title>\n<meta name=\"robots\" content=\"noindex, follow\" \/>\n<meta property=\"og:locale\" content=\"fr_FR\" \/>\n<meta property=\"og:type\" content=\"article\" \/>\n<meta property=\"og:title\" content=\"Jose Torcal\" \/>\n<meta property=\"og:description\" content=\"Jose\u00a0Torcal est ing\u00e9nieur civil et compte plus de dix\u00a0ans d\u2019exp\u00e9rience professionnelle dans six\u00a0pays dans les domaines de la r\u00e9g\u00e9n\u00e9ration, de la durabilit\u00e9 et de l\u2019am\u00e9nagement d\u2019espaces publics par l\u2019eau. Ses projets et interventions abordent les changements climatiques et am\u00e9liorent les quartiers, en commen\u00e7ant par la collectivit\u00e9. Il est fermement engag\u00e9 \u00e0 l\u2019\u00e9gard de la collaboration [&hellip;]\" \/>\n<meta property=\"og:url\" content=\"https:\/\/www.cec.org\/fr\/speaker\/jose-torcal\/\" \/>\n<meta property=\"og:site_name\" content=\"Commission de coop\u00e9ration environnementale\" \/>\n<meta property=\"article:publisher\" content=\"https:\/\/www.facebook.com\/CECconnect\" \/>\n<meta property=\"article:modified_time\" content=\"2024-07-11T18:47:25+00:00\" \/>\n<meta property=\"og:image\" content=\"https:\/\/www.cec.org\/wp-content\/uploads\/Jose-Torcal.webp\" \/>\n\t<meta property=\"og:image:width\" content=\"300\" \/>\n\t<meta property=\"og:image:height\" content=\"300\" \/>\n\t<meta property=\"og:image:type\" content=\"image\/webp\" \/>\n<meta name=\"twitter:card\" content=\"summary_large_image\" \/>\n<meta name=\"twitter:site\" content=\"@CECweb\" \/>\n<script type=\"application\/ld+json\" class=\"yoast-schema-graph\">{\"@context\":\"https:\\\/\\\/schema.org\",\"@graph\":[{\"@type\":\"WebPage\",\"@id\":\"https:\\\/\\\/www.cec.org\\\/fr\\\/speaker\\\/jose-torcal\\\/\",\"url\":\"https:\\\/\\\/www.cec.org\\\/fr\\\/speaker\\\/jose-torcal\\\/\",\"name\":\"Jose Torcal &#8211; Commission de coop\u00e9ration environnementale\",\"isPartOf\":{\"@id\":\"https:\\\/\\\/www.cec.org\\\/fr\\\/#website\"},\"primaryImageOfPage\":{\"@id\":\"https:\\\/\\\/www.cec.org\\\/fr\\\/speaker\\\/jose-torcal\\\/#primaryimage\"},\"image\":{\"@id\":\"https:\\\/\\\/www.cec.org\\\/fr\\\/speaker\\\/jose-torcal\\\/#primaryimage\"},\"thumbnailUrl\":\"https:\\\/\\\/www.cec.org\\\/wp-content\\\/uploads\\\/Jose-Torcal.webp\",\"datePublished\":\"2024-06-13T16:47:29+00:00\",\"dateModified\":\"2024-07-11T18:47:25+00:00\",\"breadcrumb\":{\"@id\":\"https:\\\/\\\/www.cec.org\\\/fr\\\/speaker\\\/jose-torcal\\\/#breadcrumb\"},\"inLanguage\":\"fr-FR\",\"potentialAction\":[{\"@type\":\"ReadAction\",\"target\":[\"https:\\\/\\\/www.cec.org\\\/fr\\\/speaker\\\/jose-torcal\\\/\"]}]},{\"@type\":\"ImageObject\",\"inLanguage\":\"fr-FR\",\"@id\":\"https:\\\/\\\/www.cec.org\\\/fr\\\/speaker\\\/jose-torcal\\\/#primaryimage\",\"url\":\"https:\\\/\\\/www.cec.org\\\/wp-content\\\/uploads\\\/Jose-Torcal.webp\",\"contentUrl\":\"https:\\\/\\\/www.cec.org\\\/wp-content\\\/uploads\\\/Jose-Torcal.webp\",\"width\":300,\"height\":300},{\"@type\":\"BreadcrumbList\",\"@id\":\"https:\\\/\\\/www.cec.org\\\/fr\\\/speaker\\\/jose-torcal\\\/#breadcrumb\",\"itemListElement\":[{\"@type\":\"ListItem\",\"position\":1,\"name\":\"Accueil\",\"item\":\"https:\\\/\\\/www.cec.org\\\/fr\\\/\"},{\"@type\":\"ListItem\",\"position\":2,\"name\":\"Jose Torcal\"}]},{\"@type\":\"WebSite\",\"@id\":\"https:\\\/\\\/www.cec.org\\\/fr\\\/#website\",\"url\":\"https:\\\/\\\/www.cec.org\\\/fr\\\/\",\"name\":\"Commission for Environmental Cooperation\",\"description\":\"Three countries working together to protect our shared environment\",\"alternateName\":\"CEC - CCA -CCE\",\"potentialAction\":[{\"@type\":\"SearchAction\",\"target\":{\"@type\":\"EntryPoint\",\"urlTemplate\":\"https:\\\/\\\/www.cec.org\\\/fr\\\/?s={search_term_string}\"},\"query-input\":{\"@type\":\"PropertyValueSpecification\",\"valueRequired\":true,\"valueName\":\"search_term_string\"}}],\"inLanguage\":\"fr-FR\"}]}<\/script>\n<!-- \/ Yoast SEO Premium plugin. -->","yoast_head_json":{"title":"Jose Torcal &#8211; Commission de coop\u00e9ration environnementale","robots":{"index":"noindex","follow":"follow"},"og_locale":"fr_FR","og_type":"article","og_title":"Jose Torcal","og_description":"Jose\u00a0Torcal est ing\u00e9nieur civil et compte plus de dix\u00a0ans d\u2019exp\u00e9rience professionnelle dans six\u00a0pays dans les domaines de la r\u00e9g\u00e9n\u00e9ration, de la durabilit\u00e9 et de l\u2019am\u00e9nagement d\u2019espaces publics par l\u2019eau. Ses projets et interventions abordent les changements climatiques et am\u00e9liorent les quartiers, en commen\u00e7ant par la collectivit\u00e9. Il est fermement engag\u00e9 \u00e0 l\u2019\u00e9gard de la collaboration [&hellip;]","og_url":"https:\/\/www.cec.org\/fr\/speaker\/jose-torcal\/","og_site_name":"Commission de coop\u00e9ration environnementale","article_publisher":"https:\/\/www.facebook.com\/CECconnect","article_modified_time":"2024-07-11T18:47:25+00:00","og_image":[{"width":300,"height":300,"url":"https:\/\/www.cec.org\/wp-content\/uploads\/Jose-Torcal.webp","type":"image\/webp"}],"twitter_card":"summary_large_image","twitter_site":"@CECweb","schema":{"@context":"https:\/\/schema.org","@graph":[{"@type":"WebPage","@id":"https:\/\/www.cec.org\/fr\/speaker\/jose-torcal\/","url":"https:\/\/www.cec.org\/fr\/speaker\/jose-torcal\/","name":"Jose Torcal &#8211; Commission de coop\u00e9ration environnementale","isPartOf":{"@id":"https:\/\/www.cec.org\/fr\/#website"},"primaryImageOfPage":{"@id":"https:\/\/www.cec.org\/fr\/speaker\/jose-torcal\/#primaryimage"},"image":{"@id":"https:\/\/www.cec.org\/fr\/speaker\/jose-torcal\/#primaryimage"},"thumbnailUrl":"https:\/\/www.cec.org\/wp-content\/uploads\/Jose-Torcal.webp","datePublished":"2024-06-13T16:47:29+00:00","dateModified":"2024-07-11T18:47:25+00:00","breadcrumb":{"@id":"https:\/\/www.cec.org\/fr\/speaker\/jose-torcal\/#breadcrumb"},"inLanguage":"fr-FR","potentialAction":[{"@type":"ReadAction","target":["https:\/\/www.cec.org\/fr\/speaker\/jose-torcal\/"]}]},{"@type":"ImageObject","inLanguage":"fr-FR","@id":"https:\/\/www.cec.org\/fr\/speaker\/jose-torcal\/#primaryimage","url":"https:\/\/www.cec.org\/wp-content\/uploads\/Jose-Torcal.webp","contentUrl":"https:\/\/www.cec.org\/wp-content\/uploads\/Jose-Torcal.webp","width":300,"height":300},{"@type":"BreadcrumbList","@id":"https:\/\/www.cec.org\/fr\/speaker\/jose-torcal\/#breadcrumb","itemListElement":[{"@type":"ListItem","position":1,"name":"Accueil","item":"https:\/\/www.cec.org\/fr\/"},{"@type":"ListItem","position":2,"name":"Jose Torcal"}]},{"@type":"WebSite","@id":"https:\/\/www.cec.org\/fr\/#website","url":"https:\/\/www.cec.org\/fr\/","name":"Commission for Environmental Cooperation","description":"Three countries working together to protect our shared environment","alternateName":"CEC - CCA -CCE","potentialAction":[{"@type":"SearchAction","target":{"@type":"EntryPoint","urlTemplate":"https:\/\/www.cec.org\/fr\/?s={search_term_string}"},"query-input":{"@type":"PropertyValueSpecification","valueRequired":true,"valueName":"search_term_string"}}],"inLanguage":"fr-FR"}]}},"_links":{"self":[{"href":"https:\/\/www.cec.org\/fr\/wp-json\/wp\/v2\/speaker\/55691","targetHints":{"allow":["GET"]}}],"collection":[{"href":"https:\/\/www.cec.org\/fr\/wp-json\/wp\/v2\/speaker"}],"about":[{"href":"https:\/\/www.cec.org\/fr\/wp-json\/wp\/v2\/types\/speaker"}],"wp:featuredmedia":[{"embeddable":true,"href":"https:\/\/www.cec.org\/fr\/wp-json\/wp\/v2\/media\/55598"}],"wp:attachment":[{"href":"https:\/\/www.cec.org\/fr\/wp-json\/wp\/v2\/media?parent=55691"}],"curies":[{"name":"wp","href":"https:\/\/api.w.org\/{rel}","templated":true}]}}

<p>Jose Torcal est ingénieur civil et compte plus de dix ans d’expérience professionnelle dans six pays dans les domaines de la régénération, de la durabilité et de l’aménagement d’espaces publics par l’eau. Ses projets et interventions abordent les changements climatiques et améliorent les quartiers, en commençant par la collectivité. Il est fermement engagé à l’égard de la collaboration entre les secteurs et organisations afin de soutenir le mouvement mondial vers des collectivités viables.</p>
<p>L’un de ses plus récents projets, intitulé <a href="https://www.cec.org/fr/ej4climate/subventions-ej4climate/une-seule-eau/"><em>Une seule eau. Somos Agua</em></a> (Une seule eau. Nous sommes de l’eau), une collaboration entre des collectivités autochtones du Mexique et du Canada pour accroître la résilience en matière d’eau par la récupération d’eau de pluie, a reçu une subvention EJ4Climate en 2022‑2023. Ce projet était dirigé par l’organisation non gouvernementale (ONG) <a href="https://www.facebook.com/islaurbana">Isla Urbana</a> (Mexique) et la Première Nation de Nipissing (Canada).</p>
<p>Instagram: @onewater.somosagua<br />
Facebook: <a href="https://www.facebook.com/islaurbana">https://www.facebook.com/islaurbana</a><br />
LinkedIn: <a href="https://www.linkedin.com/in/jose-torcal-0b835965">linkedin.com/in/jose-torcal-0b835965</a></p>

<p>Jose Torcal est ingénieur civil et compte plus de dix ans d’expérience professionnelle dans six pays dans les domaines de la régénération, de la durabilité et de l’aménagement d’espaces publics par l’eau. Ses projets et interventions abordent les changements climatiques et améliorent les quartiers, en commençant par la collectivité. Il est fermement engagé à l’égard de la collaboration [&hellip;]</p>

<!-- This site is optimized with the Yoast SEO Premium plugin v27.4 (Yoast SEO v27.4) - https://yoast.com/product/yoast-seo-premium-wordpress/ -->
<title>Jose Torcal &#8211; Commission de coopération environnementale</title>
<meta name="robots" content="noindex, follow" />
<meta property="og:locale" content="fr_FR" />
<meta property="og:type" content="article" />
<meta property="og:title" content="Jose Torcal" />
<meta property="og:description" content="Jose Torcal est ingénieur civil et compte plus de dix ans d’expérience professionnelle dans six pays dans les domaines de la régénération, de la durabilité et de l’aménagement d’espaces publics par l’eau. Ses projets et interventions abordent les changements climatiques et améliorent les quartiers, en commençant par la collectivité. Il est fermement engagé à l’égard de la collaboration [&hellip;]" />
<meta property="og:url" content="https://www.cec.org/fr/speaker/jose-torcal/" />
<meta property="og:site_name" content="Commission de coopération environnementale" />
<meta property="article:publisher" content="https://www.facebook.com/CECconnect" />
<meta property="article:modified_time" content="2024-07-11T18:47:25+00:00" />
<meta property="og:image" content="https://www.cec.org/wp-content/uploads/Jose-Torcal.webp" />
	<meta property="og:image:width" content="300" />
	<meta property="og:image:height" content="300" />
	<meta property="og:image:type" content="image/webp" />
<meta name="twitter:card" content="summary_large_image" />
<meta name="twitter:site" content="@CECweb" />
<script type="application/ld+json" class="yoast-schema-graph">{"@context":"https:\/\/schema.org","@graph":[{"@type":"WebPage","@id":"https:\/\/www.cec.org\/fr\/speaker\/jose-torcal\/","url":"https:\/\/www.cec.org\/fr\/speaker\/jose-torcal\/","name":"Jose Torcal &#8211; Commission de coopération environnementale","isPartOf":{"@id":"https:\/\/www.cec.org\/fr\/#website"},"primaryImageOfPage":{"@id":"https:\/\/www.cec.org\/fr\/speaker\/jose-torcal\/#primaryimage"},"image":{"@id":"https:\/\/www.cec.org\/fr\/speaker\/jose-torcal\/#primaryimage"},"thumbnailUrl":"https:\/\/www.cec.org\/wp-content\/uploads\/Jose-Torcal.webp","datePublished":"2024-06-13T16:47:29+00:00","dateModified":"2024-07-11T18:47:25+00:00","breadcrumb":{"@id":"https:\/\/www.cec.org\/fr\/speaker\/jose-torcal\/#breadcrumb"},"inLanguage":"fr-FR","potentialAction":[{"@type":"ReadAction","target":["https:\/\/www.cec.org\/fr\/speaker\/jose-torcal\/"]}]},{"@type":"ImageObject","inLanguage":"fr-FR","@id":"https:\/\/www.cec.org\/fr\/speaker\/jose-torcal\/#primaryimage","url":"https:\/\/www.cec.org\/wp-content\/uploads\/Jose-Torcal.webp","contentUrl":"https:\/\/www.cec.org\/wp-content\/uploads\/Jose-Torcal.webp","width":300,"height":300},{"@type":"BreadcrumbList","@id":"https:\/\/www.cec.org\/fr\/speaker\/jose-torcal\/#breadcrumb","itemListElement":[{"@type":"ListItem","position":1,"name":"Accueil","item":"https:\/\/www.cec.org\/fr\/"},{"@type":"ListItem","position":2,"name":"Jose Torcal"}]},{"@type":"WebSite","@id":"https:\/\/www.cec.org\/fr\/#website","url":"https:\/\/www.cec.org\/fr\/","name":"Commission for Environmental Cooperation","description":"Three countries working together to protect our shared environment","alternateName":"CEC - CCA -CCE","potentialAction":[{"@type":"SearchAction","target":{"@type":"EntryPoint","urlTemplate":"https:\/\/www.cec.org\/fr\/?s={search_term_string}"},"query-input":{"@type":"PropertyValueSpecification","valueRequired":true,"valueName":"search_term_string"}}],"inLanguage":"fr-FR"}]}</script>
<!-- / Yoast SEO Premium plugin. -->

Jose Torcal &#8211; Commission de coopération environnementale

Jose Torcal est ingénieur civil et compte plus de dix ans d’expérience professionnelle dans six pays dans les domaines de la régénération, de la durabilité et de l’aménagement d’espaces publics par l’eau. Ses projets et interventions abordent les changements climatiques et améliorent les quartiers, en commençant par la collectivité. Il est fermement engagé à l’égard de la collaboration [&hellip;]

Commission de coopération environnementale
