{"id":53972,"date":"2023-12-08T17:59:04","date_gmt":"2023-12-08T22:59:04","guid":{"rendered":"http:\/\/www.cec.org\/speaker\/nadir-hernandez-quiroz\/"},"modified":"2024-07-11T14:47:47","modified_gmt":"2024-07-11T18:47:47","slug":"nadir-hernandez-quiroz","status":"publish","type":"speaker","link":"https:\/\/www.cec.org\/fr\/speaker\/nadir-hernandez-quiroz\/","title":{"rendered":"Nadir Hern\u00e1ndez Quiroz"},"content":{"rendered":"<p>Nadir Hern\u00e1ndez Quiroz collabore depuis 2019 avec le\u00a0<em>Centro de Derechos Ind\u00edgenas Flor y Canto, A.C.<\/em>\u00a0(Centre des droits des Autochtones Flor y Canto). Depuis pr\u00e8s de 20 ans, cet organisme vient en aide \u00e0 16 communaut\u00e9s zapot\u00e8ques de la r\u00e9gion des vall\u00e9es centrales d\u2019Oaxaca pour garantir l\u2019acc\u00e8s \u00e0 l\u2019eau. M. Hern\u00e1ndez Quiroz est actuellement coordonnateur \u00e0 l\u2019<em>Escuela del Agua y el Territorio<\/em>\u00a0(\u00c9cole pour l\u2019eau et le territoire), qui vise \u00e0 renforcer les droits territoriaux des communaut\u00e9s autochtones. Pendant 20 ans, il a travaill\u00e9 \u00e0 l\u2019\u00e9laboration de processus communautaires au sein d\u2019organisations non gouvernementales mexicaines et internationales, dont Save the Children, et d\u2019organismes gouvernementaux, comme le\u00a0<em>Consejo Nacional de Fomento Educativo<\/em>\u00a0(Conafe, Conseil national de promotion de l\u2019enseignement) et l\u2019<em>Instituto Nacional de los Pueblos Ind\u00edgenas<\/em>\u00a0(INPI, Institut national des peuples autochtones).<\/p>\n<ul>\n<li>P\u00e1gina de Fb:\u00a0<a href=\"https:\/\/www.facebook.com\/florycantoac\">Flor y Canto A. C.<\/a><\/li>\n<li>Twitter:\u00a0<a href=\"https:\/\/twitter.com\/FloryCantoac\">@FloryCantoac<\/a><\/li>\n<li>Instagram:\u00a0<a href=\"https:\/\/www.instagram.com\/florycantoac\/\">florycantoac<\/a><\/li>\n<li>TikTok:<a href=\"https:\/\/www.tiktok.com\/@cdiflorycantoac\">@cdiflorycantoac<\/a><\/li>\n<\/ul>\n","protected":false},"excerpt":{"rendered":"<p>Nadir Hern\u00e1ndez Quiroz collabore depuis 2019 avec le\u00a0Centro de Derechos Ind\u00edgenas Flor y Canto, A.C.\u00a0(Centre des droits des Autochtones Flor y Canto). Depuis pr\u00e8s de 20 ans, cet organisme vient en aide \u00e0 16 communaut\u00e9s zapot\u00e8ques de la r\u00e9gion des vall\u00e9es centrales d\u2019Oaxaca pour garantir l\u2019acc\u00e8s \u00e0 l\u2019eau. M. Hern\u00e1ndez Quiroz est actuellement coordonnateur \u00e0 [&hellip;]<\/p>\n","protected":false},"featured_media":53514,"template":"","class_list":["post-53972","speaker","type-speaker","status-publish","has-post-thumbnail","hentry","country-mexique"],"acf":[],"yoast_head":"<!-- This site is optimized with the Yoast SEO Premium plugin v27.4 (Yoast SEO v27.4) - https:\/\/yoast.com\/product\/yoast-seo-premium-wordpress\/ -->\n<title>Nadir Hern\u00e1ndez Quiroz &#8211; Commission de coop\u00e9ration environnementale<\/title>\n<meta name=\"robots\" content=\"noindex, follow\" \/>\n<meta property=\"og:locale\" content=\"fr_FR\" \/>\n<meta property=\"og:type\" content=\"article\" \/>\n<meta property=\"og:title\" content=\"Nadir Hern\u00e1ndez Quiroz\" \/>\n<meta property=\"og:description\" content=\"Nadir Hern\u00e1ndez Quiroz collabore depuis 2019 avec le\u00a0Centro de Derechos Ind\u00edgenas Flor y Canto, A.C.\u00a0(Centre des droits des Autochtones Flor y Canto). Depuis pr\u00e8s de 20 ans, cet organisme vient en aide \u00e0 16 communaut\u00e9s zapot\u00e8ques de la r\u00e9gion des vall\u00e9es centrales d\u2019Oaxaca pour garantir l\u2019acc\u00e8s \u00e0 l\u2019eau. M. Hern\u00e1ndez Quiroz est actuellement coordonnateur \u00e0 [&hellip;]\" \/>\n<meta property=\"og:url\" content=\"https:\/\/www.cec.org\/fr\/speaker\/nadir-hernandez-quiroz\/\" \/>\n<meta property=\"og:site_name\" content=\"Commission de coop\u00e9ration environnementale\" \/>\n<meta property=\"article:publisher\" content=\"https:\/\/www.facebook.com\/CECconnect\" \/>\n<meta property=\"article:modified_time\" content=\"2024-07-11T18:47:47+00:00\" \/>\n<meta property=\"og:image\" content=\"https:\/\/www.cec.org\/wp-content\/uploads\/Nadir-Hernandez-Quiroz.webp\" \/>\n\t<meta property=\"og:image:width\" content=\"300\" \/>\n\t<meta property=\"og:image:height\" content=\"300\" \/>\n\t<meta property=\"og:image:type\" content=\"image\/webp\" \/>\n<meta name=\"twitter:card\" content=\"summary_large_image\" \/>\n<meta name=\"twitter:site\" content=\"@CECweb\" \/>\n<script type=\"application\/ld+json\" class=\"yoast-schema-graph\">{\"@context\":\"https:\\\/\\\/schema.org\",\"@graph\":[{\"@type\":\"WebPage\",\"@id\":\"https:\\\/\\\/www.cec.org\\\/fr\\\/speaker\\\/nadir-hernandez-quiroz\\\/\",\"url\":\"https:\\\/\\\/www.cec.org\\\/fr\\\/speaker\\\/nadir-hernandez-quiroz\\\/\",\"name\":\"Nadir Hern\u00e1ndez Quiroz &#8211; Commission de coop\u00e9ration environnementale\",\"isPartOf\":{\"@id\":\"https:\\\/\\\/www.cec.org\\\/fr\\\/#website\"},\"primaryImageOfPage\":{\"@id\":\"https:\\\/\\\/www.cec.org\\\/fr\\\/speaker\\\/nadir-hernandez-quiroz\\\/#primaryimage\"},\"image\":{\"@id\":\"https:\\\/\\\/www.cec.org\\\/fr\\\/speaker\\\/nadir-hernandez-quiroz\\\/#primaryimage\"},\"thumbnailUrl\":\"https:\\\/\\\/www.cec.org\\\/wp-content\\\/uploads\\\/Nadir-Hernandez-Quiroz.webp\",\"datePublished\":\"2023-12-08T22:59:04+00:00\",\"dateModified\":\"2024-07-11T18:47:47+00:00\",\"breadcrumb\":{\"@id\":\"https:\\\/\\\/www.cec.org\\\/fr\\\/speaker\\\/nadir-hernandez-quiroz\\\/#breadcrumb\"},\"inLanguage\":\"fr-FR\",\"potentialAction\":[{\"@type\":\"ReadAction\",\"target\":[\"https:\\\/\\\/www.cec.org\\\/fr\\\/speaker\\\/nadir-hernandez-quiroz\\\/\"]}]},{\"@type\":\"ImageObject\",\"inLanguage\":\"fr-FR\",\"@id\":\"https:\\\/\\\/www.cec.org\\\/fr\\\/speaker\\\/nadir-hernandez-quiroz\\\/#primaryimage\",\"url\":\"https:\\\/\\\/www.cec.org\\\/wp-content\\\/uploads\\\/Nadir-Hernandez-Quiroz.webp\",\"contentUrl\":\"https:\\\/\\\/www.cec.org\\\/wp-content\\\/uploads\\\/Nadir-Hernandez-Quiroz.webp\",\"width\":300,\"height\":300},{\"@type\":\"BreadcrumbList\",\"@id\":\"https:\\\/\\\/www.cec.org\\\/fr\\\/speaker\\\/nadir-hernandez-quiroz\\\/#breadcrumb\",\"itemListElement\":[{\"@type\":\"ListItem\",\"position\":1,\"name\":\"Accueil\",\"item\":\"https:\\\/\\\/www.cec.org\\\/fr\\\/\"},{\"@type\":\"ListItem\",\"position\":2,\"name\":\"Nadir Hern\u00e1ndez Quiroz\"}]},{\"@type\":\"WebSite\",\"@id\":\"https:\\\/\\\/www.cec.org\\\/fr\\\/#website\",\"url\":\"https:\\\/\\\/www.cec.org\\\/fr\\\/\",\"name\":\"Commission for Environmental Cooperation\",\"description\":\"Three countries working together to protect our shared environment\",\"alternateName\":\"CEC - CCA -CCE\",\"potentialAction\":[{\"@type\":\"SearchAction\",\"target\":{\"@type\":\"EntryPoint\",\"urlTemplate\":\"https:\\\/\\\/www.cec.org\\\/fr\\\/?s={search_term_string}\"},\"query-input\":{\"@type\":\"PropertyValueSpecification\",\"valueRequired\":true,\"valueName\":\"search_term_string\"}}],\"inLanguage\":\"fr-FR\"}]}<\/script>\n<!-- \/ Yoast SEO Premium plugin. -->","yoast_head_json":{"title":"Nadir Hern\u00e1ndez Quiroz &#8211; Commission de coop\u00e9ration environnementale","robots":{"index":"noindex","follow":"follow"},"og_locale":"fr_FR","og_type":"article","og_title":"Nadir Hern\u00e1ndez Quiroz","og_description":"Nadir Hern\u00e1ndez Quiroz collabore depuis 2019 avec le\u00a0Centro de Derechos Ind\u00edgenas Flor y Canto, A.C.\u00a0(Centre des droits des Autochtones Flor y Canto). Depuis pr\u00e8s de 20 ans, cet organisme vient en aide \u00e0 16 communaut\u00e9s zapot\u00e8ques de la r\u00e9gion des vall\u00e9es centrales d\u2019Oaxaca pour garantir l\u2019acc\u00e8s \u00e0 l\u2019eau. M. Hern\u00e1ndez Quiroz est actuellement coordonnateur \u00e0 [&hellip;]","og_url":"https:\/\/www.cec.org\/fr\/speaker\/nadir-hernandez-quiroz\/","og_site_name":"Commission de coop\u00e9ration environnementale","article_publisher":"https:\/\/www.facebook.com\/CECconnect","article_modified_time":"2024-07-11T18:47:47+00:00","og_image":[{"width":300,"height":300,"url":"https:\/\/www.cec.org\/wp-content\/uploads\/Nadir-Hernandez-Quiroz.webp","type":"image\/webp"}],"twitter_card":"summary_large_image","twitter_site":"@CECweb","schema":{"@context":"https:\/\/schema.org","@graph":[{"@type":"WebPage","@id":"https:\/\/www.cec.org\/fr\/speaker\/nadir-hernandez-quiroz\/","url":"https:\/\/www.cec.org\/fr\/speaker\/nadir-hernandez-quiroz\/","name":"Nadir Hern\u00e1ndez Quiroz &#8211; Commission de coop\u00e9ration environnementale","isPartOf":{"@id":"https:\/\/www.cec.org\/fr\/#website"},"primaryImageOfPage":{"@id":"https:\/\/www.cec.org\/fr\/speaker\/nadir-hernandez-quiroz\/#primaryimage"},"image":{"@id":"https:\/\/www.cec.org\/fr\/speaker\/nadir-hernandez-quiroz\/#primaryimage"},"thumbnailUrl":"https:\/\/www.cec.org\/wp-content\/uploads\/Nadir-Hernandez-Quiroz.webp","datePublished":"2023-12-08T22:59:04+00:00","dateModified":"2024-07-11T18:47:47+00:00","breadcrumb":{"@id":"https:\/\/www.cec.org\/fr\/speaker\/nadir-hernandez-quiroz\/#breadcrumb"},"inLanguage":"fr-FR","potentialAction":[{"@type":"ReadAction","target":["https:\/\/www.cec.org\/fr\/speaker\/nadir-hernandez-quiroz\/"]}]},{"@type":"ImageObject","inLanguage":"fr-FR","@id":"https:\/\/www.cec.org\/fr\/speaker\/nadir-hernandez-quiroz\/#primaryimage","url":"https:\/\/www.cec.org\/wp-content\/uploads\/Nadir-Hernandez-Quiroz.webp","contentUrl":"https:\/\/www.cec.org\/wp-content\/uploads\/Nadir-Hernandez-Quiroz.webp","width":300,"height":300},{"@type":"BreadcrumbList","@id":"https:\/\/www.cec.org\/fr\/speaker\/nadir-hernandez-quiroz\/#breadcrumb","itemListElement":[{"@type":"ListItem","position":1,"name":"Accueil","item":"https:\/\/www.cec.org\/fr\/"},{"@type":"ListItem","position":2,"name":"Nadir Hern\u00e1ndez Quiroz"}]},{"@type":"WebSite","@id":"https:\/\/www.cec.org\/fr\/#website","url":"https:\/\/www.cec.org\/fr\/","name":"Commission for Environmental Cooperation","description":"Three countries working together to protect our shared environment","alternateName":"CEC - CCA -CCE","potentialAction":[{"@type":"SearchAction","target":{"@type":"EntryPoint","urlTemplate":"https:\/\/www.cec.org\/fr\/?s={search_term_string}"},"query-input":{"@type":"PropertyValueSpecification","valueRequired":true,"valueName":"search_term_string"}}],"inLanguage":"fr-FR"}]}},"_links":{"self":[{"href":"https:\/\/www.cec.org\/fr\/wp-json\/wp\/v2\/speaker\/53972","targetHints":{"allow":["GET"]}}],"collection":[{"href":"https:\/\/www.cec.org\/fr\/wp-json\/wp\/v2\/speaker"}],"about":[{"href":"https:\/\/www.cec.org\/fr\/wp-json\/wp\/v2\/types\/speaker"}],"wp:featuredmedia":[{"embeddable":true,"href":"https:\/\/www.cec.org\/fr\/wp-json\/wp\/v2\/media\/53514"}],"wp:attachment":[{"href":"https:\/\/www.cec.org\/fr\/wp-json\/wp\/v2\/media?parent=53972"}],"curies":[{"name":"wp","href":"https:\/\/api.w.org\/{rel}","templated":true}]}}

Nadir Hernández Quiroz

<p>Nadir Hernández Quiroz collabore depuis 2019 avec le <em>Centro de Derechos Indígenas Flor y Canto, A.C.</em> (Centre des droits des Autochtones Flor y Canto). Depuis près de 20 ans, cet organisme vient en aide à 16 communautés zapotèques de la région des vallées centrales d’Oaxaca pour garantir l’accès à l’eau. M. Hernández Quiroz est actuellement coordonnateur à l’<em>Escuela del Agua y el Territorio</em> (École pour l’eau et le territoire), qui vise à renforcer les droits territoriaux des communautés autochtones. Pendant 20 ans, il a travaillé à l’élaboration de processus communautaires au sein d’organisations non gouvernementales mexicaines et internationales, dont Save the Children, et d’organismes gouvernementaux, comme le <em>Consejo Nacional de Fomento Educativo</em> (Conafe, Conseil national de promotion de l’enseignement) et l’<em>Instituto Nacional de los Pueblos Indígenas</em> (INPI, Institut national des peuples autochtones).</p>
<ul>
<li>Página de Fb: <a href="https://www.facebook.com/florycantoac">Flor y Canto A. C.</a></li>
<li>Twitter: <a href="https://twitter.com/FloryCantoac">@FloryCantoac</a></li>
<li>Instagram: <a href="https://www.instagram.com/florycantoac/">florycantoac</a></li>
<li>TikTok:<a href="https://www.tiktok.com/@cdiflorycantoac">@cdiflorycantoac</a></li>
</ul>

<p>Nadir Hernández Quiroz collabore depuis 2019 avec le Centro de Derechos Indígenas Flor y Canto, A.C. (Centre des droits des Autochtones Flor y Canto). Depuis près de 20 ans, cet organisme vient en aide à 16 communautés zapotèques de la région des vallées centrales d’Oaxaca pour garantir l’accès à l’eau. M. Hernández Quiroz est actuellement coordonnateur à [&hellip;]</p>

<!-- This site is optimized with the Yoast SEO Premium plugin v27.4 (Yoast SEO v27.4) - https://yoast.com/product/yoast-seo-premium-wordpress/ -->
<title>Nadir Hernández Quiroz &#8211; Commission de coopération environnementale</title>
<meta name="robots" content="noindex, follow" />
<meta property="og:locale" content="fr_FR" />
<meta property="og:type" content="article" />
<meta property="og:title" content="Nadir Hernández Quiroz" />
<meta property="og:description" content="Nadir Hernández Quiroz collabore depuis 2019 avec le Centro de Derechos Indígenas Flor y Canto, A.C. (Centre des droits des Autochtones Flor y Canto). Depuis près de 20 ans, cet organisme vient en aide à 16 communautés zapotèques de la région des vallées centrales d’Oaxaca pour garantir l’accès à l’eau. M. Hernández Quiroz est actuellement coordonnateur à [&hellip;]" />
<meta property="og:url" content="https://www.cec.org/fr/speaker/nadir-hernandez-quiroz/" />
<meta property="og:site_name" content="Commission de coopération environnementale" />
<meta property="article:publisher" content="https://www.facebook.com/CECconnect" />
<meta property="article:modified_time" content="2024-07-11T18:47:47+00:00" />
<meta property="og:image" content="https://www.cec.org/wp-content/uploads/Nadir-Hernandez-Quiroz.webp" />
	<meta property="og:image:width" content="300" />
	<meta property="og:image:height" content="300" />
	<meta property="og:image:type" content="image/webp" />
<meta name="twitter:card" content="summary_large_image" />
<meta name="twitter:site" content="@CECweb" />
<script type="application/ld+json" class="yoast-schema-graph">{"@context":"https:\/\/schema.org","@graph":[{"@type":"WebPage","@id":"https:\/\/www.cec.org\/fr\/speaker\/nadir-hernandez-quiroz\/","url":"https:\/\/www.cec.org\/fr\/speaker\/nadir-hernandez-quiroz\/","name":"Nadir Hernández Quiroz &#8211; Commission de coopération environnementale","isPartOf":{"@id":"https:\/\/www.cec.org\/fr\/#website"},"primaryImageOfPage":{"@id":"https:\/\/www.cec.org\/fr\/speaker\/nadir-hernandez-quiroz\/#primaryimage"},"image":{"@id":"https:\/\/www.cec.org\/fr\/speaker\/nadir-hernandez-quiroz\/#primaryimage"},"thumbnailUrl":"https:\/\/www.cec.org\/wp-content\/uploads\/Nadir-Hernandez-Quiroz.webp","datePublished":"2023-12-08T22:59:04+00:00","dateModified":"2024-07-11T18:47:47+00:00","breadcrumb":{"@id":"https:\/\/www.cec.org\/fr\/speaker\/nadir-hernandez-quiroz\/#breadcrumb"},"inLanguage":"fr-FR","potentialAction":[{"@type":"ReadAction","target":["https:\/\/www.cec.org\/fr\/speaker\/nadir-hernandez-quiroz\/"]}]},{"@type":"ImageObject","inLanguage":"fr-FR","@id":"https:\/\/www.cec.org\/fr\/speaker\/nadir-hernandez-quiroz\/#primaryimage","url":"https:\/\/www.cec.org\/wp-content\/uploads\/Nadir-Hernandez-Quiroz.webp","contentUrl":"https:\/\/www.cec.org\/wp-content\/uploads\/Nadir-Hernandez-Quiroz.webp","width":300,"height":300},{"@type":"BreadcrumbList","@id":"https:\/\/www.cec.org\/fr\/speaker\/nadir-hernandez-quiroz\/#breadcrumb","itemListElement":[{"@type":"ListItem","position":1,"name":"Accueil","item":"https:\/\/www.cec.org\/fr\/"},{"@type":"ListItem","position":2,"name":"Nadir Hernández Quiroz"}]},{"@type":"WebSite","@id":"https:\/\/www.cec.org\/fr\/#website","url":"https:\/\/www.cec.org\/fr\/","name":"Commission for Environmental Cooperation","description":"Three countries working together to protect our shared environment","alternateName":"CEC - CCA -CCE","potentialAction":[{"@type":"SearchAction","target":{"@type":"EntryPoint","urlTemplate":"https:\/\/www.cec.org\/fr\/?s={search_term_string}"},"query-input":{"@type":"PropertyValueSpecification","valueRequired":true,"valueName":"search_term_string"}}],"inLanguage":"fr-FR"}]}</script>
<!-- / Yoast SEO Premium plugin. -->

Nadir Hernández Quiroz &#8211; Commission de coopération environnementale

Nadir Hernández Quiroz collabore depuis 2019 avec le Centro de Derechos Indígenas Flor y Canto, A.C. (Centre des droits des Autochtones Flor y Canto). Depuis près de 20 ans, cet organisme vient en aide à 16 communautés zapotèques de la région des vallées centrales d’Oaxaca pour garantir l’accès à l’eau. M. Hernández Quiroz est actuellement coordonnateur à [&hellip;]

Commission de coopération environnementale
