{"id":60414,"date":"2025-11-03T14:33:20","date_gmt":"2025-11-03T19:33:20","guid":{"rendered":"https:\/\/www.cec.org\/avis-concernant-lenregistrement-video-audio-et-la-prise-de-photographies\/"},"modified":"2025-11-03T14:33:20","modified_gmt":"2025-11-03T19:33:20","slug":"avis-concernant-lenregistrement-video-audio-et-la-prise-de-photographies","status":"publish","type":"page","link":"https:\/\/www.cec.org\/fr\/avis-concernant-lenregistrement-video-audio-et-la-prise-de-photographies\/","title":{"rendered":"Avis concernant l&rsquo;enregistrement vid\u00e9o\/audio et la prise de photographies"},"content":{"rendered":"<p>Veuillez noter que des photographies peuvent \u00eatre prises et des enregistrements audio et vid\u00e9o peuvent \u00eatre capt\u00e9s lors d'\u00e9v\u00e9nements organis\u00e9s par la Commission de coop\u00e9ration environnementale.<\/p>\n<p>Vous pouvez donc \u00eatre photographi\u00e9, film\u00e9 et\/ou enregistr\u00e9 d'une quelconque mani\u00e8re, et votre image, votre voix et votre nom peuvent \u00eatre utilis\u00e9s dans le cadre d\u2019activit\u00e9s de la Commission de coop\u00e9ration environnementale, particuli\u00e8rement des activit\u00e9s li\u00e9es \u00e0 cet \u00e9v\u00e9nement. Cela peut inclure, sans s'y limiter, l'utilisation du mat\u00e9riel audiovisuel sur des sites web, dans les m\u00e9dias sociaux et d'autres publications. Si vous avez des questions concernant cet avis, veuillez contacter <a href=\"mailto:events@cec.org\">events@cec.org<\/a>.<\/p>\n","protected":false},"excerpt":{"rendered":"<p>Veuillez noter que des photographies peuvent \u00eatre prises et des enregistrements audio et vid\u00e9o peuvent \u00eatre capt\u00e9s lors d&rsquo;\u00e9v\u00e9nements organis\u00e9s par la Commission de coop\u00e9ration environnementale. Vous pouvez donc \u00eatre photographi\u00e9, film\u00e9 et\/ou enregistr\u00e9 d&rsquo;une quelconque mani\u00e8re, et votre image, votre voix et votre nom peuvent \u00eatre utilis\u00e9s dans le cadre d\u2019activit\u00e9s de la Commission [&hellip;]<\/p>\n","protected":false},"author":1,"featured_media":0,"parent":0,"menu_order":0,"comment_status":"closed","ping_status":"closed","template":"","meta":{"_acf_changed":false,"footnotes":""},"class_list":["post-60414","page","type-page","status-publish","hentry"],"acf":[],"yoast_head":"<!-- This site is optimized with the Yoast SEO Premium plugin v27.4 (Yoast SEO v27.4) - https:\/\/yoast.com\/product\/yoast-seo-premium-wordpress\/ -->\n<title>Avis concernant l&#039;enregistrement vid\u00e9o\/audio et la prise de photographies<\/title>\n<meta name=\"description\" content=\"Veuillez noter que des photographies peuvent \u00eatre prises et des enregistrements audio et vid\u00e9o peuvent \u00eatre capt\u00e9s lors d&#039;\u00e9v\u00e9nements organis\u00e9s par la\" \/>\n<meta name=\"robots\" content=\"index, follow, max-snippet:-1, max-image-preview:large, max-video-preview:-1\" \/>\n<link rel=\"canonical\" href=\"https:\/\/www.cec.org\/fr\/avis-concernant-lenregistrement-video-audio-et-la-prise-de-photographies\/\" \/>\n<meta property=\"og:locale\" content=\"fr_FR\" \/>\n<meta property=\"og:type\" content=\"article\" \/>\n<meta property=\"og:title\" content=\"Avis concernant l&#039;enregistrement vid\u00e9o\/audio et la prise de photographies\" \/>\n<meta property=\"og:description\" content=\"Veuillez noter que des photographies peuvent \u00eatre prises et des enregistrements audio et vid\u00e9o peuvent \u00eatre capt\u00e9s lors d&#039;\u00e9v\u00e9nements organis\u00e9s par la\" \/>\n<meta property=\"og:url\" content=\"https:\/\/www.cec.org\/fr\/avis-concernant-lenregistrement-video-audio-et-la-prise-de-photographies\/\" \/>\n<meta property=\"og:site_name\" content=\"Commission de coop\u00e9ration environnementale\" \/>\n<meta property=\"article:publisher\" content=\"https:\/\/www.facebook.com\/CECconnect\" \/>\n<meta property=\"og:image\" content=\"https:\/\/www.cec.org\/wp-content\/uploads\/cec-cover2023.webp\" \/>\n\t<meta property=\"og:image:width\" content=\"1200\" \/>\n\t<meta property=\"og:image:height\" content=\"630\" \/>\n\t<meta property=\"og:image:type\" content=\"image\/webp\" \/>\n<meta name=\"twitter:card\" content=\"summary_large_image\" \/>\n<meta name=\"twitter:site\" content=\"@CECweb\" \/>\n<script type=\"application\/ld+json\" class=\"yoast-schema-graph\">{\"@context\":\"https:\\\/\\\/schema.org\",\"@graph\":[{\"@type\":\"WebPage\",\"@id\":\"https:\\\/\\\/www.cec.org\\\/fr\\\/avis-concernant-lenregistrement-video-audio-et-la-prise-de-photographies\\\/\",\"url\":\"https:\\\/\\\/www.cec.org\\\/fr\\\/avis-concernant-lenregistrement-video-audio-et-la-prise-de-photographies\\\/\",\"name\":\"Avis concernant l'enregistrement vid\u00e9o\\\/audio et la prise de photographies\",\"isPartOf\":{\"@id\":\"https:\\\/\\\/www.cec.org\\\/fr\\\/#website\"},\"datePublished\":\"2025-11-03T19:33:20+00:00\",\"description\":\"Veuillez noter que des photographies peuvent \u00eatre prises et des enregistrements audio et vid\u00e9o peuvent \u00eatre capt\u00e9s lors d'\u00e9v\u00e9nements organis\u00e9s par la\",\"breadcrumb\":{\"@id\":\"https:\\\/\\\/www.cec.org\\\/fr\\\/avis-concernant-lenregistrement-video-audio-et-la-prise-de-photographies\\\/#breadcrumb\"},\"inLanguage\":\"fr-FR\",\"potentialAction\":[{\"@type\":\"ReadAction\",\"target\":[\"https:\\\/\\\/www.cec.org\\\/fr\\\/avis-concernant-lenregistrement-video-audio-et-la-prise-de-photographies\\\/\"]}]},{\"@type\":\"BreadcrumbList\",\"@id\":\"https:\\\/\\\/www.cec.org\\\/fr\\\/avis-concernant-lenregistrement-video-audio-et-la-prise-de-photographies\\\/#breadcrumb\",\"itemListElement\":[{\"@type\":\"ListItem\",\"position\":1,\"name\":\"Accueil\",\"item\":\"https:\\\/\\\/www.cec.org\\\/fr\\\/\"},{\"@type\":\"ListItem\",\"position\":2,\"name\":\"Avis concernant l&#8217;enregistrement vid\u00e9o\\\/audio et la prise de photographies\"}]},{\"@type\":\"WebSite\",\"@id\":\"https:\\\/\\\/www.cec.org\\\/fr\\\/#website\",\"url\":\"https:\\\/\\\/www.cec.org\\\/fr\\\/\",\"name\":\"Commission for Environmental Cooperation\",\"description\":\"Three countries working together to protect our shared environment\",\"alternateName\":\"CEC - CCA -CCE\",\"potentialAction\":[{\"@type\":\"SearchAction\",\"target\":{\"@type\":\"EntryPoint\",\"urlTemplate\":\"https:\\\/\\\/www.cec.org\\\/fr\\\/?s={search_term_string}\"},\"query-input\":{\"@type\":\"PropertyValueSpecification\",\"valueRequired\":true,\"valueName\":\"search_term_string\"}}],\"inLanguage\":\"fr-FR\"}]}<\/script>\n<!-- \/ Yoast SEO Premium plugin. -->","yoast_head_json":{"title":"Avis concernant l'enregistrement vid\u00e9o\/audio et la prise de photographies","description":"Veuillez noter que des photographies peuvent \u00eatre prises et des enregistrements audio et vid\u00e9o peuvent \u00eatre capt\u00e9s lors d'\u00e9v\u00e9nements organis\u00e9s par la","robots":{"index":"index","follow":"follow","max-snippet":"max-snippet:-1","max-image-preview":"max-image-preview:large","max-video-preview":"max-video-preview:-1"},"canonical":"https:\/\/www.cec.org\/fr\/avis-concernant-lenregistrement-video-audio-et-la-prise-de-photographies\/","og_locale":"fr_FR","og_type":"article","og_title":"Avis concernant l'enregistrement vid\u00e9o\/audio et la prise de photographies","og_description":"Veuillez noter que des photographies peuvent \u00eatre prises et des enregistrements audio et vid\u00e9o peuvent \u00eatre capt\u00e9s lors d'\u00e9v\u00e9nements organis\u00e9s par la","og_url":"https:\/\/www.cec.org\/fr\/avis-concernant-lenregistrement-video-audio-et-la-prise-de-photographies\/","og_site_name":"Commission de coop\u00e9ration environnementale","article_publisher":"https:\/\/www.facebook.com\/CECconnect","og_image":[{"width":1200,"height":630,"url":"https:\/\/www.cec.org\/wp-content\/uploads\/cec-cover2023.webp","type":"image\/webp"}],"twitter_card":"summary_large_image","twitter_site":"@CECweb","schema":{"@context":"https:\/\/schema.org","@graph":[{"@type":"WebPage","@id":"https:\/\/www.cec.org\/fr\/avis-concernant-lenregistrement-video-audio-et-la-prise-de-photographies\/","url":"https:\/\/www.cec.org\/fr\/avis-concernant-lenregistrement-video-audio-et-la-prise-de-photographies\/","name":"Avis concernant l'enregistrement vid\u00e9o\/audio et la prise de photographies","isPartOf":{"@id":"https:\/\/www.cec.org\/fr\/#website"},"datePublished":"2025-11-03T19:33:20+00:00","description":"Veuillez noter que des photographies peuvent \u00eatre prises et des enregistrements audio et vid\u00e9o peuvent \u00eatre capt\u00e9s lors d'\u00e9v\u00e9nements organis\u00e9s par la","breadcrumb":{"@id":"https:\/\/www.cec.org\/fr\/avis-concernant-lenregistrement-video-audio-et-la-prise-de-photographies\/#breadcrumb"},"inLanguage":"fr-FR","potentialAction":[{"@type":"ReadAction","target":["https:\/\/www.cec.org\/fr\/avis-concernant-lenregistrement-video-audio-et-la-prise-de-photographies\/"]}]},{"@type":"BreadcrumbList","@id":"https:\/\/www.cec.org\/fr\/avis-concernant-lenregistrement-video-audio-et-la-prise-de-photographies\/#breadcrumb","itemListElement":[{"@type":"ListItem","position":1,"name":"Accueil","item":"https:\/\/www.cec.org\/fr\/"},{"@type":"ListItem","position":2,"name":"Avis concernant l&#8217;enregistrement vid\u00e9o\/audio et la prise de photographies"}]},{"@type":"WebSite","@id":"https:\/\/www.cec.org\/fr\/#website","url":"https:\/\/www.cec.org\/fr\/","name":"Commission for Environmental Cooperation","description":"Three countries working together to protect our shared environment","alternateName":"CEC - CCA -CCE","potentialAction":[{"@type":"SearchAction","target":{"@type":"EntryPoint","urlTemplate":"https:\/\/www.cec.org\/fr\/?s={search_term_string}"},"query-input":{"@type":"PropertyValueSpecification","valueRequired":true,"valueName":"search_term_string"}}],"inLanguage":"fr-FR"}]}},"_links":{"self":[{"href":"https:\/\/www.cec.org\/fr\/wp-json\/wp\/v2\/pages\/60414","targetHints":{"allow":["GET"]}}],"collection":[{"href":"https:\/\/www.cec.org\/fr\/wp-json\/wp\/v2\/pages"}],"about":[{"href":"https:\/\/www.cec.org\/fr\/wp-json\/wp\/v2\/types\/page"}],"author":[{"embeddable":true,"href":"https:\/\/www.cec.org\/fr\/wp-json\/wp\/v2\/users\/1"}],"replies":[{"embeddable":true,"href":"https:\/\/www.cec.org\/fr\/wp-json\/wp\/v2\/comments?post=60414"}],"version-history":[{"count":0,"href":"https:\/\/www.cec.org\/fr\/wp-json\/wp\/v2\/pages\/60414\/revisions"}],"wp:attachment":[{"href":"https:\/\/www.cec.org\/fr\/wp-json\/wp\/v2\/media?parent=60414"}],"curies":[{"name":"wp","href":"https:\/\/api.w.org\/{rel}","templated":true}]}}

Avis concernant l&rsquo;enregistrement vidéo/audio et la prise de photographies

<p>Veuillez noter que des photographies peuvent être prises et des enregistrements audio et vidéo peuvent être captés lors d'événements organisés par la Commission de coopération environnementale.</p>
<p>Vous pouvez donc être photographié, filmé et/ou enregistré d'une quelconque manière, et votre image, votre voix et votre nom peuvent être utilisés dans le cadre d’activités de la Commission de coopération environnementale, particulièrement des activités liées à cet événement. Cela peut inclure, sans s'y limiter, l'utilisation du matériel audiovisuel sur des sites web, dans les médias sociaux et d'autres publications. Si vous avez des questions concernant cet avis, veuillez contacter <a href="mailto:events@cec.org">events@cec.org</a>.</p>

<p>Veuillez noter que des photographies peuvent être prises et des enregistrements audio et vidéo peuvent être captés lors d&rsquo;événements organisés par la Commission de coopération environnementale. Vous pouvez donc être photographié, filmé et/ou enregistré d&rsquo;une quelconque manière, et votre image, votre voix et votre nom peuvent être utilisés dans le cadre d’activités de la Commission [&hellip;]</p>

<!-- This site is optimized with the Yoast SEO Premium plugin v27.4 (Yoast SEO v27.4) - https://yoast.com/product/yoast-seo-premium-wordpress/ -->
<title>Avis concernant l&#039;enregistrement vidéo/audio et la prise de photographies</title>
<meta name="description" content="Veuillez noter que des photographies peuvent être prises et des enregistrements audio et vidéo peuvent être captés lors d&#039;événements organisés par la" />
<meta name="robots" content="index, follow, max-snippet:-1, max-image-preview:large, max-video-preview:-1" />
<link rel="canonical" href="https://www.cec.org/fr/avis-concernant-lenregistrement-video-audio-et-la-prise-de-photographies/" />
<meta property="og:locale" content="fr_FR" />
<meta property="og:type" content="article" />
<meta property="og:title" content="Avis concernant l&#039;enregistrement vidéo/audio et la prise de photographies" />
<meta property="og:description" content="Veuillez noter que des photographies peuvent être prises et des enregistrements audio et vidéo peuvent être captés lors d&#039;événements organisés par la" />
<meta property="og:url" content="https://www.cec.org/fr/avis-concernant-lenregistrement-video-audio-et-la-prise-de-photographies/" />
<meta property="og:site_name" content="Commission de coopération environnementale" />
<meta property="article:publisher" content="https://www.facebook.com/CECconnect" />
<meta property="og:image" content="https://www.cec.org/wp-content/uploads/cec-cover2023.webp" />
	<meta property="og:image:width" content="1200" />
	<meta property="og:image:height" content="630" />
	<meta property="og:image:type" content="image/webp" />
<meta name="twitter:card" content="summary_large_image" />
<meta name="twitter:site" content="@CECweb" />
<script type="application/ld+json" class="yoast-schema-graph">{"@context":"https:\/\/schema.org","@graph":[{"@type":"WebPage","@id":"https:\/\/www.cec.org\/fr\/avis-concernant-lenregistrement-video-audio-et-la-prise-de-photographies\/","url":"https:\/\/www.cec.org\/fr\/avis-concernant-lenregistrement-video-audio-et-la-prise-de-photographies\/","name":"Avis concernant l'enregistrement vidéo\/audio et la prise de photographies","isPartOf":{"@id":"https:\/\/www.cec.org\/fr\/#website"},"datePublished":"2025-11-03T19:33:20+00:00","description":"Veuillez noter que des photographies peuvent être prises et des enregistrements audio et vidéo peuvent être captés lors d'événements organisés par la","breadcrumb":{"@id":"https:\/\/www.cec.org\/fr\/avis-concernant-lenregistrement-video-audio-et-la-prise-de-photographies\/#breadcrumb"},"inLanguage":"fr-FR","potentialAction":[{"@type":"ReadAction","target":["https:\/\/www.cec.org\/fr\/avis-concernant-lenregistrement-video-audio-et-la-prise-de-photographies\/"]}]},{"@type":"BreadcrumbList","@id":"https:\/\/www.cec.org\/fr\/avis-concernant-lenregistrement-video-audio-et-la-prise-de-photographies\/#breadcrumb","itemListElement":[{"@type":"ListItem","position":1,"name":"Accueil","item":"https:\/\/www.cec.org\/fr\/"},{"@type":"ListItem","position":2,"name":"Avis concernant l&#8217;enregistrement vidéo\/audio et la prise de photographies"}]},{"@type":"WebSite","@id":"https:\/\/www.cec.org\/fr\/#website","url":"https:\/\/www.cec.org\/fr\/","name":"Commission for Environmental Cooperation","description":"Three countries working together to protect our shared environment","alternateName":"CEC - CCA -CCE","potentialAction":[{"@type":"SearchAction","target":{"@type":"EntryPoint","urlTemplate":"https:\/\/www.cec.org\/fr\/?s={search_term_string}"},"query-input":{"@type":"PropertyValueSpecification","valueRequired":true,"valueName":"search_term_string"}}],"inLanguage":"fr-FR"}]}</script>
<!-- / Yoast SEO Premium plugin. -->

Avis concernant l'enregistrement vidéo/audio et la prise de photographies

Veuillez noter que des photographies peuvent être prises et des enregistrements audio et vidéo peuvent être captés lors d'événements organisés par la

Commission de coopération environnementale

Avis concernant l&#8217;enregistrement vidéo/audio et la prise de photographies
