{"id":48390,"date":"2021-03-01T14:16:25","date_gmt":"2021-03-01T19:16:25","guid":{"rendered":"http:\/\/www.cec.org\/north-american-environmental-atlas\/perte-de-foret-notable-dans-le-parc-national-de-glacier\/"},"modified":"2024-07-11T13:53:13","modified_gmt":"2024-07-11T17:53:13","slug":"perte-de-foret-notable-dans-le-parc-national-de-glacier","status":"publish","type":"mapmonday","link":"https:\/\/www.cec.org\/fr\/mapmonday\/perte-de-foret-notable-dans-le-parc-national-de-glacier\/","title":{"rendered":"Perte de for\u00eat notable dans le parc national de Glacier"},"content":{"rendered":"<p>Dans le cadre de notre travail de cartographie, nous avons constat\u00e9 une perte de for\u00eat notable dans le parc national de Glacier aux \u00c9tats-Unis entre 2010 et 2015. Une recherche plus pouss\u00e9e a montr\u00e9 que cela \u00e9tait d\u00fb \u00e0 l\u2019incendie Thompson de 2015, qui est un bel exemple de coordination et d\u2019intervention des services d\u2019urgence.<\/p>\n<p>Plusieurs ann\u00e9es se sont \u00e9coul\u00e9es depuis cet incendie, mais le r\u00e9cit des efforts des services d\u2019urgence est toujours pr\u00e9sent et il illustre bien le travail durable et important des pompiers, des gestionnaires de for\u00eat et des m\u00e9dias locaux dans la lutte contre les incendies.<\/p>\n<p>Les cartes nous aident \u00e0 naviguer dans le monde qui nous entoure, mais elles constituent aussi de pr\u00e9cieuses archives qui nous rappellent les histoires humaines et environnementales \u00e0 ne pas oublier.<\/p>\n","protected":false},"excerpt":{"rendered":"<p>Dans le cadre de notre travail de cartographie, nous avons constat\u00e9 une perte de for\u00eat notable dans le parc national de Glacier aux \u00c9tats-Unis entre 2010 et 2015. Une recherche plus pouss\u00e9e a montr\u00e9 que cela \u00e9tait d\u00fb \u00e0 l\u2019incendie Thompson de 2015, qui est un bel exemple de coordination et d\u2019intervention des services d\u2019urgence. [&hellip;]<\/p>\n","protected":false},"featured_media":48378,"template":"","class_list":["post-48390","mapmonday","type-mapmonday","status-publish","has-post-thumbnail","hentry","map_keyword-couverture-terrestre"],"acf":[],"yoast_head":"<!-- This site is optimized with the Yoast SEO Premium plugin v27.4 (Yoast SEO v27.4) - https:\/\/yoast.com\/product\/yoast-seo-premium-wordpress\/ -->\n<title>Perte de for\u00eat notable dans le parc national de Glacier<\/title>\n<meta name=\"description\" content=\"Dans le cadre de notre travail de cartographie, nous avons constat\u00e9 une perte de for\u00eat notable dans le parc national de Glacier aux \u00c9tats-Unis entre 2010 et 2015.\" \/>\n<meta name=\"robots\" content=\"index, follow, max-snippet:-1, max-image-preview:large, max-video-preview:-1\" \/>\n<link rel=\"canonical\" href=\"https:\/\/www.cec.org\/fr\/mapmonday\/perte-de-foret-notable-dans-le-parc-national-de-glacier\/\" \/>\n<meta property=\"og:locale\" content=\"fr_FR\" \/>\n<meta property=\"og:type\" content=\"article\" \/>\n<meta property=\"og:title\" content=\"Perte de for\u00eat notable dans le parc national de Glacier\" \/>\n<meta property=\"og:description\" content=\"Dans le cadre de notre travail de cartographie, nous avons constat\u00e9 une perte de for\u00eat notable dans le parc national de Glacier aux \u00c9tats-Unis entre 2010\" \/>\n<meta property=\"og:url\" content=\"https:\/\/www.cec.org\/fr\/mapmonday\/perte-de-foret-notable-dans-le-parc-national-de-glacier\/\" \/>\n<meta property=\"og:site_name\" content=\"Commission de coop\u00e9ration environnementale\" \/>\n<meta property=\"article:publisher\" content=\"https:\/\/www.facebook.com\/CECconnect\" \/>\n<meta property=\"article:modified_time\" content=\"2024-07-11T17:53:13+00:00\" \/>\n<meta property=\"og:image\" content=\"https:\/\/www.cec.org\/wp-content\/uploads\/CEC_Map-Monday-Fr-Instagram-1080x1080-210222-1.jpg\" \/>\n\t<meta property=\"og:image:width\" content=\"1000\" \/>\n\t<meta property=\"og:image:height\" content=\"1000\" \/>\n\t<meta property=\"og:image:type\" content=\"image\/jpeg\" \/>\n<meta name=\"twitter:card\" content=\"summary_large_image\" \/>\n<meta name=\"twitter:site\" content=\"@CECweb\" \/>\n<script type=\"application\/ld+json\" class=\"yoast-schema-graph\">{\"@context\":\"https:\\\/\\\/schema.org\",\"@graph\":[{\"@type\":\"WebPage\",\"@id\":\"https:\\\/\\\/www.cec.org\\\/fr\\\/mapmonday\\\/perte-de-foret-notable-dans-le-parc-national-de-glacier\\\/\",\"url\":\"https:\\\/\\\/www.cec.org\\\/fr\\\/mapmonday\\\/perte-de-foret-notable-dans-le-parc-national-de-glacier\\\/\",\"name\":\"Perte de for\u00eat notable dans le parc national de Glacier\",\"isPartOf\":{\"@id\":\"https:\\\/\\\/www.cec.org\\\/fr\\\/#website\"},\"primaryImageOfPage\":{\"@id\":\"https:\\\/\\\/www.cec.org\\\/fr\\\/mapmonday\\\/perte-de-foret-notable-dans-le-parc-national-de-glacier\\\/#primaryimage\"},\"image\":{\"@id\":\"https:\\\/\\\/www.cec.org\\\/fr\\\/mapmonday\\\/perte-de-foret-notable-dans-le-parc-national-de-glacier\\\/#primaryimage\"},\"thumbnailUrl\":\"https:\\\/\\\/www.cec.org\\\/wp-content\\\/uploads\\\/CEC_Map-Monday-Fr-Instagram-1080x1080-210222-1.jpg\",\"datePublished\":\"2021-03-01T19:16:25+00:00\",\"dateModified\":\"2024-07-11T17:53:13+00:00\",\"description\":\"Dans le cadre de notre travail de cartographie, nous avons constat\u00e9 une perte de for\u00eat notable dans le parc national de Glacier aux \u00c9tats-Unis entre 2010 et 2015.\",\"breadcrumb\":{\"@id\":\"https:\\\/\\\/www.cec.org\\\/fr\\\/mapmonday\\\/perte-de-foret-notable-dans-le-parc-national-de-glacier\\\/#breadcrumb\"},\"inLanguage\":\"fr-FR\",\"potentialAction\":[{\"@type\":\"ReadAction\",\"target\":[\"https:\\\/\\\/www.cec.org\\\/fr\\\/mapmonday\\\/perte-de-foret-notable-dans-le-parc-national-de-glacier\\\/\"]}]},{\"@type\":\"ImageObject\",\"inLanguage\":\"fr-FR\",\"@id\":\"https:\\\/\\\/www.cec.org\\\/fr\\\/mapmonday\\\/perte-de-foret-notable-dans-le-parc-national-de-glacier\\\/#primaryimage\",\"url\":\"https:\\\/\\\/www.cec.org\\\/wp-content\\\/uploads\\\/CEC_Map-Monday-Fr-Instagram-1080x1080-210222-1.jpg\",\"contentUrl\":\"https:\\\/\\\/www.cec.org\\\/wp-content\\\/uploads\\\/CEC_Map-Monday-Fr-Instagram-1080x1080-210222-1.jpg\",\"width\":1000,\"height\":1000,\"caption\":\"Perte de for\u00eat notable dans le parc national de Glacier\"},{\"@type\":\"BreadcrumbList\",\"@id\":\"https:\\\/\\\/www.cec.org\\\/fr\\\/mapmonday\\\/perte-de-foret-notable-dans-le-parc-national-de-glacier\\\/#breadcrumb\",\"itemListElement\":[{\"@type\":\"ListItem\",\"position\":1,\"name\":\"Accueil\",\"item\":\"https:\\\/\\\/www.cec.org\\\/fr\\\/\"},{\"@type\":\"ListItem\",\"position\":2,\"name\":\"Perte de for\u00eat notable dans le parc national de Glacier\"}]},{\"@type\":\"WebSite\",\"@id\":\"https:\\\/\\\/www.cec.org\\\/fr\\\/#website\",\"url\":\"https:\\\/\\\/www.cec.org\\\/fr\\\/\",\"name\":\"Commission for Environmental Cooperation\",\"description\":\"Three countries working together to protect our shared environment\",\"alternateName\":\"CEC - CCA -CCE\",\"potentialAction\":[{\"@type\":\"SearchAction\",\"target\":{\"@type\":\"EntryPoint\",\"urlTemplate\":\"https:\\\/\\\/www.cec.org\\\/fr\\\/?s={search_term_string}\"},\"query-input\":{\"@type\":\"PropertyValueSpecification\",\"valueRequired\":true,\"valueName\":\"search_term_string\"}}],\"inLanguage\":\"fr-FR\"}]}<\/script>\n<!-- \/ Yoast SEO Premium plugin. -->","yoast_head_json":{"title":"Perte de for\u00eat notable dans le parc national de Glacier","description":"Dans le cadre de notre travail de cartographie, nous avons constat\u00e9 une perte de for\u00eat notable dans le parc national de Glacier aux \u00c9tats-Unis entre 2010 et 2015.","robots":{"index":"index","follow":"follow","max-snippet":"max-snippet:-1","max-image-preview":"max-image-preview:large","max-video-preview":"max-video-preview:-1"},"canonical":"https:\/\/www.cec.org\/fr\/mapmonday\/perte-de-foret-notable-dans-le-parc-national-de-glacier\/","og_locale":"fr_FR","og_type":"article","og_title":"Perte de for\u00eat notable dans le parc national de Glacier","og_description":"Dans le cadre de notre travail de cartographie, nous avons constat\u00e9 une perte de for\u00eat notable dans le parc national de Glacier aux \u00c9tats-Unis entre 2010","og_url":"https:\/\/www.cec.org\/fr\/mapmonday\/perte-de-foret-notable-dans-le-parc-national-de-glacier\/","og_site_name":"Commission de coop\u00e9ration environnementale","article_publisher":"https:\/\/www.facebook.com\/CECconnect","article_modified_time":"2024-07-11T17:53:13+00:00","og_image":[{"width":1000,"height":1000,"url":"https:\/\/www.cec.org\/wp-content\/uploads\/CEC_Map-Monday-Fr-Instagram-1080x1080-210222-1.jpg","type":"image\/jpeg"}],"twitter_card":"summary_large_image","twitter_site":"@CECweb","schema":{"@context":"https:\/\/schema.org","@graph":[{"@type":"WebPage","@id":"https:\/\/www.cec.org\/fr\/mapmonday\/perte-de-foret-notable-dans-le-parc-national-de-glacier\/","url":"https:\/\/www.cec.org\/fr\/mapmonday\/perte-de-foret-notable-dans-le-parc-national-de-glacier\/","name":"Perte de for\u00eat notable dans le parc national de Glacier","isPartOf":{"@id":"https:\/\/www.cec.org\/fr\/#website"},"primaryImageOfPage":{"@id":"https:\/\/www.cec.org\/fr\/mapmonday\/perte-de-foret-notable-dans-le-parc-national-de-glacier\/#primaryimage"},"image":{"@id":"https:\/\/www.cec.org\/fr\/mapmonday\/perte-de-foret-notable-dans-le-parc-national-de-glacier\/#primaryimage"},"thumbnailUrl":"https:\/\/www.cec.org\/wp-content\/uploads\/CEC_Map-Monday-Fr-Instagram-1080x1080-210222-1.jpg","datePublished":"2021-03-01T19:16:25+00:00","dateModified":"2024-07-11T17:53:13+00:00","description":"Dans le cadre de notre travail de cartographie, nous avons constat\u00e9 une perte de for\u00eat notable dans le parc national de Glacier aux \u00c9tats-Unis entre 2010 et 2015.","breadcrumb":{"@id":"https:\/\/www.cec.org\/fr\/mapmonday\/perte-de-foret-notable-dans-le-parc-national-de-glacier\/#breadcrumb"},"inLanguage":"fr-FR","potentialAction":[{"@type":"ReadAction","target":["https:\/\/www.cec.org\/fr\/mapmonday\/perte-de-foret-notable-dans-le-parc-national-de-glacier\/"]}]},{"@type":"ImageObject","inLanguage":"fr-FR","@id":"https:\/\/www.cec.org\/fr\/mapmonday\/perte-de-foret-notable-dans-le-parc-national-de-glacier\/#primaryimage","url":"https:\/\/www.cec.org\/wp-content\/uploads\/CEC_Map-Monday-Fr-Instagram-1080x1080-210222-1.jpg","contentUrl":"https:\/\/www.cec.org\/wp-content\/uploads\/CEC_Map-Monday-Fr-Instagram-1080x1080-210222-1.jpg","width":1000,"height":1000,"caption":"Perte de for\u00eat notable dans le parc national de Glacier"},{"@type":"BreadcrumbList","@id":"https:\/\/www.cec.org\/fr\/mapmonday\/perte-de-foret-notable-dans-le-parc-national-de-glacier\/#breadcrumb","itemListElement":[{"@type":"ListItem","position":1,"name":"Accueil","item":"https:\/\/www.cec.org\/fr\/"},{"@type":"ListItem","position":2,"name":"Perte de for\u00eat notable dans le parc national de Glacier"}]},{"@type":"WebSite","@id":"https:\/\/www.cec.org\/fr\/#website","url":"https:\/\/www.cec.org\/fr\/","name":"Commission for Environmental Cooperation","description":"Three countries working together to protect our shared environment","alternateName":"CEC - CCA -CCE","potentialAction":[{"@type":"SearchAction","target":{"@type":"EntryPoint","urlTemplate":"https:\/\/www.cec.org\/fr\/?s={search_term_string}"},"query-input":{"@type":"PropertyValueSpecification","valueRequired":true,"valueName":"search_term_string"}}],"inLanguage":"fr-FR"}]}},"_links":{"self":[{"href":"https:\/\/www.cec.org\/fr\/wp-json\/wp\/v2\/mapmonday\/48390","targetHints":{"allow":["GET"]}}],"collection":[{"href":"https:\/\/www.cec.org\/fr\/wp-json\/wp\/v2\/mapmonday"}],"about":[{"href":"https:\/\/www.cec.org\/fr\/wp-json\/wp\/v2\/types\/mapmonday"}],"wp:featuredmedia":[{"embeddable":true,"href":"https:\/\/www.cec.org\/fr\/wp-json\/wp\/v2\/media\/48378"}],"wp:attachment":[{"href":"https:\/\/www.cec.org\/fr\/wp-json\/wp\/v2\/media?parent=48390"}],"curies":[{"name":"wp","href":"https:\/\/api.w.org\/{rel}","templated":true}]}}

Perte de forêt notable dans le parc national de Glacier

<p>Dans le cadre de notre travail de cartographie, nous avons constaté une perte de forêt notable dans le parc national de Glacier aux États-Unis entre 2010 et 2015. Une recherche plus poussée a montré que cela était dû à l’incendie Thompson de 2015, qui est un bel exemple de coordination et d’intervention des services d’urgence.</p>
<p>Plusieurs années se sont écoulées depuis cet incendie, mais le récit des efforts des services d’urgence est toujours présent et il illustre bien le travail durable et important des pompiers, des gestionnaires de forêt et des médias locaux dans la lutte contre les incendies.</p>
<p>Les cartes nous aident à naviguer dans le monde qui nous entoure, mais elles constituent aussi de précieuses archives qui nous rappellent les histoires humaines et environnementales à ne pas oublier.</p>

<p>Dans le cadre de notre travail de cartographie, nous avons constaté une perte de forêt notable dans le parc national de Glacier aux États-Unis entre 2010 et 2015. Une recherche plus poussée a montré que cela était dû à l’incendie Thompson de 2015, qui est un bel exemple de coordination et d’intervention des services d’urgence. [&hellip;]</p>

<!-- This site is optimized with the Yoast SEO Premium plugin v27.4 (Yoast SEO v27.4) - https://yoast.com/product/yoast-seo-premium-wordpress/ -->
<title>Perte de forêt notable dans le parc national de Glacier</title>
<meta name="description" content="Dans le cadre de notre travail de cartographie, nous avons constaté une perte de forêt notable dans le parc national de Glacier aux États-Unis entre 2010 et 2015." />
<meta name="robots" content="index, follow, max-snippet:-1, max-image-preview:large, max-video-preview:-1" />
<link rel="canonical" href="https://www.cec.org/fr/mapmonday/perte-de-foret-notable-dans-le-parc-national-de-glacier/" />
<meta property="og:locale" content="fr_FR" />
<meta property="og:type" content="article" />
<meta property="og:title" content="Perte de forêt notable dans le parc national de Glacier" />
<meta property="og:description" content="Dans le cadre de notre travail de cartographie, nous avons constaté une perte de forêt notable dans le parc national de Glacier aux États-Unis entre 2010" />
<meta property="og:url" content="https://www.cec.org/fr/mapmonday/perte-de-foret-notable-dans-le-parc-national-de-glacier/" />
<meta property="og:site_name" content="Commission de coopération environnementale" />
<meta property="article:publisher" content="https://www.facebook.com/CECconnect" />
<meta property="article:modified_time" content="2024-07-11T17:53:13+00:00" />
<meta property="og:image" content="https://www.cec.org/wp-content/uploads/CEC_Map-Monday-Fr-Instagram-1080x1080-210222-1.jpg" />
	<meta property="og:image:width" content="1000" />
	<meta property="og:image:height" content="1000" />
	<meta property="og:image:type" content="image/jpeg" />
<meta name="twitter:card" content="summary_large_image" />
<meta name="twitter:site" content="@CECweb" />
<script type="application/ld+json" class="yoast-schema-graph">{"@context":"https:\/\/schema.org","@graph":[{"@type":"WebPage","@id":"https:\/\/www.cec.org\/fr\/mapmonday\/perte-de-foret-notable-dans-le-parc-national-de-glacier\/","url":"https:\/\/www.cec.org\/fr\/mapmonday\/perte-de-foret-notable-dans-le-parc-national-de-glacier\/","name":"Perte de forêt notable dans le parc national de Glacier","isPartOf":{"@id":"https:\/\/www.cec.org\/fr\/#website"},"primaryImageOfPage":{"@id":"https:\/\/www.cec.org\/fr\/mapmonday\/perte-de-foret-notable-dans-le-parc-national-de-glacier\/#primaryimage"},"image":{"@id":"https:\/\/www.cec.org\/fr\/mapmonday\/perte-de-foret-notable-dans-le-parc-national-de-glacier\/#primaryimage"},"thumbnailUrl":"https:\/\/www.cec.org\/wp-content\/uploads\/CEC_Map-Monday-Fr-Instagram-1080x1080-210222-1.jpg","datePublished":"2021-03-01T19:16:25+00:00","dateModified":"2024-07-11T17:53:13+00:00","description":"Dans le cadre de notre travail de cartographie, nous avons constaté une perte de forêt notable dans le parc national de Glacier aux États-Unis entre 2010 et 2015.","breadcrumb":{"@id":"https:\/\/www.cec.org\/fr\/mapmonday\/perte-de-foret-notable-dans-le-parc-national-de-glacier\/#breadcrumb"},"inLanguage":"fr-FR","potentialAction":[{"@type":"ReadAction","target":["https:\/\/www.cec.org\/fr\/mapmonday\/perte-de-foret-notable-dans-le-parc-national-de-glacier\/"]}]},{"@type":"ImageObject","inLanguage":"fr-FR","@id":"https:\/\/www.cec.org\/fr\/mapmonday\/perte-de-foret-notable-dans-le-parc-national-de-glacier\/#primaryimage","url":"https:\/\/www.cec.org\/wp-content\/uploads\/CEC_Map-Monday-Fr-Instagram-1080x1080-210222-1.jpg","contentUrl":"https:\/\/www.cec.org\/wp-content\/uploads\/CEC_Map-Monday-Fr-Instagram-1080x1080-210222-1.jpg","width":1000,"height":1000,"caption":"Perte de forêt notable dans le parc national de Glacier"},{"@type":"BreadcrumbList","@id":"https:\/\/www.cec.org\/fr\/mapmonday\/perte-de-foret-notable-dans-le-parc-national-de-glacier\/#breadcrumb","itemListElement":[{"@type":"ListItem","position":1,"name":"Accueil","item":"https:\/\/www.cec.org\/fr\/"},{"@type":"ListItem","position":2,"name":"Perte de forêt notable dans le parc national de Glacier"}]},{"@type":"WebSite","@id":"https:\/\/www.cec.org\/fr\/#website","url":"https:\/\/www.cec.org\/fr\/","name":"Commission for Environmental Cooperation","description":"Three countries working together to protect our shared environment","alternateName":"CEC - CCA -CCE","potentialAction":[{"@type":"SearchAction","target":{"@type":"EntryPoint","urlTemplate":"https:\/\/www.cec.org\/fr\/?s={search_term_string}"},"query-input":{"@type":"PropertyValueSpecification","valueRequired":true,"valueName":"search_term_string"}}],"inLanguage":"fr-FR"}]}</script>
<!-- / Yoast SEO Premium plugin. -->

Dans le cadre de notre travail de cartographie, nous avons constaté une perte de forêt notable dans le parc national de Glacier aux États-Unis entre 2010 et 2015.

Dans le cadre de notre travail de cartographie, nous avons constaté une perte de forêt notable dans le parc national de Glacier aux États-Unis entre 2010

Commission de coopération environnementale
