{"id":57413,"date":"2024-11-07T10:40:01","date_gmt":"2024-11-07T15:40:01","guid":{"rendered":"http:\/\/www.cec.org\/events\/presentation-du-plan-dintegration-des-sciences-sociales-dans-les-prairies-centrales\/"},"modified":"2025-06-20T13:04:02","modified_gmt":"2025-06-20T17:04:02","slug":"presentation-du-plan-dintegration-des-sciences-sociales-dans-les-prairies-centrales","status":"publish","type":"events","link":"https:\/\/www.cec.org\/fr\/activites\/presentation-du-plan-dintegration-des-sciences-sociales-dans-les-prairies-centrales\/","title":{"rendered":"Pr\u00e9sentation du plan d&rsquo;int\u00e9gration des sciences sociales dans les prairies centrales"},"content":{"rendered":"<p>Cette pr\u00e9sentation a \u00e9t\u00e9 organis\u00e9e dans le cadre du projet trilat\u00e9ral \u00ab <a href=\"https:\/\/www.cec.org\/fr\/conservation-des-prairies-et-des-oiseaux-migrateurs\/\">Conservation des prairies et oiseaux migrateurs<\/a> \u00bb afin de partager les id\u00e9es du rapport de synth\u00e8se sur les sciences sociales et les dimensions humaines li\u00e9es aux efforts de conservation des prairies centrales.<\/p>\n<p><strong>* Veuillez noter que l'\u00e9v\u00e9nement \u00e9tait disponible en anglais et en espagnol uniquement.<\/strong><\/p>\n","protected":false},"excerpt":{"rendered":"<p>Cette pr\u00e9sentation a \u00e9t\u00e9 organis\u00e9e dans le cadre du projet trilat\u00e9ral \u00ab Conservation des prairies et oiseaux migrateurs \u00bb afin de partager les id\u00e9es du rapport de synth\u00e8se sur les sciences sociales et les dimensions humaines li\u00e9es aux efforts de conservation des prairies centrales. * Veuillez noter que l&rsquo;\u00e9v\u00e9nement \u00e9tait disponible en anglais et en [&hellip;]<\/p>\n","protected":false},"featured_media":47099,"template":"","class_list":["post-57413","events","type-events","status-publish","has-post-thumbnail","hentry","participation-sur-invitation-seulement-fr","themes-ecosystemes"],"acf":[],"yoast_head":"<!-- This site is optimized with the Yoast SEO Premium plugin v27.4 (Yoast SEO v27.4) - https:\/\/yoast.com\/product\/yoast-seo-premium-wordpress\/ -->\n<title>Pr\u00e9sentation du plan d&#039;int\u00e9gration des sciences sociales dans les prairies centrales<\/title>\n<meta name=\"description\" content=\"Cette pr\u00e9sentation a \u00e9t\u00e9 organis\u00e9e dans le cadre du projet trilat\u00e9ral \u00ab Conservation des prairies et oiseaux migrateurs \u00bb afin de partager les id\u00e9es du\" \/>\n<meta name=\"robots\" content=\"index, follow, max-snippet:-1, max-image-preview:large, max-video-preview:-1\" \/>\n<link rel=\"canonical\" href=\"https:\/\/www.cec.org\/fr\/activites\/presentation-du-plan-dintegration-des-sciences-sociales-dans-les-prairies-centrales\/\" \/>\n<meta property=\"og:locale\" content=\"fr_FR\" \/>\n<meta property=\"og:type\" content=\"article\" \/>\n<meta property=\"og:title\" content=\"Pr\u00e9sentation du plan d&#039;int\u00e9gration des sciences sociales dans les prairies centrales\" \/>\n<meta property=\"og:description\" content=\"CEC events range from large public consultations to small, expert meetings on specific environmental issues.\" \/>\n<meta property=\"og:url\" content=\"https:\/\/www.cec.org\/fr\/activites\/presentation-du-plan-dintegration-des-sciences-sociales-dans-les-prairies-centrales\/\" \/>\n<meta property=\"og:site_name\" content=\"Commission de coop\u00e9ration environnementale\" \/>\n<meta property=\"article:publisher\" content=\"https:\/\/www.facebook.com\/CECconnect\" \/>\n<meta property=\"article:modified_time\" content=\"2025-06-20T17:04:02+00:00\" \/>\n<meta property=\"og:image\" content=\"https:\/\/www.cec.org\/wp-content\/uploads\/Grasslands-Conservation-and-Migratory-Birds.jpg\" \/>\n\t<meta property=\"og:image:width\" content=\"600\" \/>\n\t<meta property=\"og:image:height\" content=\"342\" \/>\n\t<meta property=\"og:image:type\" content=\"image\/jpeg\" \/>\n<meta name=\"twitter:card\" content=\"summary_large_image\" \/>\n<meta name=\"twitter:site\" content=\"@CECweb\" \/>\n<script type=\"application\/ld+json\" class=\"yoast-schema-graph\">{\"@context\":\"https:\\\/\\\/schema.org\",\"@graph\":[{\"@type\":\"WebPage\",\"@id\":\"https:\\\/\\\/www.cec.org\\\/fr\\\/activites\\\/presentation-du-plan-dintegration-des-sciences-sociales-dans-les-prairies-centrales\\\/\",\"url\":\"https:\\\/\\\/www.cec.org\\\/fr\\\/activites\\\/presentation-du-plan-dintegration-des-sciences-sociales-dans-les-prairies-centrales\\\/\",\"name\":\"Pr\u00e9sentation du plan d'int\u00e9gration des sciences sociales dans les prairies centrales\",\"isPartOf\":{\"@id\":\"https:\\\/\\\/www.cec.org\\\/fr\\\/#website\"},\"primaryImageOfPage\":{\"@id\":\"https:\\\/\\\/www.cec.org\\\/fr\\\/activites\\\/presentation-du-plan-dintegration-des-sciences-sociales-dans-les-prairies-centrales\\\/#primaryimage\"},\"image\":{\"@id\":\"https:\\\/\\\/www.cec.org\\\/fr\\\/activites\\\/presentation-du-plan-dintegration-des-sciences-sociales-dans-les-prairies-centrales\\\/#primaryimage\"},\"thumbnailUrl\":\"https:\\\/\\\/www.cec.org\\\/wp-content\\\/uploads\\\/Grasslands-Conservation-and-Migratory-Birds.jpg\",\"datePublished\":\"2024-11-07T15:40:01+00:00\",\"dateModified\":\"2025-06-20T17:04:02+00:00\",\"description\":\"Cette pr\u00e9sentation a \u00e9t\u00e9 organis\u00e9e dans le cadre du projet trilat\u00e9ral \u00ab Conservation des prairies et oiseaux migrateurs \u00bb afin de partager les id\u00e9es du\",\"breadcrumb\":{\"@id\":\"https:\\\/\\\/www.cec.org\\\/fr\\\/activites\\\/presentation-du-plan-dintegration-des-sciences-sociales-dans-les-prairies-centrales\\\/#breadcrumb\"},\"inLanguage\":\"fr-FR\",\"potentialAction\":[{\"@type\":\"ReadAction\",\"target\":[\"https:\\\/\\\/www.cec.org\\\/fr\\\/activites\\\/presentation-du-plan-dintegration-des-sciences-sociales-dans-les-prairies-centrales\\\/\"]}]},{\"@type\":\"ImageObject\",\"inLanguage\":\"fr-FR\",\"@id\":\"https:\\\/\\\/www.cec.org\\\/fr\\\/activites\\\/presentation-du-plan-dintegration-des-sciences-sociales-dans-les-prairies-centrales\\\/#primaryimage\",\"url\":\"https:\\\/\\\/www.cec.org\\\/wp-content\\\/uploads\\\/Grasslands-Conservation-and-Migratory-Birds.jpg\",\"contentUrl\":\"https:\\\/\\\/www.cec.org\\\/wp-content\\\/uploads\\\/Grasslands-Conservation-and-Migratory-Birds.jpg\",\"width\":600,\"height\":342,\"caption\":\"grasslands conservation, grandes plaines\"},{\"@type\":\"BreadcrumbList\",\"@id\":\"https:\\\/\\\/www.cec.org\\\/fr\\\/activites\\\/presentation-du-plan-dintegration-des-sciences-sociales-dans-les-prairies-centrales\\\/#breadcrumb\",\"itemListElement\":[{\"@type\":\"ListItem\",\"position\":1,\"name\":\"Accueil\",\"item\":\"https:\\\/\\\/www.cec.org\\\/fr\\\/\"},{\"@type\":\"ListItem\",\"position\":2,\"name\":\"Activit\u00e9s\",\"item\":\"https:\\\/\\\/www.cec.org\\\/fr\\\/activites\\\/\"},{\"@type\":\"ListItem\",\"position\":3,\"name\":\"Pr\u00e9sentation du plan d&#8217;int\u00e9gration des sciences sociales dans les prairies centrales\"}]},{\"@type\":\"WebSite\",\"@id\":\"https:\\\/\\\/www.cec.org\\\/fr\\\/#website\",\"url\":\"https:\\\/\\\/www.cec.org\\\/fr\\\/\",\"name\":\"Commission for Environmental Cooperation\",\"description\":\"Three countries working together to protect our shared environment\",\"alternateName\":\"CEC - CCA -CCE\",\"potentialAction\":[{\"@type\":\"SearchAction\",\"target\":{\"@type\":\"EntryPoint\",\"urlTemplate\":\"https:\\\/\\\/www.cec.org\\\/fr\\\/?s={search_term_string}\"},\"query-input\":{\"@type\":\"PropertyValueSpecification\",\"valueRequired\":true,\"valueName\":\"search_term_string\"}}],\"inLanguage\":\"fr-FR\"}]}<\/script>\n<!-- \/ Yoast SEO Premium plugin. -->","yoast_head_json":{"title":"Pr\u00e9sentation du plan d'int\u00e9gration des sciences sociales dans les prairies centrales","description":"Cette pr\u00e9sentation a \u00e9t\u00e9 organis\u00e9e dans le cadre du projet trilat\u00e9ral \u00ab Conservation des prairies et oiseaux migrateurs \u00bb afin de partager les id\u00e9es du","robots":{"index":"index","follow":"follow","max-snippet":"max-snippet:-1","max-image-preview":"max-image-preview:large","max-video-preview":"max-video-preview:-1"},"canonical":"https:\/\/www.cec.org\/fr\/activites\/presentation-du-plan-dintegration-des-sciences-sociales-dans-les-prairies-centrales\/","og_locale":"fr_FR","og_type":"article","og_title":"Pr\u00e9sentation du plan d'int\u00e9gration des sciences sociales dans les prairies centrales","og_description":"CEC events range from large public consultations to small, expert meetings on specific environmental issues.","og_url":"https:\/\/www.cec.org\/fr\/activites\/presentation-du-plan-dintegration-des-sciences-sociales-dans-les-prairies-centrales\/","og_site_name":"Commission de coop\u00e9ration environnementale","article_publisher":"https:\/\/www.facebook.com\/CECconnect","article_modified_time":"2025-06-20T17:04:02+00:00","og_image":[{"width":600,"height":342,"url":"https:\/\/www.cec.org\/wp-content\/uploads\/Grasslands-Conservation-and-Migratory-Birds.jpg","type":"image\/jpeg"}],"twitter_card":"summary_large_image","twitter_site":"@CECweb","schema":{"@context":"https:\/\/schema.org","@graph":[{"@type":"WebPage","@id":"https:\/\/www.cec.org\/fr\/activites\/presentation-du-plan-dintegration-des-sciences-sociales-dans-les-prairies-centrales\/","url":"https:\/\/www.cec.org\/fr\/activites\/presentation-du-plan-dintegration-des-sciences-sociales-dans-les-prairies-centrales\/","name":"Pr\u00e9sentation du plan d'int\u00e9gration des sciences sociales dans les prairies centrales","isPartOf":{"@id":"https:\/\/www.cec.org\/fr\/#website"},"primaryImageOfPage":{"@id":"https:\/\/www.cec.org\/fr\/activites\/presentation-du-plan-dintegration-des-sciences-sociales-dans-les-prairies-centrales\/#primaryimage"},"image":{"@id":"https:\/\/www.cec.org\/fr\/activites\/presentation-du-plan-dintegration-des-sciences-sociales-dans-les-prairies-centrales\/#primaryimage"},"thumbnailUrl":"https:\/\/www.cec.org\/wp-content\/uploads\/Grasslands-Conservation-and-Migratory-Birds.jpg","datePublished":"2024-11-07T15:40:01+00:00","dateModified":"2025-06-20T17:04:02+00:00","description":"Cette pr\u00e9sentation a \u00e9t\u00e9 organis\u00e9e dans le cadre du projet trilat\u00e9ral \u00ab Conservation des prairies et oiseaux migrateurs \u00bb afin de partager les id\u00e9es du","breadcrumb":{"@id":"https:\/\/www.cec.org\/fr\/activites\/presentation-du-plan-dintegration-des-sciences-sociales-dans-les-prairies-centrales\/#breadcrumb"},"inLanguage":"fr-FR","potentialAction":[{"@type":"ReadAction","target":["https:\/\/www.cec.org\/fr\/activites\/presentation-du-plan-dintegration-des-sciences-sociales-dans-les-prairies-centrales\/"]}]},{"@type":"ImageObject","inLanguage":"fr-FR","@id":"https:\/\/www.cec.org\/fr\/activites\/presentation-du-plan-dintegration-des-sciences-sociales-dans-les-prairies-centrales\/#primaryimage","url":"https:\/\/www.cec.org\/wp-content\/uploads\/Grasslands-Conservation-and-Migratory-Birds.jpg","contentUrl":"https:\/\/www.cec.org\/wp-content\/uploads\/Grasslands-Conservation-and-Migratory-Birds.jpg","width":600,"height":342,"caption":"grasslands conservation, grandes plaines"},{"@type":"BreadcrumbList","@id":"https:\/\/www.cec.org\/fr\/activites\/presentation-du-plan-dintegration-des-sciences-sociales-dans-les-prairies-centrales\/#breadcrumb","itemListElement":[{"@type":"ListItem","position":1,"name":"Accueil","item":"https:\/\/www.cec.org\/fr\/"},{"@type":"ListItem","position":2,"name":"Activit\u00e9s","item":"https:\/\/www.cec.org\/fr\/activites\/"},{"@type":"ListItem","position":3,"name":"Pr\u00e9sentation du plan d&#8217;int\u00e9gration des sciences sociales dans les prairies centrales"}]},{"@type":"WebSite","@id":"https:\/\/www.cec.org\/fr\/#website","url":"https:\/\/www.cec.org\/fr\/","name":"Commission for Environmental Cooperation","description":"Three countries working together to protect our shared environment","alternateName":"CEC - CCA -CCE","potentialAction":[{"@type":"SearchAction","target":{"@type":"EntryPoint","urlTemplate":"https:\/\/www.cec.org\/fr\/?s={search_term_string}"},"query-input":{"@type":"PropertyValueSpecification","valueRequired":true,"valueName":"search_term_string"}}],"inLanguage":"fr-FR"}]}},"_links":{"self":[{"href":"https:\/\/www.cec.org\/fr\/wp-json\/wp\/v2\/events\/57413","targetHints":{"allow":["GET"]}}],"collection":[{"href":"https:\/\/www.cec.org\/fr\/wp-json\/wp\/v2\/events"}],"about":[{"href":"https:\/\/www.cec.org\/fr\/wp-json\/wp\/v2\/types\/events"}],"wp:featuredmedia":[{"embeddable":true,"href":"https:\/\/www.cec.org\/fr\/wp-json\/wp\/v2\/media\/47099"}],"wp:attachment":[{"href":"https:\/\/www.cec.org\/fr\/wp-json\/wp\/v2\/media?parent=57413"}],"curies":[{"name":"wp","href":"https:\/\/api.w.org\/{rel}","templated":true}]}}

Présentation du plan d&rsquo;intégration des sciences sociales dans les prairies centrales

<p>Cette présentation a été organisée dans le cadre du projet trilatéral « <a href="https://www.cec.org/fr/conservation-des-prairies-et-des-oiseaux-migrateurs/">Conservation des prairies et oiseaux migrateurs</a> » afin de partager les idées du rapport de synthèse sur les sciences sociales et les dimensions humaines liées aux efforts de conservation des prairies centrales.</p>
<p><strong>* Veuillez noter que l'événement était disponible en anglais et en espagnol uniquement.</strong></p>

<p>Cette présentation a été organisée dans le cadre du projet trilatéral « Conservation des prairies et oiseaux migrateurs » afin de partager les idées du rapport de synthèse sur les sciences sociales et les dimensions humaines liées aux efforts de conservation des prairies centrales. * Veuillez noter que l&rsquo;événement était disponible en anglais et en [&hellip;]</p>

<!-- This site is optimized with the Yoast SEO Premium plugin v27.4 (Yoast SEO v27.4) - https://yoast.com/product/yoast-seo-premium-wordpress/ -->
<title>Présentation du plan d&#039;intégration des sciences sociales dans les prairies centrales</title>
<meta name="description" content="Cette présentation a été organisée dans le cadre du projet trilatéral « Conservation des prairies et oiseaux migrateurs » afin de partager les idées du" />
<meta name="robots" content="index, follow, max-snippet:-1, max-image-preview:large, max-video-preview:-1" />
<link rel="canonical" href="https://www.cec.org/fr/activites/presentation-du-plan-dintegration-des-sciences-sociales-dans-les-prairies-centrales/" />
<meta property="og:locale" content="fr_FR" />
<meta property="og:type" content="article" />
<meta property="og:title" content="Présentation du plan d&#039;intégration des sciences sociales dans les prairies centrales" />
<meta property="og:description" content="CEC events range from large public consultations to small, expert meetings on specific environmental issues." />
<meta property="og:url" content="https://www.cec.org/fr/activites/presentation-du-plan-dintegration-des-sciences-sociales-dans-les-prairies-centrales/" />
<meta property="og:site_name" content="Commission de coopération environnementale" />
<meta property="article:publisher" content="https://www.facebook.com/CECconnect" />
<meta property="article:modified_time" content="2025-06-20T17:04:02+00:00" />
<meta property="og:image" content="https://www.cec.org/wp-content/uploads/Grasslands-Conservation-and-Migratory-Birds.jpg" />
	<meta property="og:image:width" content="600" />
	<meta property="og:image:height" content="342" />
	<meta property="og:image:type" content="image/jpeg" />
<meta name="twitter:card" content="summary_large_image" />
<meta name="twitter:site" content="@CECweb" />
<script type="application/ld+json" class="yoast-schema-graph">{"@context":"https:\/\/schema.org","@graph":[{"@type":"WebPage","@id":"https:\/\/www.cec.org\/fr\/activites\/presentation-du-plan-dintegration-des-sciences-sociales-dans-les-prairies-centrales\/","url":"https:\/\/www.cec.org\/fr\/activites\/presentation-du-plan-dintegration-des-sciences-sociales-dans-les-prairies-centrales\/","name":"Présentation du plan d'intégration des sciences sociales dans les prairies centrales","isPartOf":{"@id":"https:\/\/www.cec.org\/fr\/#website"},"primaryImageOfPage":{"@id":"https:\/\/www.cec.org\/fr\/activites\/presentation-du-plan-dintegration-des-sciences-sociales-dans-les-prairies-centrales\/#primaryimage"},"image":{"@id":"https:\/\/www.cec.org\/fr\/activites\/presentation-du-plan-dintegration-des-sciences-sociales-dans-les-prairies-centrales\/#primaryimage"},"thumbnailUrl":"https:\/\/www.cec.org\/wp-content\/uploads\/Grasslands-Conservation-and-Migratory-Birds.jpg","datePublished":"2024-11-07T15:40:01+00:00","dateModified":"2025-06-20T17:04:02+00:00","description":"Cette présentation a été organisée dans le cadre du projet trilatéral « Conservation des prairies et oiseaux migrateurs » afin de partager les idées du","breadcrumb":{"@id":"https:\/\/www.cec.org\/fr\/activites\/presentation-du-plan-dintegration-des-sciences-sociales-dans-les-prairies-centrales\/#breadcrumb"},"inLanguage":"fr-FR","potentialAction":[{"@type":"ReadAction","target":["https:\/\/www.cec.org\/fr\/activites\/presentation-du-plan-dintegration-des-sciences-sociales-dans-les-prairies-centrales\/"]}]},{"@type":"ImageObject","inLanguage":"fr-FR","@id":"https:\/\/www.cec.org\/fr\/activites\/presentation-du-plan-dintegration-des-sciences-sociales-dans-les-prairies-centrales\/#primaryimage","url":"https:\/\/www.cec.org\/wp-content\/uploads\/Grasslands-Conservation-and-Migratory-Birds.jpg","contentUrl":"https:\/\/www.cec.org\/wp-content\/uploads\/Grasslands-Conservation-and-Migratory-Birds.jpg","width":600,"height":342,"caption":"grasslands conservation, grandes plaines"},{"@type":"BreadcrumbList","@id":"https:\/\/www.cec.org\/fr\/activites\/presentation-du-plan-dintegration-des-sciences-sociales-dans-les-prairies-centrales\/#breadcrumb","itemListElement":[{"@type":"ListItem","position":1,"name":"Accueil","item":"https:\/\/www.cec.org\/fr\/"},{"@type":"ListItem","position":2,"name":"Activités","item":"https:\/\/www.cec.org\/fr\/activites\/"},{"@type":"ListItem","position":3,"name":"Présentation du plan d&#8217;intégration des sciences sociales dans les prairies centrales"}]},{"@type":"WebSite","@id":"https:\/\/www.cec.org\/fr\/#website","url":"https:\/\/www.cec.org\/fr\/","name":"Commission for Environmental Cooperation","description":"Three countries working together to protect our shared environment","alternateName":"CEC - CCA -CCE","potentialAction":[{"@type":"SearchAction","target":{"@type":"EntryPoint","urlTemplate":"https:\/\/www.cec.org\/fr\/?s={search_term_string}"},"query-input":{"@type":"PropertyValueSpecification","valueRequired":true,"valueName":"search_term_string"}}],"inLanguage":"fr-FR"}]}</script>
<!-- / Yoast SEO Premium plugin. -->

Présentation du plan d'intégration des sciences sociales dans les prairies centrales

Cette présentation a été organisée dans le cadre du projet trilatéral « Conservation des prairies et oiseaux migrateurs » afin de partager les idées du

Commission de coopération environnementale

Activités

Présentation du plan d&#8217;intégration des sciences sociales dans les prairies centrales
