{"id":20694,"date":"2019-10-22T17:08:37","date_gmt":"2019-10-22T21:08:37","guid":{"rendered":"http:\/\/www.cec.org\/events\/approches-communautaires-de-la-resilience-face-aux-catastrophes-2\/"},"modified":"2025-06-20T13:04:59","modified_gmt":"2025-06-20T17:04:59","slug":"approches-communautaires-de-la-resilience-face-aux-catastrophes-2","status":"publish","type":"events","link":"https:\/\/www.cec.org\/fr\/activites\/approches-communautaires-de-la-resilience-face-aux-catastrophes-2\/","title":{"rendered":"Approches communautaires de la r\u00e9silience face aux catastrophes"},"content":{"rendered":"<p>Confront\u00e9s \u00e0 la variabilit\u00e9 du climat et \u00e0 la multiplication des \u00e9v\u00e9nements m\u00e9t\u00e9orologiques extr\u00eames \u00e0 l\u2019\u00e9chelle du continent, les collectivit\u00e9s et tous les paliers de gouvernement du Canada, du Mexique et des \u00c9tats-Unis se sont fix\u00e9 comme priorit\u00e9 commune le renforcement de la r\u00e9silience \u00e0 l\u2019\u00e9chelle locale. Cela est particuli\u00e8rement important pour les collectivit\u00e9s loign\u00e9es et c\u00f4ti\u00e8res, totalement vuln\u00e9rables aux catastrophes naturelles comme les inondations, les feux de for\u00eat, les s\u00e9cheresses et les ouragans, en raison de leur emplacement et leur situation socio-\u00e9conomique.<\/p>\n<p>Les participants \u00e0 cette tribune publique d\u00e9couvriront les exp\u00e9riences v\u00e9cues par les r\u00e9sidents des grandes villes, des collectivit\u00e9s c\u00f4ti\u00e8res \u00e9loign\u00e9es et des nations autochtones qui ont connu des urgences climatiques, et les efforts qu\u2019ils d\u00e9ploient pour renforcer leur r\u00e9silience aux catastrophes. La tribune mettra en lumi\u00e8re le lien entre la durabilit\u00e9 de l\u2019environnement et les efforts des citoyens visant \u00e0 att\u00e9nuer les impacts des urgences climatiques. De tels \u00e9v\u00e9nements provoquent de graves probl\u00e8mes pour les \u00eatres humains et l\u2019environnement, qui n\u00e9cessitent une planification judicieuse et des mesures \u00e0 la fois efficaces et rapides. Afin d\u2019examiner les possibilit\u00e9s de coop\u00e9ration trilat\u00e9rale en mati\u00e8re de r\u00e9silience aux catastrophes gr\u00e2ce \u00e0 la CCE et \u00e0 ses activit\u00e9s, les repr\u00e9sentants de collectivit\u00e9s urbaines, rurales et \u00e9loign\u00e9es exposeront leurs exp\u00e9riences et leurs connaissances aux participants.<\/p>\n","protected":false},"excerpt":{"rendered":"<p>Confront\u00e9s \u00e0 la variabilit\u00e9 du climat et \u00e0 la multiplication des \u00e9v\u00e9nements m\u00e9t\u00e9orologiques extr\u00eames \u00e0 l\u2019\u00e9chelle du continent, les collectivit\u00e9s et tous les paliers de gouvernement du Canada, du Mexique et des \u00c9tats-Unis se sont fix\u00e9 comme priorit\u00e9 commune le renforcement de la r\u00e9silience \u00e0 l\u2019\u00e9chelle locale. Cela est particuli\u00e8rement important pour les collectivit\u00e9s loign\u00e9es [&hellip;]<\/p>\n","protected":false},"featured_media":8243,"template":"","class_list":["post-20694","events","type-events","status-publish","has-post-thumbnail","hentry","event_category-session-du-ccpm","country-etats-unis","participation-ouvert-au-public-fr","themes-cet-fr"],"acf":[],"yoast_head":"<!-- This site is optimized with the Yoast SEO Premium plugin v27.4 (Yoast SEO v27.4) - https:\/\/yoast.com\/product\/yoast-seo-premium-wordpress\/ -->\n<title>Approches communautaires de la r\u00e9silience face aux catastrophes<\/title>\n<meta name=\"description\" content=\"Confront\u00e9s \u00e0 la variabilit\u00e9 du climat et \u00e0 la multiplication des \u00e9v\u00e9nements m\u00e9t\u00e9orologiques extr\u00eames \u00e0 l\u2019\u00e9chelle du continent, les collectivit\u00e9s et tous\" \/>\n<meta name=\"robots\" content=\"index, follow, max-snippet:-1, max-image-preview:large, max-video-preview:-1\" \/>\n<link rel=\"canonical\" href=\"https:\/\/www.cec.org\/fr\/activites\/approches-communautaires-de-la-resilience-face-aux-catastrophes-2\/\" \/>\n<meta property=\"og:locale\" content=\"fr_FR\" \/>\n<meta property=\"og:type\" content=\"article\" \/>\n<meta property=\"og:title\" content=\"Approches communautaires de la r\u00e9silience face aux catastrophes\" \/>\n<meta property=\"og:description\" content=\"CEC events range from large public consultations to small, expert meetings on specific environmental issues.\" \/>\n<meta property=\"og:url\" content=\"https:\/\/www.cec.org\/fr\/activites\/approches-communautaires-de-la-resilience-face-aux-catastrophes-2\/\" \/>\n<meta property=\"og:site_name\" content=\"Commission de coop\u00e9ration environnementale\" \/>\n<meta property=\"article:publisher\" content=\"https:\/\/www.facebook.com\/CECconnect\" \/>\n<meta property=\"article:modified_time\" content=\"2025-06-20T17:04:59+00:00\" \/>\n<meta property=\"og:image\" content=\"https:\/\/www.cec.org\/wp-content\/uploads\/2019\/11\/jpac-sjpr-2019.jpg\" \/>\n\t<meta property=\"og:image:width\" content=\"450\" \/>\n\t<meta property=\"og:image:height\" content=\"500\" \/>\n\t<meta property=\"og:image:type\" content=\"image\/jpeg\" \/>\n<meta name=\"twitter:card\" content=\"summary_large_image\" \/>\n<meta name=\"twitter:site\" content=\"@CECweb\" \/>\n<script type=\"application\/ld+json\" class=\"yoast-schema-graph\">{\"@context\":\"https:\\\/\\\/schema.org\",\"@graph\":[{\"@type\":\"WebPage\",\"@id\":\"https:\\\/\\\/www.cec.org\\\/fr\\\/activites\\\/approches-communautaires-de-la-resilience-face-aux-catastrophes-2\\\/\",\"url\":\"https:\\\/\\\/www.cec.org\\\/fr\\\/activites\\\/approches-communautaires-de-la-resilience-face-aux-catastrophes-2\\\/\",\"name\":\"Approches communautaires de la r\u00e9silience face aux catastrophes\",\"isPartOf\":{\"@id\":\"https:\\\/\\\/www.cec.org\\\/fr\\\/#website\"},\"primaryImageOfPage\":{\"@id\":\"https:\\\/\\\/www.cec.org\\\/fr\\\/activites\\\/approches-communautaires-de-la-resilience-face-aux-catastrophes-2\\\/#primaryimage\"},\"image\":{\"@id\":\"https:\\\/\\\/www.cec.org\\\/fr\\\/activites\\\/approches-communautaires-de-la-resilience-face-aux-catastrophes-2\\\/#primaryimage\"},\"thumbnailUrl\":\"https:\\\/\\\/www.cec.org\\\/wp-content\\\/uploads\\\/2019\\\/11\\\/jpac-sjpr-2019.jpg\",\"datePublished\":\"2019-10-22T21:08:37+00:00\",\"dateModified\":\"2025-06-20T17:04:59+00:00\",\"description\":\"Confront\u00e9s \u00e0 la variabilit\u00e9 du climat et \u00e0 la multiplication des \u00e9v\u00e9nements m\u00e9t\u00e9orologiques extr\u00eames \u00e0 l\u2019\u00e9chelle du continent, les collectivit\u00e9s et tous\",\"breadcrumb\":{\"@id\":\"https:\\\/\\\/www.cec.org\\\/fr\\\/activites\\\/approches-communautaires-de-la-resilience-face-aux-catastrophes-2\\\/#breadcrumb\"},\"inLanguage\":\"fr-FR\",\"potentialAction\":[{\"@type\":\"ReadAction\",\"target\":[\"https:\\\/\\\/www.cec.org\\\/fr\\\/activites\\\/approches-communautaires-de-la-resilience-face-aux-catastrophes-2\\\/\"]}]},{\"@type\":\"ImageObject\",\"inLanguage\":\"fr-FR\",\"@id\":\"https:\\\/\\\/www.cec.org\\\/fr\\\/activites\\\/approches-communautaires-de-la-resilience-face-aux-catastrophes-2\\\/#primaryimage\",\"url\":\"https:\\\/\\\/www.cec.org\\\/wp-content\\\/uploads\\\/2019\\\/11\\\/jpac-sjpr-2019.jpg\",\"contentUrl\":\"https:\\\/\\\/www.cec.org\\\/wp-content\\\/uploads\\\/2019\\\/11\\\/jpac-sjpr-2019.jpg\",\"width\":450,\"height\":500},{\"@type\":\"BreadcrumbList\",\"@id\":\"https:\\\/\\\/www.cec.org\\\/fr\\\/activites\\\/approches-communautaires-de-la-resilience-face-aux-catastrophes-2\\\/#breadcrumb\",\"itemListElement\":[{\"@type\":\"ListItem\",\"position\":1,\"name\":\"Accueil\",\"item\":\"https:\\\/\\\/www.cec.org\\\/fr\\\/\"},{\"@type\":\"ListItem\",\"position\":2,\"name\":\"Activit\u00e9s\",\"item\":\"https:\\\/\\\/www.cec.org\\\/fr\\\/activites\\\/\"},{\"@type\":\"ListItem\",\"position\":3,\"name\":\"Approches communautaires de la r\u00e9silience face aux catastrophes\"}]},{\"@type\":\"WebSite\",\"@id\":\"https:\\\/\\\/www.cec.org\\\/fr\\\/#website\",\"url\":\"https:\\\/\\\/www.cec.org\\\/fr\\\/\",\"name\":\"Commission for Environmental Cooperation\",\"description\":\"Three countries working together to protect our shared environment\",\"alternateName\":\"CEC - CCA -CCE\",\"potentialAction\":[{\"@type\":\"SearchAction\",\"target\":{\"@type\":\"EntryPoint\",\"urlTemplate\":\"https:\\\/\\\/www.cec.org\\\/fr\\\/?s={search_term_string}\"},\"query-input\":{\"@type\":\"PropertyValueSpecification\",\"valueRequired\":true,\"valueName\":\"search_term_string\"}}],\"inLanguage\":\"fr-FR\"}]}<\/script>\n<!-- \/ Yoast SEO Premium plugin. -->","yoast_head_json":{"title":"Approches communautaires de la r\u00e9silience face aux catastrophes","description":"Confront\u00e9s \u00e0 la variabilit\u00e9 du climat et \u00e0 la multiplication des \u00e9v\u00e9nements m\u00e9t\u00e9orologiques extr\u00eames \u00e0 l\u2019\u00e9chelle du continent, les collectivit\u00e9s et tous","robots":{"index":"index","follow":"follow","max-snippet":"max-snippet:-1","max-image-preview":"max-image-preview:large","max-video-preview":"max-video-preview:-1"},"canonical":"https:\/\/www.cec.org\/fr\/activites\/approches-communautaires-de-la-resilience-face-aux-catastrophes-2\/","og_locale":"fr_FR","og_type":"article","og_title":"Approches communautaires de la r\u00e9silience face aux catastrophes","og_description":"CEC events range from large public consultations to small, expert meetings on specific environmental issues.","og_url":"https:\/\/www.cec.org\/fr\/activites\/approches-communautaires-de-la-resilience-face-aux-catastrophes-2\/","og_site_name":"Commission de coop\u00e9ration environnementale","article_publisher":"https:\/\/www.facebook.com\/CECconnect","article_modified_time":"2025-06-20T17:04:59+00:00","og_image":[{"width":450,"height":500,"url":"https:\/\/www.cec.org\/wp-content\/uploads\/2019\/11\/jpac-sjpr-2019.jpg","type":"image\/jpeg"}],"twitter_card":"summary_large_image","twitter_site":"@CECweb","schema":{"@context":"https:\/\/schema.org","@graph":[{"@type":"WebPage","@id":"https:\/\/www.cec.org\/fr\/activites\/approches-communautaires-de-la-resilience-face-aux-catastrophes-2\/","url":"https:\/\/www.cec.org\/fr\/activites\/approches-communautaires-de-la-resilience-face-aux-catastrophes-2\/","name":"Approches communautaires de la r\u00e9silience face aux catastrophes","isPartOf":{"@id":"https:\/\/www.cec.org\/fr\/#website"},"primaryImageOfPage":{"@id":"https:\/\/www.cec.org\/fr\/activites\/approches-communautaires-de-la-resilience-face-aux-catastrophes-2\/#primaryimage"},"image":{"@id":"https:\/\/www.cec.org\/fr\/activites\/approches-communautaires-de-la-resilience-face-aux-catastrophes-2\/#primaryimage"},"thumbnailUrl":"https:\/\/www.cec.org\/wp-content\/uploads\/2019\/11\/jpac-sjpr-2019.jpg","datePublished":"2019-10-22T21:08:37+00:00","dateModified":"2025-06-20T17:04:59+00:00","description":"Confront\u00e9s \u00e0 la variabilit\u00e9 du climat et \u00e0 la multiplication des \u00e9v\u00e9nements m\u00e9t\u00e9orologiques extr\u00eames \u00e0 l\u2019\u00e9chelle du continent, les collectivit\u00e9s et tous","breadcrumb":{"@id":"https:\/\/www.cec.org\/fr\/activites\/approches-communautaires-de-la-resilience-face-aux-catastrophes-2\/#breadcrumb"},"inLanguage":"fr-FR","potentialAction":[{"@type":"ReadAction","target":["https:\/\/www.cec.org\/fr\/activites\/approches-communautaires-de-la-resilience-face-aux-catastrophes-2\/"]}]},{"@type":"ImageObject","inLanguage":"fr-FR","@id":"https:\/\/www.cec.org\/fr\/activites\/approches-communautaires-de-la-resilience-face-aux-catastrophes-2\/#primaryimage","url":"https:\/\/www.cec.org\/wp-content\/uploads\/2019\/11\/jpac-sjpr-2019.jpg","contentUrl":"https:\/\/www.cec.org\/wp-content\/uploads\/2019\/11\/jpac-sjpr-2019.jpg","width":450,"height":500},{"@type":"BreadcrumbList","@id":"https:\/\/www.cec.org\/fr\/activites\/approches-communautaires-de-la-resilience-face-aux-catastrophes-2\/#breadcrumb","itemListElement":[{"@type":"ListItem","position":1,"name":"Accueil","item":"https:\/\/www.cec.org\/fr\/"},{"@type":"ListItem","position":2,"name":"Activit\u00e9s","item":"https:\/\/www.cec.org\/fr\/activites\/"},{"@type":"ListItem","position":3,"name":"Approches communautaires de la r\u00e9silience face aux catastrophes"}]},{"@type":"WebSite","@id":"https:\/\/www.cec.org\/fr\/#website","url":"https:\/\/www.cec.org\/fr\/","name":"Commission for Environmental Cooperation","description":"Three countries working together to protect our shared environment","alternateName":"CEC - CCA -CCE","potentialAction":[{"@type":"SearchAction","target":{"@type":"EntryPoint","urlTemplate":"https:\/\/www.cec.org\/fr\/?s={search_term_string}"},"query-input":{"@type":"PropertyValueSpecification","valueRequired":true,"valueName":"search_term_string"}}],"inLanguage":"fr-FR"}]}},"_links":{"self":[{"href":"https:\/\/www.cec.org\/fr\/wp-json\/wp\/v2\/events\/20694","targetHints":{"allow":["GET"]}}],"collection":[{"href":"https:\/\/www.cec.org\/fr\/wp-json\/wp\/v2\/events"}],"about":[{"href":"https:\/\/www.cec.org\/fr\/wp-json\/wp\/v2\/types\/events"}],"wp:featuredmedia":[{"embeddable":true,"href":"https:\/\/www.cec.org\/fr\/wp-json\/wp\/v2\/media\/8243"}],"wp:attachment":[{"href":"https:\/\/www.cec.org\/fr\/wp-json\/wp\/v2\/media?parent=20694"}],"curies":[{"name":"wp","href":"https:\/\/api.w.org\/{rel}","templated":true}]}}

Approches communautaires de la résilience face aux catastrophes

<p>Confrontés à la variabilité du climat et à la multiplication des événements météorologiques extrêmes à l’échelle du continent, les collectivités et tous les paliers de gouvernement du Canada, du Mexique et des États-Unis se sont fixé comme priorité commune le renforcement de la résilience à l’échelle locale. Cela est particulièrement important pour les collectivités loignées et côtières, totalement vulnérables aux catastrophes naturelles comme les inondations, les feux de forêt, les sécheresses et les ouragans, en raison de leur emplacement et leur situation socio-économique.</p>
<p>Les participants à cette tribune publique découvriront les expériences vécues par les résidents des grandes villes, des collectivités côtières éloignées et des nations autochtones qui ont connu des urgences climatiques, et les efforts qu’ils déploient pour renforcer leur résilience aux catastrophes. La tribune mettra en lumière le lien entre la durabilité de l’environnement et les efforts des citoyens visant à atténuer les impacts des urgences climatiques. De tels événements provoquent de graves problèmes pour les êtres humains et l’environnement, qui nécessitent une planification judicieuse et des mesures à la fois efficaces et rapides. Afin d’examiner les possibilités de coopération trilatérale en matière de résilience aux catastrophes grâce à la CCE et à ses activités, les représentants de collectivités urbaines, rurales et éloignées exposeront leurs expériences et leurs connaissances aux participants.</p>

<p>Confrontés à la variabilité du climat et à la multiplication des événements météorologiques extrêmes à l’échelle du continent, les collectivités et tous les paliers de gouvernement du Canada, du Mexique et des États-Unis se sont fixé comme priorité commune le renforcement de la résilience à l’échelle locale. Cela est particulièrement important pour les collectivités loignées [&hellip;]</p>

<!-- This site is optimized with the Yoast SEO Premium plugin v27.4 (Yoast SEO v27.4) - https://yoast.com/product/yoast-seo-premium-wordpress/ -->
<title>Approches communautaires de la résilience face aux catastrophes</title>
<meta name="description" content="Confrontés à la variabilité du climat et à la multiplication des événements météorologiques extrêmes à l’échelle du continent, les collectivités et tous" />
<meta name="robots" content="index, follow, max-snippet:-1, max-image-preview:large, max-video-preview:-1" />
<link rel="canonical" href="https://www.cec.org/fr/activites/approches-communautaires-de-la-resilience-face-aux-catastrophes-2/" />
<meta property="og:locale" content="fr_FR" />
<meta property="og:type" content="article" />
<meta property="og:title" content="Approches communautaires de la résilience face aux catastrophes" />
<meta property="og:description" content="CEC events range from large public consultations to small, expert meetings on specific environmental issues." />
<meta property="og:url" content="https://www.cec.org/fr/activites/approches-communautaires-de-la-resilience-face-aux-catastrophes-2/" />
<meta property="og:site_name" content="Commission de coopération environnementale" />
<meta property="article:publisher" content="https://www.facebook.com/CECconnect" />
<meta property="article:modified_time" content="2025-06-20T17:04:59+00:00" />
<meta property="og:image" content="https://www.cec.org/wp-content/uploads/2019/11/jpac-sjpr-2019.jpg" />
	<meta property="og:image:width" content="450" />
	<meta property="og:image:height" content="500" />
	<meta property="og:image:type" content="image/jpeg" />
<meta name="twitter:card" content="summary_large_image" />
<meta name="twitter:site" content="@CECweb" />
<script type="application/ld+json" class="yoast-schema-graph">{"@context":"https:\/\/schema.org","@graph":[{"@type":"WebPage","@id":"https:\/\/www.cec.org\/fr\/activites\/approches-communautaires-de-la-resilience-face-aux-catastrophes-2\/","url":"https:\/\/www.cec.org\/fr\/activites\/approches-communautaires-de-la-resilience-face-aux-catastrophes-2\/","name":"Approches communautaires de la résilience face aux catastrophes","isPartOf":{"@id":"https:\/\/www.cec.org\/fr\/#website"},"primaryImageOfPage":{"@id":"https:\/\/www.cec.org\/fr\/activites\/approches-communautaires-de-la-resilience-face-aux-catastrophes-2\/#primaryimage"},"image":{"@id":"https:\/\/www.cec.org\/fr\/activites\/approches-communautaires-de-la-resilience-face-aux-catastrophes-2\/#primaryimage"},"thumbnailUrl":"https:\/\/www.cec.org\/wp-content\/uploads\/2019\/11\/jpac-sjpr-2019.jpg","datePublished":"2019-10-22T21:08:37+00:00","dateModified":"2025-06-20T17:04:59+00:00","description":"Confrontés à la variabilité du climat et à la multiplication des événements météorologiques extrêmes à l’échelle du continent, les collectivités et tous","breadcrumb":{"@id":"https:\/\/www.cec.org\/fr\/activites\/approches-communautaires-de-la-resilience-face-aux-catastrophes-2\/#breadcrumb"},"inLanguage":"fr-FR","potentialAction":[{"@type":"ReadAction","target":["https:\/\/www.cec.org\/fr\/activites\/approches-communautaires-de-la-resilience-face-aux-catastrophes-2\/"]}]},{"@type":"ImageObject","inLanguage":"fr-FR","@id":"https:\/\/www.cec.org\/fr\/activites\/approches-communautaires-de-la-resilience-face-aux-catastrophes-2\/#primaryimage","url":"https:\/\/www.cec.org\/wp-content\/uploads\/2019\/11\/jpac-sjpr-2019.jpg","contentUrl":"https:\/\/www.cec.org\/wp-content\/uploads\/2019\/11\/jpac-sjpr-2019.jpg","width":450,"height":500},{"@type":"BreadcrumbList","@id":"https:\/\/www.cec.org\/fr\/activites\/approches-communautaires-de-la-resilience-face-aux-catastrophes-2\/#breadcrumb","itemListElement":[{"@type":"ListItem","position":1,"name":"Accueil","item":"https:\/\/www.cec.org\/fr\/"},{"@type":"ListItem","position":2,"name":"Activités","item":"https:\/\/www.cec.org\/fr\/activites\/"},{"@type":"ListItem","position":3,"name":"Approches communautaires de la résilience face aux catastrophes"}]},{"@type":"WebSite","@id":"https:\/\/www.cec.org\/fr\/#website","url":"https:\/\/www.cec.org\/fr\/","name":"Commission for Environmental Cooperation","description":"Three countries working together to protect our shared environment","alternateName":"CEC - CCA -CCE","potentialAction":[{"@type":"SearchAction","target":{"@type":"EntryPoint","urlTemplate":"https:\/\/www.cec.org\/fr\/?s={search_term_string}"},"query-input":{"@type":"PropertyValueSpecification","valueRequired":true,"valueName":"search_term_string"}}],"inLanguage":"fr-FR"}]}</script>
<!-- / Yoast SEO Premium plugin. -->

Confrontés à la variabilité du climat et à la multiplication des événements météorologiques extrêmes à l’échelle du continent, les collectivités et tous

Commission de coopération environnementale

Activités
