{"id":14176,"date":"1997-12-11T00:00:00","date_gmt":"1997-12-11T05:00:00","guid":{"rendered":"http:\/\/www.cec.org\/events\/session-du-comite-consultatif-public-mixte-no-97-05\/"},"modified":"2025-06-20T13:17:54","modified_gmt":"2025-06-20T17:17:54","slug":"session-du-comite-consultatif-public-mixte-no-97-05","status":"publish","type":"events","link":"https:\/\/www.cec.org\/fr\/activites\/session-du-comite-consultatif-public-mixte-no-97-05\/","title":{"rendered":"Session du Comit\u00e9 consultatif public mixte no 97\u201305"},"content":{"rendered":"<p>La pr\u00e9sidente du CCPM, Mme Mar\u00eda Cristina Castro, remercie de leur pr\u00e9sence le public et les membres du CCPM, et mentionne que certains membres du Comit\u00e9, \u00e0 savoir Mme Jean Richardson et MM. Mike Apsey, Michael Cloghesy, Guillermo Barroso, Jorge Bustamante, Exequiel Ezcurra et Iv\u00e1n Restrepo ne peuvent assister \u00e0 la s\u00e9ance en raison d\u2019engagements professionnels ou de probl\u00e8mes de sant\u00e9.<\/p>\n<p>Elle indique que l\u2019ordre du jour a \u00e9t\u00e9 dress\u00e9 en deux parties : la premi\u00e8re consiste \u00e0 examiner les questions en suspens et \u00e0 informer les participants, et la deuxi\u00e8me \u00e0 se pencher sur la planification strat\u00e9gique du Comit\u00e9 pour 1998.<\/p>\n","protected":false},"excerpt":{"rendered":"<p>La pr\u00e9sidente du CCPM, Mme Mar\u00eda Cristina Castro, remercie de leur pr\u00e9sence le public et les membres du CCPM, et mentionne que certains membres du Comit\u00e9, \u00e0 savoir Mme Jean Richardson et MM. Mike Apsey, Michael Cloghesy, Guillermo Barroso, Jorge Bustamante, Exequiel Ezcurra et Iv\u00e1n Restrepo ne peuvent assister \u00e0 la s\u00e9ance en raison d\u2019engagements [&hellip;]<\/p>\n","protected":false},"featured_media":0,"template":"","class_list":["post-14176","events","type-events","status-publish","hentry","event_category-reunion-fr","event_category-session-du-ccpm","country-etats-unis","participation-ouvert-au-public-fr"],"acf":[],"yoast_head":"<!-- This site is optimized with the Yoast SEO Premium plugin v27.4 (Yoast SEO v27.4) - https:\/\/yoast.com\/product\/yoast-seo-premium-wordpress\/ -->\n<title>Session du Comit\u00e9 consultatif public mixte no 97\u201305<\/title>\n<meta name=\"description\" content=\"La pr\u00e9sidente du CCPM, Mme Mar\u00eda Cristina Castro, remercie de leur pr\u00e9sence le public et les membres du CCPM, et mentionne que certains membres du Comit\u00e9,\" \/>\n<meta name=\"robots\" content=\"index, follow, max-snippet:-1, max-image-preview:large, max-video-preview:-1\" \/>\n<link rel=\"canonical\" href=\"https:\/\/www.cec.org\/fr\/activites\/session-du-comite-consultatif-public-mixte-no-97-05\/\" \/>\n<meta property=\"og:locale\" content=\"fr_FR\" \/>\n<meta property=\"og:type\" content=\"article\" \/>\n<meta property=\"og:title\" content=\"Session du Comit\u00e9 consultatif public mixte no 97\u201305\" \/>\n<meta property=\"og:description\" content=\"CEC events range from large public consultations to small, expert meetings on specific environmental issues.\" \/>\n<meta property=\"og:url\" content=\"https:\/\/www.cec.org\/fr\/activites\/session-du-comite-consultatif-public-mixte-no-97-05\/\" \/>\n<meta property=\"og:site_name\" content=\"Commission de coop\u00e9ration environnementale\" \/>\n<meta property=\"article:publisher\" content=\"https:\/\/www.facebook.com\/CECconnect\" \/>\n<meta property=\"article:modified_time\" content=\"2025-06-20T17:17:54+00:00\" \/>\n<meta property=\"og:image\" content=\"https:\/\/www.cec.org\/wp-content\/uploads\/2020\/03\/jpac-thumbnail.jpg\" \/>\n\t<meta property=\"og:image:width\" content=\"600\" \/>\n\t<meta property=\"og:image:height\" content=\"342\" \/>\n\t<meta property=\"og:image:type\" content=\"image\/jpeg\" \/>\n<meta name=\"twitter:card\" content=\"summary_large_image\" \/>\n<meta name=\"twitter:site\" content=\"@CECweb\" \/>\n<script type=\"application\/ld+json\" class=\"yoast-schema-graph\">{\"@context\":\"https:\\\/\\\/schema.org\",\"@graph\":[{\"@type\":\"WebPage\",\"@id\":\"https:\\\/\\\/www.cec.org\\\/fr\\\/activites\\\/session-du-comite-consultatif-public-mixte-no-97-05\\\/\",\"url\":\"https:\\\/\\\/www.cec.org\\\/fr\\\/activites\\\/session-du-comite-consultatif-public-mixte-no-97-05\\\/\",\"name\":\"Session du Comit\u00e9 consultatif public mixte no 97\u201305\",\"isPartOf\":{\"@id\":\"https:\\\/\\\/www.cec.org\\\/fr\\\/#website\"},\"datePublished\":\"1997-12-11T05:00:00+00:00\",\"dateModified\":\"2025-06-20T17:17:54+00:00\",\"description\":\"La pr\u00e9sidente du CCPM, Mme Mar\u00eda Cristina Castro, remercie de leur pr\u00e9sence le public et les membres du CCPM, et mentionne que certains membres du Comit\u00e9,\",\"breadcrumb\":{\"@id\":\"https:\\\/\\\/www.cec.org\\\/fr\\\/activites\\\/session-du-comite-consultatif-public-mixte-no-97-05\\\/#breadcrumb\"},\"inLanguage\":\"fr-FR\",\"potentialAction\":[{\"@type\":\"ReadAction\",\"target\":[\"https:\\\/\\\/www.cec.org\\\/fr\\\/activites\\\/session-du-comite-consultatif-public-mixte-no-97-05\\\/\"]}]},{\"@type\":\"BreadcrumbList\",\"@id\":\"https:\\\/\\\/www.cec.org\\\/fr\\\/activites\\\/session-du-comite-consultatif-public-mixte-no-97-05\\\/#breadcrumb\",\"itemListElement\":[{\"@type\":\"ListItem\",\"position\":1,\"name\":\"Accueil\",\"item\":\"https:\\\/\\\/www.cec.org\\\/fr\\\/\"},{\"@type\":\"ListItem\",\"position\":2,\"name\":\"Activit\u00e9s\",\"item\":\"https:\\\/\\\/www.cec.org\\\/fr\\\/activites\\\/\"},{\"@type\":\"ListItem\",\"position\":3,\"name\":\"Session du Comit\u00e9 consultatif public mixte no 97\u201305\"}]},{\"@type\":\"WebSite\",\"@id\":\"https:\\\/\\\/www.cec.org\\\/fr\\\/#website\",\"url\":\"https:\\\/\\\/www.cec.org\\\/fr\\\/\",\"name\":\"Commission for Environmental Cooperation\",\"description\":\"Three countries working together to protect our shared environment\",\"alternateName\":\"CEC - CCA -CCE\",\"potentialAction\":[{\"@type\":\"SearchAction\",\"target\":{\"@type\":\"EntryPoint\",\"urlTemplate\":\"https:\\\/\\\/www.cec.org\\\/fr\\\/?s={search_term_string}\"},\"query-input\":{\"@type\":\"PropertyValueSpecification\",\"valueRequired\":true,\"valueName\":\"search_term_string\"}}],\"inLanguage\":\"fr-FR\"}]}<\/script>\n<!-- \/ Yoast SEO Premium plugin. -->","yoast_head_json":{"title":"Session du Comit\u00e9 consultatif public mixte no 97\u201305","description":"La pr\u00e9sidente du CCPM, Mme Mar\u00eda Cristina Castro, remercie de leur pr\u00e9sence le public et les membres du CCPM, et mentionne que certains membres du Comit\u00e9,","robots":{"index":"index","follow":"follow","max-snippet":"max-snippet:-1","max-image-preview":"max-image-preview:large","max-video-preview":"max-video-preview:-1"},"canonical":"https:\/\/www.cec.org\/fr\/activites\/session-du-comite-consultatif-public-mixte-no-97-05\/","og_locale":"fr_FR","og_type":"article","og_title":"Session du Comit\u00e9 consultatif public mixte no 97\u201305","og_description":"CEC events range from large public consultations to small, expert meetings on specific environmental issues.","og_url":"https:\/\/www.cec.org\/fr\/activites\/session-du-comite-consultatif-public-mixte-no-97-05\/","og_site_name":"Commission de coop\u00e9ration environnementale","article_publisher":"https:\/\/www.facebook.com\/CECconnect","article_modified_time":"2025-06-20T17:17:54+00:00","og_image":[{"width":600,"height":342,"url":"https:\/\/www.cec.org\/wp-content\/uploads\/2020\/03\/jpac-thumbnail.jpg","type":"image\/jpeg"}],"twitter_card":"summary_large_image","twitter_site":"@CECweb","schema":{"@context":"https:\/\/schema.org","@graph":[{"@type":"WebPage","@id":"https:\/\/www.cec.org\/fr\/activites\/session-du-comite-consultatif-public-mixte-no-97-05\/","url":"https:\/\/www.cec.org\/fr\/activites\/session-du-comite-consultatif-public-mixte-no-97-05\/","name":"Session du Comit\u00e9 consultatif public mixte no 97\u201305","isPartOf":{"@id":"https:\/\/www.cec.org\/fr\/#website"},"datePublished":"1997-12-11T05:00:00+00:00","dateModified":"2025-06-20T17:17:54+00:00","description":"La pr\u00e9sidente du CCPM, Mme Mar\u00eda Cristina Castro, remercie de leur pr\u00e9sence le public et les membres du CCPM, et mentionne que certains membres du Comit\u00e9,","breadcrumb":{"@id":"https:\/\/www.cec.org\/fr\/activites\/session-du-comite-consultatif-public-mixte-no-97-05\/#breadcrumb"},"inLanguage":"fr-FR","potentialAction":[{"@type":"ReadAction","target":["https:\/\/www.cec.org\/fr\/activites\/session-du-comite-consultatif-public-mixte-no-97-05\/"]}]},{"@type":"BreadcrumbList","@id":"https:\/\/www.cec.org\/fr\/activites\/session-du-comite-consultatif-public-mixte-no-97-05\/#breadcrumb","itemListElement":[{"@type":"ListItem","position":1,"name":"Accueil","item":"https:\/\/www.cec.org\/fr\/"},{"@type":"ListItem","position":2,"name":"Activit\u00e9s","item":"https:\/\/www.cec.org\/fr\/activites\/"},{"@type":"ListItem","position":3,"name":"Session du Comit\u00e9 consultatif public mixte no 97\u201305"}]},{"@type":"WebSite","@id":"https:\/\/www.cec.org\/fr\/#website","url":"https:\/\/www.cec.org\/fr\/","name":"Commission for Environmental Cooperation","description":"Three countries working together to protect our shared environment","alternateName":"CEC - CCA -CCE","potentialAction":[{"@type":"SearchAction","target":{"@type":"EntryPoint","urlTemplate":"https:\/\/www.cec.org\/fr\/?s={search_term_string}"},"query-input":{"@type":"PropertyValueSpecification","valueRequired":true,"valueName":"search_term_string"}}],"inLanguage":"fr-FR"}]}},"_links":{"self":[{"href":"https:\/\/www.cec.org\/fr\/wp-json\/wp\/v2\/events\/14176","targetHints":{"allow":["GET"]}}],"collection":[{"href":"https:\/\/www.cec.org\/fr\/wp-json\/wp\/v2\/events"}],"about":[{"href":"https:\/\/www.cec.org\/fr\/wp-json\/wp\/v2\/types\/events"}],"wp:attachment":[{"href":"https:\/\/www.cec.org\/fr\/wp-json\/wp\/v2\/media?parent=14176"}],"curies":[{"name":"wp","href":"https:\/\/api.w.org\/{rel}","templated":true}]}}

Session du Comité consultatif public mixte no 97–05

<p>La présidente du CCPM, Mme María Cristina Castro, remercie de leur présence le public et les membres du CCPM, et mentionne que certains membres du Comité, à savoir Mme Jean Richardson et MM. Mike Apsey, Michael Cloghesy, Guillermo Barroso, Jorge Bustamante, Exequiel Ezcurra et Iván Restrepo ne peuvent assister à la séance en raison d’engagements professionnels ou de problèmes de santé.</p>
<p>Elle indique que l’ordre du jour a été dressé en deux parties : la première consiste à examiner les questions en suspens et à informer les participants, et la deuxième à se pencher sur la planification stratégique du Comité pour 1998.</p>

<p>La présidente du CCPM, Mme María Cristina Castro, remercie de leur présence le public et les membres du CCPM, et mentionne que certains membres du Comité, à savoir Mme Jean Richardson et MM. Mike Apsey, Michael Cloghesy, Guillermo Barroso, Jorge Bustamante, Exequiel Ezcurra et Iván Restrepo ne peuvent assister à la séance en raison d’engagements [&hellip;]</p>

<!-- This site is optimized with the Yoast SEO Premium plugin v27.4 (Yoast SEO v27.4) - https://yoast.com/product/yoast-seo-premium-wordpress/ -->
<title>Session du Comité consultatif public mixte no 97–05</title>
<meta name="description" content="La présidente du CCPM, Mme María Cristina Castro, remercie de leur présence le public et les membres du CCPM, et mentionne que certains membres du Comité," />
<meta name="robots" content="index, follow, max-snippet:-1, max-image-preview:large, max-video-preview:-1" />
<link rel="canonical" href="https://www.cec.org/fr/activites/session-du-comite-consultatif-public-mixte-no-97-05/" />
<meta property="og:locale" content="fr_FR" />
<meta property="og:type" content="article" />
<meta property="og:title" content="Session du Comité consultatif public mixte no 97–05" />
<meta property="og:description" content="CEC events range from large public consultations to small, expert meetings on specific environmental issues." />
<meta property="og:url" content="https://www.cec.org/fr/activites/session-du-comite-consultatif-public-mixte-no-97-05/" />
<meta property="og:site_name" content="Commission de coopération environnementale" />
<meta property="article:publisher" content="https://www.facebook.com/CECconnect" />
<meta property="article:modified_time" content="2025-06-20T17:17:54+00:00" />
<meta property="og:image" content="https://www.cec.org/wp-content/uploads/2020/03/jpac-thumbnail.jpg" />
	<meta property="og:image:width" content="600" />
	<meta property="og:image:height" content="342" />
	<meta property="og:image:type" content="image/jpeg" />
<meta name="twitter:card" content="summary_large_image" />
<meta name="twitter:site" content="@CECweb" />
<script type="application/ld+json" class="yoast-schema-graph">{"@context":"https:\/\/schema.org","@graph":[{"@type":"WebPage","@id":"https:\/\/www.cec.org\/fr\/activites\/session-du-comite-consultatif-public-mixte-no-97-05\/","url":"https:\/\/www.cec.org\/fr\/activites\/session-du-comite-consultatif-public-mixte-no-97-05\/","name":"Session du Comité consultatif public mixte no 97–05","isPartOf":{"@id":"https:\/\/www.cec.org\/fr\/#website"},"datePublished":"1997-12-11T05:00:00+00:00","dateModified":"2025-06-20T17:17:54+00:00","description":"La présidente du CCPM, Mme María Cristina Castro, remercie de leur présence le public et les membres du CCPM, et mentionne que certains membres du Comité,","breadcrumb":{"@id":"https:\/\/www.cec.org\/fr\/activites\/session-du-comite-consultatif-public-mixte-no-97-05\/#breadcrumb"},"inLanguage":"fr-FR","potentialAction":[{"@type":"ReadAction","target":["https:\/\/www.cec.org\/fr\/activites\/session-du-comite-consultatif-public-mixte-no-97-05\/"]}]},{"@type":"BreadcrumbList","@id":"https:\/\/www.cec.org\/fr\/activites\/session-du-comite-consultatif-public-mixte-no-97-05\/#breadcrumb","itemListElement":[{"@type":"ListItem","position":1,"name":"Accueil","item":"https:\/\/www.cec.org\/fr\/"},{"@type":"ListItem","position":2,"name":"Activités","item":"https:\/\/www.cec.org\/fr\/activites\/"},{"@type":"ListItem","position":3,"name":"Session du Comité consultatif public mixte no 97–05"}]},{"@type":"WebSite","@id":"https:\/\/www.cec.org\/fr\/#website","url":"https:\/\/www.cec.org\/fr\/","name":"Commission for Environmental Cooperation","description":"Three countries working together to protect our shared environment","alternateName":"CEC - CCA -CCE","potentialAction":[{"@type":"SearchAction","target":{"@type":"EntryPoint","urlTemplate":"https:\/\/www.cec.org\/fr\/?s={search_term_string}"},"query-input":{"@type":"PropertyValueSpecification","valueRequired":true,"valueName":"search_term_string"}}],"inLanguage":"fr-FR"}]}</script>
<!-- / Yoast SEO Premium plugin. -->

La présidente du CCPM, Mme María Cristina Castro, remercie de leur présence le public et les membres du CCPM, et mentionne que certains membres du Comité,

Commission de coopération environnementale

Activités
