{"id":14139,"date":"2016-11-08T00:00:00","date_gmt":"2016-11-08T05:00:00","guid":{"rendered":"http:\/\/www.cec.org\/events\/reunion-des-membres-du-comite-directeur-de-linitiative-de-la-diminution-et-recuperation-des-dechets-alimentaires-en-amerique-du-nord\/"},"modified":"2025-06-20T13:05:51","modified_gmt":"2025-06-20T17:05:51","slug":"reunion-des-membres-du-comite-directeur-de-linitiative-de-la-diminution-et-recuperation-des-dechets-alimentaires-en-amerique-du-nord","status":"publish","type":"events","link":"https:\/\/www.cec.org\/fr\/activites\/reunion-des-membres-du-comite-directeur-de-linitiative-de-la-diminution-et-recuperation-des-dechets-alimentaires-en-amerique-du-nord\/","title":{"rendered":"R\u00e9union des membres du comit\u00e9 directeur de l\u2019initiative de la diminution et r\u00e9cup\u00e9ration des d\u00e9chets alimentaires en Am\u00e9rique du Nord"},"content":{"rendered":"<p>Cette r\u00e9union permettra de rassembler les membres du Comit\u00e9 directeur dans le but d\u2019examiner les produits que devra lui livrer le consultant et de pr\u00e9ciser les actions cl\u00e9s n\u00e9cessaires pour mener \u00e0 bien le projet.<\/p>\n","protected":false},"excerpt":{"rendered":"<p>Cette r\u00e9union permettra de rassembler les membres du Comit\u00e9 directeur dans le but d\u2019examiner les produits que devra lui livrer le consultant et de pr\u00e9ciser les actions cl\u00e9s n\u00e9cessaires pour mener \u00e0 bien le projet.<\/p>\n","protected":false},"featured_media":4509,"template":"","class_list":["post-14139","events","type-events","status-publish","has-post-thumbnail","hentry","event_category-reunion-fr","country-etats-unis","participation-ferme-fr","themes-pga"],"acf":[],"yoast_head":"<!-- This site is optimized with the Yoast SEO Premium plugin v27.4 (Yoast SEO v27.4) - https:\/\/yoast.com\/product\/yoast-seo-premium-wordpress\/ -->\n<title>R\u00e9union des membres du comit\u00e9 directeur de l\u2019initiative de la diminution et r\u00e9cup\u00e9ration des d\u00e9chets alimentaires en Am\u00e9rique du Nord<\/title>\n<meta name=\"description\" content=\"Cette r\u00e9union permettra de rassembler les membres du Comit\u00e9 directeur dans le but d\u2019examiner les produits que devra lui livrer le consultant et de\" \/>\n<meta name=\"robots\" content=\"index, follow, max-snippet:-1, max-image-preview:large, max-video-preview:-1\" \/>\n<link rel=\"canonical\" href=\"https:\/\/www.cec.org\/fr\/activites\/reunion-des-membres-du-comite-directeur-de-linitiative-de-la-diminution-et-recuperation-des-dechets-alimentaires-en-amerique-du-nord\/\" \/>\n<meta property=\"og:locale\" content=\"fr_FR\" \/>\n<meta property=\"og:type\" content=\"article\" \/>\n<meta property=\"og:title\" content=\"R\u00e9union des membres du comit\u00e9 directeur de l\u2019initiative de la diminution et r\u00e9cup\u00e9ration des d\u00e9chets alimentaires en Am\u00e9rique du Nord\" \/>\n<meta property=\"og:description\" content=\"CEC events range from large public consultations to small, expert meetings on specific environmental issues.\" \/>\n<meta property=\"og:url\" content=\"https:\/\/www.cec.org\/fr\/activites\/reunion-des-membres-du-comite-directeur-de-linitiative-de-la-diminution-et-recuperation-des-dechets-alimentaires-en-amerique-du-nord\/\" \/>\n<meta property=\"og:site_name\" content=\"Commission de coop\u00e9ration environnementale\" \/>\n<meta property=\"article:publisher\" content=\"https:\/\/www.facebook.com\/CECconnect\" \/>\n<meta property=\"article:modified_time\" content=\"2025-06-20T17:05:51+00:00\" \/>\n<meta property=\"og:image\" content=\"https:\/\/www.cec.org\/wp-content\/uploads\/2019\/10\/cc-food-waste.jpg\" \/>\n\t<meta property=\"og:image:width\" content=\"600\" \/>\n\t<meta property=\"og:image:height\" content=\"342\" \/>\n\t<meta property=\"og:image:type\" content=\"image\/jpeg\" \/>\n<meta name=\"twitter:card\" content=\"summary_large_image\" \/>\n<meta name=\"twitter:site\" content=\"@CECweb\" \/>\n<script type=\"application\/ld+json\" class=\"yoast-schema-graph\">{\"@context\":\"https:\\\/\\\/schema.org\",\"@graph\":[{\"@type\":\"WebPage\",\"@id\":\"https:\\\/\\\/www.cec.org\\\/fr\\\/activites\\\/reunion-des-membres-du-comite-directeur-de-linitiative-de-la-diminution-et-recuperation-des-dechets-alimentaires-en-amerique-du-nord\\\/\",\"url\":\"https:\\\/\\\/www.cec.org\\\/fr\\\/activites\\\/reunion-des-membres-du-comite-directeur-de-linitiative-de-la-diminution-et-recuperation-des-dechets-alimentaires-en-amerique-du-nord\\\/\",\"name\":\"R\u00e9union des membres du comit\u00e9 directeur de l\u2019initiative de la diminution et r\u00e9cup\u00e9ration des d\u00e9chets alimentaires en Am\u00e9rique du Nord\",\"isPartOf\":{\"@id\":\"https:\\\/\\\/www.cec.org\\\/fr\\\/#website\"},\"primaryImageOfPage\":{\"@id\":\"https:\\\/\\\/www.cec.org\\\/fr\\\/activites\\\/reunion-des-membres-du-comite-directeur-de-linitiative-de-la-diminution-et-recuperation-des-dechets-alimentaires-en-amerique-du-nord\\\/#primaryimage\"},\"image\":{\"@id\":\"https:\\\/\\\/www.cec.org\\\/fr\\\/activites\\\/reunion-des-membres-du-comite-directeur-de-linitiative-de-la-diminution-et-recuperation-des-dechets-alimentaires-en-amerique-du-nord\\\/#primaryimage\"},\"thumbnailUrl\":\"https:\\\/\\\/www.cec.org\\\/wp-content\\\/uploads\\\/2019\\\/10\\\/cc-food-waste.jpg\",\"datePublished\":\"2016-11-08T05:00:00+00:00\",\"dateModified\":\"2025-06-20T17:05:51+00:00\",\"description\":\"Cette r\u00e9union permettra de rassembler les membres du Comit\u00e9 directeur dans le but d\u2019examiner les produits que devra lui livrer le consultant et de\",\"breadcrumb\":{\"@id\":\"https:\\\/\\\/www.cec.org\\\/fr\\\/activites\\\/reunion-des-membres-du-comite-directeur-de-linitiative-de-la-diminution-et-recuperation-des-dechets-alimentaires-en-amerique-du-nord\\\/#breadcrumb\"},\"inLanguage\":\"fr-FR\",\"potentialAction\":[{\"@type\":\"ReadAction\",\"target\":[\"https:\\\/\\\/www.cec.org\\\/fr\\\/activites\\\/reunion-des-membres-du-comite-directeur-de-linitiative-de-la-diminution-et-recuperation-des-dechets-alimentaires-en-amerique-du-nord\\\/\"]}]},{\"@type\":\"ImageObject\",\"inLanguage\":\"fr-FR\",\"@id\":\"https:\\\/\\\/www.cec.org\\\/fr\\\/activites\\\/reunion-des-membres-du-comite-directeur-de-linitiative-de-la-diminution-et-recuperation-des-dechets-alimentaires-en-amerique-du-nord\\\/#primaryimage\",\"url\":\"https:\\\/\\\/www.cec.org\\\/wp-content\\\/uploads\\\/2019\\\/10\\\/cc-food-waste.jpg\",\"contentUrl\":\"https:\\\/\\\/www.cec.org\\\/wp-content\\\/uploads\\\/2019\\\/10\\\/cc-food-waste.jpg\",\"width\":600,\"height\":342,\"caption\":\"Projet de la CCE\"},{\"@type\":\"BreadcrumbList\",\"@id\":\"https:\\\/\\\/www.cec.org\\\/fr\\\/activites\\\/reunion-des-membres-du-comite-directeur-de-linitiative-de-la-diminution-et-recuperation-des-dechets-alimentaires-en-amerique-du-nord\\\/#breadcrumb\",\"itemListElement\":[{\"@type\":\"ListItem\",\"position\":1,\"name\":\"Accueil\",\"item\":\"https:\\\/\\\/www.cec.org\\\/fr\\\/\"},{\"@type\":\"ListItem\",\"position\":2,\"name\":\"Activit\u00e9s\",\"item\":\"https:\\\/\\\/www.cec.org\\\/fr\\\/activites\\\/\"},{\"@type\":\"ListItem\",\"position\":3,\"name\":\"R\u00e9union des membres du comit\u00e9 directeur de l\u2019initiative de la diminution et r\u00e9cup\u00e9ration des d\u00e9chets alimentaires en Am\u00e9rique du Nord\"}]},{\"@type\":\"WebSite\",\"@id\":\"https:\\\/\\\/www.cec.org\\\/fr\\\/#website\",\"url\":\"https:\\\/\\\/www.cec.org\\\/fr\\\/\",\"name\":\"Commission for Environmental Cooperation\",\"description\":\"Three countries working together to protect our shared environment\",\"alternateName\":\"CEC - CCA -CCE\",\"potentialAction\":[{\"@type\":\"SearchAction\",\"target\":{\"@type\":\"EntryPoint\",\"urlTemplate\":\"https:\\\/\\\/www.cec.org\\\/fr\\\/?s={search_term_string}\"},\"query-input\":{\"@type\":\"PropertyValueSpecification\",\"valueRequired\":true,\"valueName\":\"search_term_string\"}}],\"inLanguage\":\"fr-FR\"}]}<\/script>\n<!-- \/ Yoast SEO Premium plugin. -->","yoast_head_json":{"title":"R\u00e9union des membres du comit\u00e9 directeur de l\u2019initiative de la diminution et r\u00e9cup\u00e9ration des d\u00e9chets alimentaires en Am\u00e9rique du Nord","description":"Cette r\u00e9union permettra de rassembler les membres du Comit\u00e9 directeur dans le but d\u2019examiner les produits que devra lui livrer le consultant et de","robots":{"index":"index","follow":"follow","max-snippet":"max-snippet:-1","max-image-preview":"max-image-preview:large","max-video-preview":"max-video-preview:-1"},"canonical":"https:\/\/www.cec.org\/fr\/activites\/reunion-des-membres-du-comite-directeur-de-linitiative-de-la-diminution-et-recuperation-des-dechets-alimentaires-en-amerique-du-nord\/","og_locale":"fr_FR","og_type":"article","og_title":"R\u00e9union des membres du comit\u00e9 directeur de l\u2019initiative de la diminution et r\u00e9cup\u00e9ration des d\u00e9chets alimentaires en Am\u00e9rique du Nord","og_description":"CEC events range from large public consultations to small, expert meetings on specific environmental issues.","og_url":"https:\/\/www.cec.org\/fr\/activites\/reunion-des-membres-du-comite-directeur-de-linitiative-de-la-diminution-et-recuperation-des-dechets-alimentaires-en-amerique-du-nord\/","og_site_name":"Commission de coop\u00e9ration environnementale","article_publisher":"https:\/\/www.facebook.com\/CECconnect","article_modified_time":"2025-06-20T17:05:51+00:00","og_image":[{"width":600,"height":342,"url":"https:\/\/www.cec.org\/wp-content\/uploads\/2019\/10\/cc-food-waste.jpg","type":"image\/jpeg"}],"twitter_card":"summary_large_image","twitter_site":"@CECweb","schema":{"@context":"https:\/\/schema.org","@graph":[{"@type":"WebPage","@id":"https:\/\/www.cec.org\/fr\/activites\/reunion-des-membres-du-comite-directeur-de-linitiative-de-la-diminution-et-recuperation-des-dechets-alimentaires-en-amerique-du-nord\/","url":"https:\/\/www.cec.org\/fr\/activites\/reunion-des-membres-du-comite-directeur-de-linitiative-de-la-diminution-et-recuperation-des-dechets-alimentaires-en-amerique-du-nord\/","name":"R\u00e9union des membres du comit\u00e9 directeur de l\u2019initiative de la diminution et r\u00e9cup\u00e9ration des d\u00e9chets alimentaires en Am\u00e9rique du Nord","isPartOf":{"@id":"https:\/\/www.cec.org\/fr\/#website"},"primaryImageOfPage":{"@id":"https:\/\/www.cec.org\/fr\/activites\/reunion-des-membres-du-comite-directeur-de-linitiative-de-la-diminution-et-recuperation-des-dechets-alimentaires-en-amerique-du-nord\/#primaryimage"},"image":{"@id":"https:\/\/www.cec.org\/fr\/activites\/reunion-des-membres-du-comite-directeur-de-linitiative-de-la-diminution-et-recuperation-des-dechets-alimentaires-en-amerique-du-nord\/#primaryimage"},"thumbnailUrl":"https:\/\/www.cec.org\/wp-content\/uploads\/2019\/10\/cc-food-waste.jpg","datePublished":"2016-11-08T05:00:00+00:00","dateModified":"2025-06-20T17:05:51+00:00","description":"Cette r\u00e9union permettra de rassembler les membres du Comit\u00e9 directeur dans le but d\u2019examiner les produits que devra lui livrer le consultant et de","breadcrumb":{"@id":"https:\/\/www.cec.org\/fr\/activites\/reunion-des-membres-du-comite-directeur-de-linitiative-de-la-diminution-et-recuperation-des-dechets-alimentaires-en-amerique-du-nord\/#breadcrumb"},"inLanguage":"fr-FR","potentialAction":[{"@type":"ReadAction","target":["https:\/\/www.cec.org\/fr\/activites\/reunion-des-membres-du-comite-directeur-de-linitiative-de-la-diminution-et-recuperation-des-dechets-alimentaires-en-amerique-du-nord\/"]}]},{"@type":"ImageObject","inLanguage":"fr-FR","@id":"https:\/\/www.cec.org\/fr\/activites\/reunion-des-membres-du-comite-directeur-de-linitiative-de-la-diminution-et-recuperation-des-dechets-alimentaires-en-amerique-du-nord\/#primaryimage","url":"https:\/\/www.cec.org\/wp-content\/uploads\/2019\/10\/cc-food-waste.jpg","contentUrl":"https:\/\/www.cec.org\/wp-content\/uploads\/2019\/10\/cc-food-waste.jpg","width":600,"height":342,"caption":"Projet de la CCE"},{"@type":"BreadcrumbList","@id":"https:\/\/www.cec.org\/fr\/activites\/reunion-des-membres-du-comite-directeur-de-linitiative-de-la-diminution-et-recuperation-des-dechets-alimentaires-en-amerique-du-nord\/#breadcrumb","itemListElement":[{"@type":"ListItem","position":1,"name":"Accueil","item":"https:\/\/www.cec.org\/fr\/"},{"@type":"ListItem","position":2,"name":"Activit\u00e9s","item":"https:\/\/www.cec.org\/fr\/activites\/"},{"@type":"ListItem","position":3,"name":"R\u00e9union des membres du comit\u00e9 directeur de l\u2019initiative de la diminution et r\u00e9cup\u00e9ration des d\u00e9chets alimentaires en Am\u00e9rique du Nord"}]},{"@type":"WebSite","@id":"https:\/\/www.cec.org\/fr\/#website","url":"https:\/\/www.cec.org\/fr\/","name":"Commission for Environmental Cooperation","description":"Three countries working together to protect our shared environment","alternateName":"CEC - CCA -CCE","potentialAction":[{"@type":"SearchAction","target":{"@type":"EntryPoint","urlTemplate":"https:\/\/www.cec.org\/fr\/?s={search_term_string}"},"query-input":{"@type":"PropertyValueSpecification","valueRequired":true,"valueName":"search_term_string"}}],"inLanguage":"fr-FR"}]}},"_links":{"self":[{"href":"https:\/\/www.cec.org\/fr\/wp-json\/wp\/v2\/events\/14139","targetHints":{"allow":["GET"]}}],"collection":[{"href":"https:\/\/www.cec.org\/fr\/wp-json\/wp\/v2\/events"}],"about":[{"href":"https:\/\/www.cec.org\/fr\/wp-json\/wp\/v2\/types\/events"}],"wp:featuredmedia":[{"embeddable":true,"href":"https:\/\/www.cec.org\/fr\/wp-json\/wp\/v2\/media\/4509"}],"wp:attachment":[{"href":"https:\/\/www.cec.org\/fr\/wp-json\/wp\/v2\/media?parent=14139"}],"curies":[{"name":"wp","href":"https:\/\/api.w.org\/{rel}","templated":true}]}}

Réunion des membres du comité directeur de l’initiative de la diminution et récupération des déchets alimentaires en Amérique du Nord

<p>Cette réunion permettra de rassembler les membres du Comité directeur dans le but d’examiner les produits que devra lui livrer le consultant et de préciser les actions clés nécessaires pour mener à bien le projet.</p>

<!-- This site is optimized with the Yoast SEO Premium plugin v27.4 (Yoast SEO v27.4) - https://yoast.com/product/yoast-seo-premium-wordpress/ -->
<title>Réunion des membres du comité directeur de l’initiative de la diminution et récupération des déchets alimentaires en Amérique du Nord</title>
<meta name="description" content="Cette réunion permettra de rassembler les membres du Comité directeur dans le but d’examiner les produits que devra lui livrer le consultant et de" />
<meta name="robots" content="index, follow, max-snippet:-1, max-image-preview:large, max-video-preview:-1" />
<link rel="canonical" href="https://www.cec.org/fr/activites/reunion-des-membres-du-comite-directeur-de-linitiative-de-la-diminution-et-recuperation-des-dechets-alimentaires-en-amerique-du-nord/" />
<meta property="og:locale" content="fr_FR" />
<meta property="og:type" content="article" />
<meta property="og:title" content="Réunion des membres du comité directeur de l’initiative de la diminution et récupération des déchets alimentaires en Amérique du Nord" />
<meta property="og:description" content="CEC events range from large public consultations to small, expert meetings on specific environmental issues." />
<meta property="og:url" content="https://www.cec.org/fr/activites/reunion-des-membres-du-comite-directeur-de-linitiative-de-la-diminution-et-recuperation-des-dechets-alimentaires-en-amerique-du-nord/" />
<meta property="og:site_name" content="Commission de coopération environnementale" />
<meta property="article:publisher" content="https://www.facebook.com/CECconnect" />
<meta property="article:modified_time" content="2025-06-20T17:05:51+00:00" />
<meta property="og:image" content="https://www.cec.org/wp-content/uploads/2019/10/cc-food-waste.jpg" />
	<meta property="og:image:width" content="600" />
	<meta property="og:image:height" content="342" />
	<meta property="og:image:type" content="image/jpeg" />
<meta name="twitter:card" content="summary_large_image" />
<meta name="twitter:site" content="@CECweb" />
<script type="application/ld+json" class="yoast-schema-graph">{"@context":"https:\/\/schema.org","@graph":[{"@type":"WebPage","@id":"https:\/\/www.cec.org\/fr\/activites\/reunion-des-membres-du-comite-directeur-de-linitiative-de-la-diminution-et-recuperation-des-dechets-alimentaires-en-amerique-du-nord\/","url":"https:\/\/www.cec.org\/fr\/activites\/reunion-des-membres-du-comite-directeur-de-linitiative-de-la-diminution-et-recuperation-des-dechets-alimentaires-en-amerique-du-nord\/","name":"Réunion des membres du comité directeur de l’initiative de la diminution et récupération des déchets alimentaires en Amérique du Nord","isPartOf":{"@id":"https:\/\/www.cec.org\/fr\/#website"},"primaryImageOfPage":{"@id":"https:\/\/www.cec.org\/fr\/activites\/reunion-des-membres-du-comite-directeur-de-linitiative-de-la-diminution-et-recuperation-des-dechets-alimentaires-en-amerique-du-nord\/#primaryimage"},"image":{"@id":"https:\/\/www.cec.org\/fr\/activites\/reunion-des-membres-du-comite-directeur-de-linitiative-de-la-diminution-et-recuperation-des-dechets-alimentaires-en-amerique-du-nord\/#primaryimage"},"thumbnailUrl":"https:\/\/www.cec.org\/wp-content\/uploads\/2019\/10\/cc-food-waste.jpg","datePublished":"2016-11-08T05:00:00+00:00","dateModified":"2025-06-20T17:05:51+00:00","description":"Cette réunion permettra de rassembler les membres du Comité directeur dans le but d’examiner les produits que devra lui livrer le consultant et de","breadcrumb":{"@id":"https:\/\/www.cec.org\/fr\/activites\/reunion-des-membres-du-comite-directeur-de-linitiative-de-la-diminution-et-recuperation-des-dechets-alimentaires-en-amerique-du-nord\/#breadcrumb"},"inLanguage":"fr-FR","potentialAction":[{"@type":"ReadAction","target":["https:\/\/www.cec.org\/fr\/activites\/reunion-des-membres-du-comite-directeur-de-linitiative-de-la-diminution-et-recuperation-des-dechets-alimentaires-en-amerique-du-nord\/"]}]},{"@type":"ImageObject","inLanguage":"fr-FR","@id":"https:\/\/www.cec.org\/fr\/activites\/reunion-des-membres-du-comite-directeur-de-linitiative-de-la-diminution-et-recuperation-des-dechets-alimentaires-en-amerique-du-nord\/#primaryimage","url":"https:\/\/www.cec.org\/wp-content\/uploads\/2019\/10\/cc-food-waste.jpg","contentUrl":"https:\/\/www.cec.org\/wp-content\/uploads\/2019\/10\/cc-food-waste.jpg","width":600,"height":342,"caption":"Projet de la CCE"},{"@type":"BreadcrumbList","@id":"https:\/\/www.cec.org\/fr\/activites\/reunion-des-membres-du-comite-directeur-de-linitiative-de-la-diminution-et-recuperation-des-dechets-alimentaires-en-amerique-du-nord\/#breadcrumb","itemListElement":[{"@type":"ListItem","position":1,"name":"Accueil","item":"https:\/\/www.cec.org\/fr\/"},{"@type":"ListItem","position":2,"name":"Activités","item":"https:\/\/www.cec.org\/fr\/activites\/"},{"@type":"ListItem","position":3,"name":"Réunion des membres du comité directeur de l’initiative de la diminution et récupération des déchets alimentaires en Amérique du Nord"}]},{"@type":"WebSite","@id":"https:\/\/www.cec.org\/fr\/#website","url":"https:\/\/www.cec.org\/fr\/","name":"Commission for Environmental Cooperation","description":"Three countries working together to protect our shared environment","alternateName":"CEC - CCA -CCE","potentialAction":[{"@type":"SearchAction","target":{"@type":"EntryPoint","urlTemplate":"https:\/\/www.cec.org\/fr\/?s={search_term_string}"},"query-input":{"@type":"PropertyValueSpecification","valueRequired":true,"valueName":"search_term_string"}}],"inLanguage":"fr-FR"}]}</script>
<!-- / Yoast SEO Premium plugin. -->

Cette réunion permettra de rassembler les membres du Comité directeur dans le but d’examiner les produits que devra lui livrer le consultant et de

Commission de coopération environnementale

Activités
