{"id":14098,"date":"2001-10-22T00:00:00","date_gmt":"2001-10-22T04:00:00","guid":{"rendered":"http:\/\/www.cec.org\/events\/session-ordinaire-du-comite-consultatif-public-mixte-3\/"},"modified":"2025-06-20T13:17:40","modified_gmt":"2025-06-20T17:17:40","slug":"session-ordinaire-du-comite-consultatif-public-mixte-3","status":"publish","type":"events","link":"https:\/\/www.cec.org\/fr\/activites\/session-ordinaire-du-comite-consultatif-public-mixte-3\/","title":{"rendered":"Session ordinaire No.01-03 du CCPM"},"content":{"rendered":"<p>La directrice ex\u00e9cutive de la CCE, Mme Janine Ferretti, donne un aper\u00e7u des activit\u00e9s entreprises par le Secr\u00e9tariat afin de donner suite aux initiatives prises par le Conseil au cours de sa session ordinaire de juin 2001. Elle mentionne que les nouvelles perspectives adopt\u00e9es par ce dernier imposent un changement d\u2019orientation au Secr\u00e9tariat alors que celui-ci finit de mettre en \u0153uvre son plan de travail courant. Le d\u00e9fi que repr\u00e9sente l\u2019int\u00e9gration \u00e9conomique \u00e0 l\u2019\u00e9chelle nord-am\u00e9ricaine, avec la collaboration et la coop\u00e9ration qu\u2019elle sous-tend, r\u00e9clame un changement d\u2019orientation politique.<\/p>\n<p>Mme Ferretti indique ensuite que, \u00e0 la demande du Conseil, l\u2019\u00e9nergie, les d\u00e9chets dangereux et l\u2019eau sont les trois nouveaux enjeux sur lesquels portera le programme de travail de la CCE. En parall\u00e8le, une place pr\u00e9pond\u00e9rante sera accord\u00e9e \u00e0 la production d\u2019une information de grande qualit\u00e9, aux technologies ax\u00e9es sur les march\u00e9s et au renforcement de la participation du public.<\/p>\n<p>Rappelant \u00e0 la directrice ex\u00e9cutive l\u2019avis du CCPM au Conseil no 01\u201304 sur le changement climatique, un membre du CCPM lui demande de quelle mani\u00e8re le Secr\u00e9tariat entend aborder la question des m\u00e9canismes commerciaux en vue de r\u00e9aliser des progr\u00e8s appr\u00e9ciables dans ce domaine au cours de l\u2019ann\u00e9e prochaine. Il lui demande \u00e9galement de quelle mani\u00e8re le Secr\u00e9tariat a tenu compte, dans le programme de travail, de la lettre que lui a adress\u00e9e le CCPM au sujet du lac de Chapala. La directrice ex\u00e9cutive r\u00e9pond que le Secr\u00e9tariat a l\u2019intention d\u2019entreprendre une activit\u00e9 relative au changement climatique portant sur l\u2019efficacit\u00e9 \u00e9nerg\u00e9tique, les \u00e9nergies renouvelables et la s\u00e9questration du carbone, et de cerner des possibilit\u00e9s qu\u2019il soumettra \u00e0 l\u2019attention du Conseil au cours de sa session ordinaire de 2002. Mme Ferretti ajoute qu\u2019en ce qui concerne le lac de Chapala, il est pr\u00e9vu d\u2019\u00e9tudier cette question dans un cadre plus large relatif \u00e0 l\u2019eau, comme elle l\u2019a d\u00e9j\u00e0 mentionn\u00e9 dans sa lettre au CCPM en date du 9 ao\u00fbt 2001.<\/p>\n<p>Un membre du CCPM affirme qu\u2019il est n\u00e9cessaire d\u2019intervenir rapidement en mati\u00e8re de changement climatique si l\u2019on veut que la politique nord-am\u00e9ricaine subisse des changements.<\/p>\n","protected":false},"excerpt":{"rendered":"<p>La directrice ex\u00e9cutive de la CCE, Mme Janine Ferretti, donne un aper\u00e7u des activit\u00e9s entreprises par le Secr\u00e9tariat afin de donner suite aux initiatives prises par le Conseil au cours de sa session ordinaire de juin 2001. Elle mentionne que les nouvelles perspectives adopt\u00e9es par ce dernier imposent un changement d\u2019orientation au Secr\u00e9tariat alors que [&hellip;]<\/p>\n","protected":false},"featured_media":0,"template":"","class_list":["post-14098","events","type-events","status-publish","hentry","event_category-reunion-fr","event_category-session-du-ccpm","country-canada-fr","participation-ouvert-au-public-fr"],"acf":[],"yoast_head":"<!-- This site is optimized with the Yoast SEO Premium plugin v27.4 (Yoast SEO v27.4) - https:\/\/yoast.com\/product\/yoast-seo-premium-wordpress\/ -->\n<title>Session ordinaire No.01-03 du CCPM<\/title>\n<meta name=\"description\" content=\"La directrice ex\u00e9cutive de la CCE, Mme Janine Ferretti, donne un aper\u00e7u des activit\u00e9s entreprises par le Secr\u00e9tariat afin de donner suite aux initiatives\" \/>\n<meta name=\"robots\" content=\"index, follow, max-snippet:-1, max-image-preview:large, max-video-preview:-1\" \/>\n<link rel=\"canonical\" href=\"https:\/\/www.cec.org\/fr\/activites\/session-ordinaire-du-comite-consultatif-public-mixte-3\/\" \/>\n<meta property=\"og:locale\" content=\"fr_FR\" \/>\n<meta property=\"og:type\" content=\"article\" \/>\n<meta property=\"og:title\" content=\"Session ordinaire No.01-03 du CCPM\" \/>\n<meta property=\"og:description\" content=\"CEC events range from large public consultations to small, expert meetings on specific environmental issues.\" \/>\n<meta property=\"og:url\" content=\"https:\/\/www.cec.org\/fr\/activites\/session-ordinaire-du-comite-consultatif-public-mixte-3\/\" \/>\n<meta property=\"og:site_name\" content=\"Commission de coop\u00e9ration environnementale\" \/>\n<meta property=\"article:publisher\" content=\"https:\/\/www.facebook.com\/CECconnect\" \/>\n<meta property=\"article:modified_time\" content=\"2025-06-20T17:17:40+00:00\" \/>\n<meta property=\"og:image\" content=\"https:\/\/www.cec.org\/wp-content\/uploads\/2020\/03\/jpac-thumbnail.jpg\" \/>\n\t<meta property=\"og:image:width\" content=\"600\" \/>\n\t<meta property=\"og:image:height\" content=\"342\" \/>\n\t<meta property=\"og:image:type\" content=\"image\/jpeg\" \/>\n<meta name=\"twitter:card\" content=\"summary_large_image\" \/>\n<meta name=\"twitter:site\" content=\"@CECweb\" \/>\n<script type=\"application\/ld+json\" class=\"yoast-schema-graph\">{\"@context\":\"https:\\\/\\\/schema.org\",\"@graph\":[{\"@type\":\"WebPage\",\"@id\":\"https:\\\/\\\/www.cec.org\\\/fr\\\/activites\\\/session-ordinaire-du-comite-consultatif-public-mixte-3\\\/\",\"url\":\"https:\\\/\\\/www.cec.org\\\/fr\\\/activites\\\/session-ordinaire-du-comite-consultatif-public-mixte-3\\\/\",\"name\":\"Session ordinaire No.01-03 du CCPM\",\"isPartOf\":{\"@id\":\"https:\\\/\\\/www.cec.org\\\/fr\\\/#website\"},\"datePublished\":\"2001-10-22T04:00:00+00:00\",\"dateModified\":\"2025-06-20T17:17:40+00:00\",\"description\":\"La directrice ex\u00e9cutive de la CCE, Mme Janine Ferretti, donne un aper\u00e7u des activit\u00e9s entreprises par le Secr\u00e9tariat afin de donner suite aux initiatives\",\"breadcrumb\":{\"@id\":\"https:\\\/\\\/www.cec.org\\\/fr\\\/activites\\\/session-ordinaire-du-comite-consultatif-public-mixte-3\\\/#breadcrumb\"},\"inLanguage\":\"fr-FR\",\"potentialAction\":[{\"@type\":\"ReadAction\",\"target\":[\"https:\\\/\\\/www.cec.org\\\/fr\\\/activites\\\/session-ordinaire-du-comite-consultatif-public-mixte-3\\\/\"]}]},{\"@type\":\"BreadcrumbList\",\"@id\":\"https:\\\/\\\/www.cec.org\\\/fr\\\/activites\\\/session-ordinaire-du-comite-consultatif-public-mixte-3\\\/#breadcrumb\",\"itemListElement\":[{\"@type\":\"ListItem\",\"position\":1,\"name\":\"Accueil\",\"item\":\"https:\\\/\\\/www.cec.org\\\/fr\\\/\"},{\"@type\":\"ListItem\",\"position\":2,\"name\":\"Activit\u00e9s\",\"item\":\"https:\\\/\\\/www.cec.org\\\/fr\\\/activites\\\/\"},{\"@type\":\"ListItem\",\"position\":3,\"name\":\"Session ordinaire No.01-03 du CCPM\"}]},{\"@type\":\"WebSite\",\"@id\":\"https:\\\/\\\/www.cec.org\\\/fr\\\/#website\",\"url\":\"https:\\\/\\\/www.cec.org\\\/fr\\\/\",\"name\":\"Commission for Environmental Cooperation\",\"description\":\"Three countries working together to protect our shared environment\",\"alternateName\":\"CEC - CCA -CCE\",\"potentialAction\":[{\"@type\":\"SearchAction\",\"target\":{\"@type\":\"EntryPoint\",\"urlTemplate\":\"https:\\\/\\\/www.cec.org\\\/fr\\\/?s={search_term_string}\"},\"query-input\":{\"@type\":\"PropertyValueSpecification\",\"valueRequired\":true,\"valueName\":\"search_term_string\"}}],\"inLanguage\":\"fr-FR\"}]}<\/script>\n<!-- \/ Yoast SEO Premium plugin. -->","yoast_head_json":{"title":"Session ordinaire No.01-03 du CCPM","description":"La directrice ex\u00e9cutive de la CCE, Mme Janine Ferretti, donne un aper\u00e7u des activit\u00e9s entreprises par le Secr\u00e9tariat afin de donner suite aux initiatives","robots":{"index":"index","follow":"follow","max-snippet":"max-snippet:-1","max-image-preview":"max-image-preview:large","max-video-preview":"max-video-preview:-1"},"canonical":"https:\/\/www.cec.org\/fr\/activites\/session-ordinaire-du-comite-consultatif-public-mixte-3\/","og_locale":"fr_FR","og_type":"article","og_title":"Session ordinaire No.01-03 du CCPM","og_description":"CEC events range from large public consultations to small, expert meetings on specific environmental issues.","og_url":"https:\/\/www.cec.org\/fr\/activites\/session-ordinaire-du-comite-consultatif-public-mixte-3\/","og_site_name":"Commission de coop\u00e9ration environnementale","article_publisher":"https:\/\/www.facebook.com\/CECconnect","article_modified_time":"2025-06-20T17:17:40+00:00","og_image":[{"width":600,"height":342,"url":"https:\/\/www.cec.org\/wp-content\/uploads\/2020\/03\/jpac-thumbnail.jpg","type":"image\/jpeg"}],"twitter_card":"summary_large_image","twitter_site":"@CECweb","schema":{"@context":"https:\/\/schema.org","@graph":[{"@type":"WebPage","@id":"https:\/\/www.cec.org\/fr\/activites\/session-ordinaire-du-comite-consultatif-public-mixte-3\/","url":"https:\/\/www.cec.org\/fr\/activites\/session-ordinaire-du-comite-consultatif-public-mixte-3\/","name":"Session ordinaire No.01-03 du CCPM","isPartOf":{"@id":"https:\/\/www.cec.org\/fr\/#website"},"datePublished":"2001-10-22T04:00:00+00:00","dateModified":"2025-06-20T17:17:40+00:00","description":"La directrice ex\u00e9cutive de la CCE, Mme Janine Ferretti, donne un aper\u00e7u des activit\u00e9s entreprises par le Secr\u00e9tariat afin de donner suite aux initiatives","breadcrumb":{"@id":"https:\/\/www.cec.org\/fr\/activites\/session-ordinaire-du-comite-consultatif-public-mixte-3\/#breadcrumb"},"inLanguage":"fr-FR","potentialAction":[{"@type":"ReadAction","target":["https:\/\/www.cec.org\/fr\/activites\/session-ordinaire-du-comite-consultatif-public-mixte-3\/"]}]},{"@type":"BreadcrumbList","@id":"https:\/\/www.cec.org\/fr\/activites\/session-ordinaire-du-comite-consultatif-public-mixte-3\/#breadcrumb","itemListElement":[{"@type":"ListItem","position":1,"name":"Accueil","item":"https:\/\/www.cec.org\/fr\/"},{"@type":"ListItem","position":2,"name":"Activit\u00e9s","item":"https:\/\/www.cec.org\/fr\/activites\/"},{"@type":"ListItem","position":3,"name":"Session ordinaire No.01-03 du CCPM"}]},{"@type":"WebSite","@id":"https:\/\/www.cec.org\/fr\/#website","url":"https:\/\/www.cec.org\/fr\/","name":"Commission for Environmental Cooperation","description":"Three countries working together to protect our shared environment","alternateName":"CEC - CCA -CCE","potentialAction":[{"@type":"SearchAction","target":{"@type":"EntryPoint","urlTemplate":"https:\/\/www.cec.org\/fr\/?s={search_term_string}"},"query-input":{"@type":"PropertyValueSpecification","valueRequired":true,"valueName":"search_term_string"}}],"inLanguage":"fr-FR"}]}},"_links":{"self":[{"href":"https:\/\/www.cec.org\/fr\/wp-json\/wp\/v2\/events\/14098","targetHints":{"allow":["GET"]}}],"collection":[{"href":"https:\/\/www.cec.org\/fr\/wp-json\/wp\/v2\/events"}],"about":[{"href":"https:\/\/www.cec.org\/fr\/wp-json\/wp\/v2\/types\/events"}],"wp:attachment":[{"href":"https:\/\/www.cec.org\/fr\/wp-json\/wp\/v2\/media?parent=14098"}],"curies":[{"name":"wp","href":"https:\/\/api.w.org\/{rel}","templated":true}]}}

<p>La directrice exécutive de la CCE, Mme Janine Ferretti, donne un aperçu des activités entreprises par le Secrétariat afin de donner suite aux initiatives prises par le Conseil au cours de sa session ordinaire de juin 2001. Elle mentionne que les nouvelles perspectives adoptées par ce dernier imposent un changement d’orientation au Secrétariat alors que celui-ci finit de mettre en œuvre son plan de travail courant. Le défi que représente l’intégration économique à l’échelle nord-américaine, avec la collaboration et la coopération qu’elle sous-tend, réclame un changement d’orientation politique.</p>
<p>Mme Ferretti indique ensuite que, à la demande du Conseil, l’énergie, les déchets dangereux et l’eau sont les trois nouveaux enjeux sur lesquels portera le programme de travail de la CCE. En parallèle, une place prépondérante sera accordée à la production d’une information de grande qualité, aux technologies axées sur les marchés et au renforcement de la participation du public.</p>
<p>Rappelant à la directrice exécutive l’avis du CCPM au Conseil no 01–04 sur le changement climatique, un membre du CCPM lui demande de quelle manière le Secrétariat entend aborder la question des mécanismes commerciaux en vue de réaliser des progrès appréciables dans ce domaine au cours de l’année prochaine. Il lui demande également de quelle manière le Secrétariat a tenu compte, dans le programme de travail, de la lettre que lui a adressée le CCPM au sujet du lac de Chapala. La directrice exécutive répond que le Secrétariat a l’intention d’entreprendre une activité relative au changement climatique portant sur l’efficacité énergétique, les énergies renouvelables et la séquestration du carbone, et de cerner des possibilités qu’il soumettra à l’attention du Conseil au cours de sa session ordinaire de 2002. Mme Ferretti ajoute qu’en ce qui concerne le lac de Chapala, il est prévu d’étudier cette question dans un cadre plus large relatif à l’eau, comme elle l’a déjà mentionné dans sa lettre au CCPM en date du 9 août 2001.</p>
<p>Un membre du CCPM affirme qu’il est nécessaire d’intervenir rapidement en matière de changement climatique si l’on veut que la politique nord-américaine subisse des changements.</p>

<p>La directrice exécutive de la CCE, Mme Janine Ferretti, donne un aperçu des activités entreprises par le Secrétariat afin de donner suite aux initiatives prises par le Conseil au cours de sa session ordinaire de juin 2001. Elle mentionne que les nouvelles perspectives adoptées par ce dernier imposent un changement d’orientation au Secrétariat alors que [&hellip;]</p>

<!-- This site is optimized with the Yoast SEO Premium plugin v27.4 (Yoast SEO v27.4) - https://yoast.com/product/yoast-seo-premium-wordpress/ -->
<title>Session ordinaire No.01-03 du CCPM</title>
<meta name="description" content="La directrice exécutive de la CCE, Mme Janine Ferretti, donne un aperçu des activités entreprises par le Secrétariat afin de donner suite aux initiatives" />
<meta name="robots" content="index, follow, max-snippet:-1, max-image-preview:large, max-video-preview:-1" />
<link rel="canonical" href="https://www.cec.org/fr/activites/session-ordinaire-du-comite-consultatif-public-mixte-3/" />
<meta property="og:locale" content="fr_FR" />
<meta property="og:type" content="article" />
<meta property="og:title" content="Session ordinaire No.01-03 du CCPM" />
<meta property="og:description" content="CEC events range from large public consultations to small, expert meetings on specific environmental issues." />
<meta property="og:url" content="https://www.cec.org/fr/activites/session-ordinaire-du-comite-consultatif-public-mixte-3/" />
<meta property="og:site_name" content="Commission de coopération environnementale" />
<meta property="article:publisher" content="https://www.facebook.com/CECconnect" />
<meta property="article:modified_time" content="2025-06-20T17:17:40+00:00" />
<meta property="og:image" content="https://www.cec.org/wp-content/uploads/2020/03/jpac-thumbnail.jpg" />
	<meta property="og:image:width" content="600" />
	<meta property="og:image:height" content="342" />
	<meta property="og:image:type" content="image/jpeg" />
<meta name="twitter:card" content="summary_large_image" />
<meta name="twitter:site" content="@CECweb" />
<script type="application/ld+json" class="yoast-schema-graph">{"@context":"https:\/\/schema.org","@graph":[{"@type":"WebPage","@id":"https:\/\/www.cec.org\/fr\/activites\/session-ordinaire-du-comite-consultatif-public-mixte-3\/","url":"https:\/\/www.cec.org\/fr\/activites\/session-ordinaire-du-comite-consultatif-public-mixte-3\/","name":"Session ordinaire No.01-03 du CCPM","isPartOf":{"@id":"https:\/\/www.cec.org\/fr\/#website"},"datePublished":"2001-10-22T04:00:00+00:00","dateModified":"2025-06-20T17:17:40+00:00","description":"La directrice exécutive de la CCE, Mme Janine Ferretti, donne un aperçu des activités entreprises par le Secrétariat afin de donner suite aux initiatives","breadcrumb":{"@id":"https:\/\/www.cec.org\/fr\/activites\/session-ordinaire-du-comite-consultatif-public-mixte-3\/#breadcrumb"},"inLanguage":"fr-FR","potentialAction":[{"@type":"ReadAction","target":["https:\/\/www.cec.org\/fr\/activites\/session-ordinaire-du-comite-consultatif-public-mixte-3\/"]}]},{"@type":"BreadcrumbList","@id":"https:\/\/www.cec.org\/fr\/activites\/session-ordinaire-du-comite-consultatif-public-mixte-3\/#breadcrumb","itemListElement":[{"@type":"ListItem","position":1,"name":"Accueil","item":"https:\/\/www.cec.org\/fr\/"},{"@type":"ListItem","position":2,"name":"Activités","item":"https:\/\/www.cec.org\/fr\/activites\/"},{"@type":"ListItem","position":3,"name":"Session ordinaire No.01-03 du CCPM"}]},{"@type":"WebSite","@id":"https:\/\/www.cec.org\/fr\/#website","url":"https:\/\/www.cec.org\/fr\/","name":"Commission for Environmental Cooperation","description":"Three countries working together to protect our shared environment","alternateName":"CEC - CCA -CCE","potentialAction":[{"@type":"SearchAction","target":{"@type":"EntryPoint","urlTemplate":"https:\/\/www.cec.org\/fr\/?s={search_term_string}"},"query-input":{"@type":"PropertyValueSpecification","valueRequired":true,"valueName":"search_term_string"}}],"inLanguage":"fr-FR"}]}</script>
<!-- / Yoast SEO Premium plugin. -->

La directrice exécutive de la CCE, Mme Janine Ferretti, donne un aperçu des activités entreprises par le Secrétariat afin de donner suite aux initiatives

Commission de coopération environnementale

Activités
