{"id":14041,"date":"2009-12-01T00:00:00","date_gmt":"2009-12-01T05:00:00","guid":{"rendered":"http:\/\/www.cec.org\/events\/session-ordinaire-09-03-du-ccpm-table-ronde-sur-les-priorites-de-la-cce-pour-2010-et-les-annees-suivantes\/"},"modified":"2025-06-20T13:17:00","modified_gmt":"2025-06-20T17:17:00","slug":"session-ordinaire-09-03-du-ccpm-table-ronde-sur-les-priorites-de-la-cce-pour-2010-et-les-annees-suivantes","status":"publish","type":"events","link":"https:\/\/www.cec.org\/fr\/activites\/session-ordinaire-09-03-du-ccpm-table-ronde-sur-les-priorites-de-la-cce-pour-2010-et-les-annees-suivantes\/","title":{"rendered":"Session ordinaire 09-03 du CCPM : Table ronde sur les priorit\u00e9s de la CCE pour 2010 et les ann\u00e9es suivantes"},"content":{"rendered":"<p>La r\u00e9union visera principalement \u00e0 \u00e9tablir une vision commune des nouvelles priorit\u00e9s d\u00e9finies par le Conseil de la CCE en juin dernier et \u00e0 d\u00e9terminer les \u00e9l\u00e9ments cl\u00e9s \u00e0 inclure dans le Plan strat\u00e9gique pour 2010\u20132015<\/p>\n","protected":false},"excerpt":{"rendered":"<p>La r\u00e9union visera principalement \u00e0 \u00e9tablir une vision commune des nouvelles priorit\u00e9s d\u00e9finies par le Conseil de la CCE en juin dernier et \u00e0 d\u00e9terminer les \u00e9l\u00e9ments cl\u00e9s \u00e0 inclure dans le Plan strat\u00e9gique pour 2010\u20132015<\/p>\n","protected":false},"featured_media":34068,"template":"","class_list":["post-14041","events","type-events","status-publish","has-post-thumbnail","hentry","event_category-session-du-ccpm","country-mexique","participation-ouvert-au-public-fr"],"acf":[],"yoast_head":"<!-- This site is optimized with the Yoast SEO Premium plugin v27.4 (Yoast SEO v27.4) - https:\/\/yoast.com\/product\/yoast-seo-premium-wordpress\/ -->\n<title>Session ordinaire 09-03 du CCPM : Table ronde sur les priorit\u00e9s de la CCE pour 2010 et les ann\u00e9es suivantes<\/title>\n<meta name=\"description\" content=\"La r\u00e9union visera principalement \u00e0 \u00e9tablir une vision commune des nouvelles priorit\u00e9s d\u00e9finies par le Conseil de la CCE en juin dernier et \u00e0 d\u00e9terminer\" \/>\n<meta name=\"robots\" content=\"index, follow, max-snippet:-1, max-image-preview:large, max-video-preview:-1\" \/>\n<link rel=\"canonical\" href=\"https:\/\/www.cec.org\/fr\/activites\/session-ordinaire-09-03-du-ccpm-table-ronde-sur-les-priorites-de-la-cce-pour-2010-et-les-annees-suivantes\/\" \/>\n<meta property=\"og:locale\" content=\"fr_FR\" \/>\n<meta property=\"og:type\" content=\"article\" \/>\n<meta property=\"og:title\" content=\"Session ordinaire 09-03 du CCPM : Table ronde sur les priorit\u00e9s de la CCE pour 2010 et les ann\u00e9es suivantes\" \/>\n<meta property=\"og:description\" content=\"CEC events range from large public consultations to small, expert meetings on specific environmental issues.\" \/>\n<meta property=\"og:url\" content=\"https:\/\/www.cec.org\/fr\/activites\/session-ordinaire-09-03-du-ccpm-table-ronde-sur-les-priorites-de-la-cce-pour-2010-et-les-annees-suivantes\/\" \/>\n<meta property=\"og:site_name\" content=\"Commission de coop\u00e9ration environnementale\" \/>\n<meta property=\"article:publisher\" content=\"https:\/\/www.facebook.com\/CECconnect\" \/>\n<meta property=\"article:modified_time\" content=\"2025-06-20T17:17:00+00:00\" \/>\n<meta property=\"og:image\" content=\"https:\/\/www.cec.org\/wp-content\/uploads\/2009\/12\/JPAC-09-03.jpg\" \/>\n\t<meta property=\"og:image:width\" content=\"600\" \/>\n\t<meta property=\"og:image:height\" content=\"400\" \/>\n\t<meta property=\"og:image:type\" content=\"image\/jpeg\" \/>\n<meta name=\"twitter:card\" content=\"summary_large_image\" \/>\n<meta name=\"twitter:site\" content=\"@CECweb\" \/>\n<script type=\"application\/ld+json\" class=\"yoast-schema-graph\">{\"@context\":\"https:\\\/\\\/schema.org\",\"@graph\":[{\"@type\":\"WebPage\",\"@id\":\"https:\\\/\\\/www.cec.org\\\/fr\\\/activites\\\/session-ordinaire-09-03-du-ccpm-table-ronde-sur-les-priorites-de-la-cce-pour-2010-et-les-annees-suivantes\\\/\",\"url\":\"https:\\\/\\\/www.cec.org\\\/fr\\\/activites\\\/session-ordinaire-09-03-du-ccpm-table-ronde-sur-les-priorites-de-la-cce-pour-2010-et-les-annees-suivantes\\\/\",\"name\":\"Session ordinaire 09-03 du CCPM : Table ronde sur les priorit\u00e9s de la CCE pour 2010 et les ann\u00e9es suivantes\",\"isPartOf\":{\"@id\":\"https:\\\/\\\/www.cec.org\\\/fr\\\/#website\"},\"primaryImageOfPage\":{\"@id\":\"https:\\\/\\\/www.cec.org\\\/fr\\\/activites\\\/session-ordinaire-09-03-du-ccpm-table-ronde-sur-les-priorites-de-la-cce-pour-2010-et-les-annees-suivantes\\\/#primaryimage\"},\"image\":{\"@id\":\"https:\\\/\\\/www.cec.org\\\/fr\\\/activites\\\/session-ordinaire-09-03-du-ccpm-table-ronde-sur-les-priorites-de-la-cce-pour-2010-et-les-annees-suivantes\\\/#primaryimage\"},\"thumbnailUrl\":\"https:\\\/\\\/www.cec.org\\\/wp-content\\\/uploads\\\/2009\\\/12\\\/JPAC-09-03.jpg\",\"datePublished\":\"2009-12-01T05:00:00+00:00\",\"dateModified\":\"2025-06-20T17:17:00+00:00\",\"description\":\"La r\u00e9union visera principalement \u00e0 \u00e9tablir une vision commune des nouvelles priorit\u00e9s d\u00e9finies par le Conseil de la CCE en juin dernier et \u00e0 d\u00e9terminer\",\"breadcrumb\":{\"@id\":\"https:\\\/\\\/www.cec.org\\\/fr\\\/activites\\\/session-ordinaire-09-03-du-ccpm-table-ronde-sur-les-priorites-de-la-cce-pour-2010-et-les-annees-suivantes\\\/#breadcrumb\"},\"inLanguage\":\"fr-FR\",\"potentialAction\":[{\"@type\":\"ReadAction\",\"target\":[\"https:\\\/\\\/www.cec.org\\\/fr\\\/activites\\\/session-ordinaire-09-03-du-ccpm-table-ronde-sur-les-priorites-de-la-cce-pour-2010-et-les-annees-suivantes\\\/\"]}]},{\"@type\":\"ImageObject\",\"inLanguage\":\"fr-FR\",\"@id\":\"https:\\\/\\\/www.cec.org\\\/fr\\\/activites\\\/session-ordinaire-09-03-du-ccpm-table-ronde-sur-les-priorites-de-la-cce-pour-2010-et-les-annees-suivantes\\\/#primaryimage\",\"url\":\"https:\\\/\\\/www.cec.org\\\/wp-content\\\/uploads\\\/2009\\\/12\\\/JPAC-09-03.jpg\",\"contentUrl\":\"https:\\\/\\\/www.cec.org\\\/wp-content\\\/uploads\\\/2009\\\/12\\\/JPAC-09-03.jpg\",\"width\":600,\"height\":400,\"caption\":\"JPAC Session\"},{\"@type\":\"BreadcrumbList\",\"@id\":\"https:\\\/\\\/www.cec.org\\\/fr\\\/activites\\\/session-ordinaire-09-03-du-ccpm-table-ronde-sur-les-priorites-de-la-cce-pour-2010-et-les-annees-suivantes\\\/#breadcrumb\",\"itemListElement\":[{\"@type\":\"ListItem\",\"position\":1,\"name\":\"Accueil\",\"item\":\"https:\\\/\\\/www.cec.org\\\/fr\\\/\"},{\"@type\":\"ListItem\",\"position\":2,\"name\":\"Activit\u00e9s\",\"item\":\"https:\\\/\\\/www.cec.org\\\/fr\\\/activites\\\/\"},{\"@type\":\"ListItem\",\"position\":3,\"name\":\"Session ordinaire 09-03 du CCPM : Table ronde sur les priorit\u00e9s de la CCE pour 2010 et les ann\u00e9es suivantes\"}]},{\"@type\":\"WebSite\",\"@id\":\"https:\\\/\\\/www.cec.org\\\/fr\\\/#website\",\"url\":\"https:\\\/\\\/www.cec.org\\\/fr\\\/\",\"name\":\"Commission for Environmental Cooperation\",\"description\":\"Three countries working together to protect our shared environment\",\"alternateName\":\"CEC - CCA -CCE\",\"potentialAction\":[{\"@type\":\"SearchAction\",\"target\":{\"@type\":\"EntryPoint\",\"urlTemplate\":\"https:\\\/\\\/www.cec.org\\\/fr\\\/?s={search_term_string}\"},\"query-input\":{\"@type\":\"PropertyValueSpecification\",\"valueRequired\":true,\"valueName\":\"search_term_string\"}}],\"inLanguage\":\"fr-FR\"}]}<\/script>\n<!-- \/ Yoast SEO Premium plugin. -->","yoast_head_json":{"title":"Session ordinaire 09-03 du CCPM : Table ronde sur les priorit\u00e9s de la CCE pour 2010 et les ann\u00e9es suivantes","description":"La r\u00e9union visera principalement \u00e0 \u00e9tablir une vision commune des nouvelles priorit\u00e9s d\u00e9finies par le Conseil de la CCE en juin dernier et \u00e0 d\u00e9terminer","robots":{"index":"index","follow":"follow","max-snippet":"max-snippet:-1","max-image-preview":"max-image-preview:large","max-video-preview":"max-video-preview:-1"},"canonical":"https:\/\/www.cec.org\/fr\/activites\/session-ordinaire-09-03-du-ccpm-table-ronde-sur-les-priorites-de-la-cce-pour-2010-et-les-annees-suivantes\/","og_locale":"fr_FR","og_type":"article","og_title":"Session ordinaire 09-03 du CCPM : Table ronde sur les priorit\u00e9s de la CCE pour 2010 et les ann\u00e9es suivantes","og_description":"CEC events range from large public consultations to small, expert meetings on specific environmental issues.","og_url":"https:\/\/www.cec.org\/fr\/activites\/session-ordinaire-09-03-du-ccpm-table-ronde-sur-les-priorites-de-la-cce-pour-2010-et-les-annees-suivantes\/","og_site_name":"Commission de coop\u00e9ration environnementale","article_publisher":"https:\/\/www.facebook.com\/CECconnect","article_modified_time":"2025-06-20T17:17:00+00:00","og_image":[{"width":600,"height":400,"url":"https:\/\/www.cec.org\/wp-content\/uploads\/2009\/12\/JPAC-09-03.jpg","type":"image\/jpeg"}],"twitter_card":"summary_large_image","twitter_site":"@CECweb","schema":{"@context":"https:\/\/schema.org","@graph":[{"@type":"WebPage","@id":"https:\/\/www.cec.org\/fr\/activites\/session-ordinaire-09-03-du-ccpm-table-ronde-sur-les-priorites-de-la-cce-pour-2010-et-les-annees-suivantes\/","url":"https:\/\/www.cec.org\/fr\/activites\/session-ordinaire-09-03-du-ccpm-table-ronde-sur-les-priorites-de-la-cce-pour-2010-et-les-annees-suivantes\/","name":"Session ordinaire 09-03 du CCPM : Table ronde sur les priorit\u00e9s de la CCE pour 2010 et les ann\u00e9es suivantes","isPartOf":{"@id":"https:\/\/www.cec.org\/fr\/#website"},"primaryImageOfPage":{"@id":"https:\/\/www.cec.org\/fr\/activites\/session-ordinaire-09-03-du-ccpm-table-ronde-sur-les-priorites-de-la-cce-pour-2010-et-les-annees-suivantes\/#primaryimage"},"image":{"@id":"https:\/\/www.cec.org\/fr\/activites\/session-ordinaire-09-03-du-ccpm-table-ronde-sur-les-priorites-de-la-cce-pour-2010-et-les-annees-suivantes\/#primaryimage"},"thumbnailUrl":"https:\/\/www.cec.org\/wp-content\/uploads\/2009\/12\/JPAC-09-03.jpg","datePublished":"2009-12-01T05:00:00+00:00","dateModified":"2025-06-20T17:17:00+00:00","description":"La r\u00e9union visera principalement \u00e0 \u00e9tablir une vision commune des nouvelles priorit\u00e9s d\u00e9finies par le Conseil de la CCE en juin dernier et \u00e0 d\u00e9terminer","breadcrumb":{"@id":"https:\/\/www.cec.org\/fr\/activites\/session-ordinaire-09-03-du-ccpm-table-ronde-sur-les-priorites-de-la-cce-pour-2010-et-les-annees-suivantes\/#breadcrumb"},"inLanguage":"fr-FR","potentialAction":[{"@type":"ReadAction","target":["https:\/\/www.cec.org\/fr\/activites\/session-ordinaire-09-03-du-ccpm-table-ronde-sur-les-priorites-de-la-cce-pour-2010-et-les-annees-suivantes\/"]}]},{"@type":"ImageObject","inLanguage":"fr-FR","@id":"https:\/\/www.cec.org\/fr\/activites\/session-ordinaire-09-03-du-ccpm-table-ronde-sur-les-priorites-de-la-cce-pour-2010-et-les-annees-suivantes\/#primaryimage","url":"https:\/\/www.cec.org\/wp-content\/uploads\/2009\/12\/JPAC-09-03.jpg","contentUrl":"https:\/\/www.cec.org\/wp-content\/uploads\/2009\/12\/JPAC-09-03.jpg","width":600,"height":400,"caption":"JPAC Session"},{"@type":"BreadcrumbList","@id":"https:\/\/www.cec.org\/fr\/activites\/session-ordinaire-09-03-du-ccpm-table-ronde-sur-les-priorites-de-la-cce-pour-2010-et-les-annees-suivantes\/#breadcrumb","itemListElement":[{"@type":"ListItem","position":1,"name":"Accueil","item":"https:\/\/www.cec.org\/fr\/"},{"@type":"ListItem","position":2,"name":"Activit\u00e9s","item":"https:\/\/www.cec.org\/fr\/activites\/"},{"@type":"ListItem","position":3,"name":"Session ordinaire 09-03 du CCPM : Table ronde sur les priorit\u00e9s de la CCE pour 2010 et les ann\u00e9es suivantes"}]},{"@type":"WebSite","@id":"https:\/\/www.cec.org\/fr\/#website","url":"https:\/\/www.cec.org\/fr\/","name":"Commission for Environmental Cooperation","description":"Three countries working together to protect our shared environment","alternateName":"CEC - CCA -CCE","potentialAction":[{"@type":"SearchAction","target":{"@type":"EntryPoint","urlTemplate":"https:\/\/www.cec.org\/fr\/?s={search_term_string}"},"query-input":{"@type":"PropertyValueSpecification","valueRequired":true,"valueName":"search_term_string"}}],"inLanguage":"fr-FR"}]}},"_links":{"self":[{"href":"https:\/\/www.cec.org\/fr\/wp-json\/wp\/v2\/events\/14041","targetHints":{"allow":["GET"]}}],"collection":[{"href":"https:\/\/www.cec.org\/fr\/wp-json\/wp\/v2\/events"}],"about":[{"href":"https:\/\/www.cec.org\/fr\/wp-json\/wp\/v2\/types\/events"}],"wp:featuredmedia":[{"embeddable":true,"href":"https:\/\/www.cec.org\/fr\/wp-json\/wp\/v2\/media\/34068"}],"wp:attachment":[{"href":"https:\/\/www.cec.org\/fr\/wp-json\/wp\/v2\/media?parent=14041"}],"curies":[{"name":"wp","href":"https:\/\/api.w.org\/{rel}","templated":true}]}}

Session ordinaire 09-03 du CCPM : Table ronde sur les priorités de la CCE pour 2010 et les années suivantes

<p>La réunion visera principalement à établir une vision commune des nouvelles priorités définies par le Conseil de la CCE en juin dernier et à déterminer les éléments clés à inclure dans le Plan stratégique pour 2010–2015</p>

<!-- This site is optimized with the Yoast SEO Premium plugin v27.4 (Yoast SEO v27.4) - https://yoast.com/product/yoast-seo-premium-wordpress/ -->
<title>Session ordinaire 09-03 du CCPM : Table ronde sur les priorités de la CCE pour 2010 et les années suivantes</title>
<meta name="description" content="La réunion visera principalement à établir une vision commune des nouvelles priorités définies par le Conseil de la CCE en juin dernier et à déterminer" />
<meta name="robots" content="index, follow, max-snippet:-1, max-image-preview:large, max-video-preview:-1" />
<link rel="canonical" href="https://www.cec.org/fr/activites/session-ordinaire-09-03-du-ccpm-table-ronde-sur-les-priorites-de-la-cce-pour-2010-et-les-annees-suivantes/" />
<meta property="og:locale" content="fr_FR" />
<meta property="og:type" content="article" />
<meta property="og:title" content="Session ordinaire 09-03 du CCPM : Table ronde sur les priorités de la CCE pour 2010 et les années suivantes" />
<meta property="og:description" content="CEC events range from large public consultations to small, expert meetings on specific environmental issues." />
<meta property="og:url" content="https://www.cec.org/fr/activites/session-ordinaire-09-03-du-ccpm-table-ronde-sur-les-priorites-de-la-cce-pour-2010-et-les-annees-suivantes/" />
<meta property="og:site_name" content="Commission de coopération environnementale" />
<meta property="article:publisher" content="https://www.facebook.com/CECconnect" />
<meta property="article:modified_time" content="2025-06-20T17:17:00+00:00" />
<meta property="og:image" content="https://www.cec.org/wp-content/uploads/2009/12/JPAC-09-03.jpg" />
	<meta property="og:image:width" content="600" />
	<meta property="og:image:height" content="400" />
	<meta property="og:image:type" content="image/jpeg" />
<meta name="twitter:card" content="summary_large_image" />
<meta name="twitter:site" content="@CECweb" />
<script type="application/ld+json" class="yoast-schema-graph">{"@context":"https:\/\/schema.org","@graph":[{"@type":"WebPage","@id":"https:\/\/www.cec.org\/fr\/activites\/session-ordinaire-09-03-du-ccpm-table-ronde-sur-les-priorites-de-la-cce-pour-2010-et-les-annees-suivantes\/","url":"https:\/\/www.cec.org\/fr\/activites\/session-ordinaire-09-03-du-ccpm-table-ronde-sur-les-priorites-de-la-cce-pour-2010-et-les-annees-suivantes\/","name":"Session ordinaire 09-03 du CCPM : Table ronde sur les priorités de la CCE pour 2010 et les années suivantes","isPartOf":{"@id":"https:\/\/www.cec.org\/fr\/#website"},"primaryImageOfPage":{"@id":"https:\/\/www.cec.org\/fr\/activites\/session-ordinaire-09-03-du-ccpm-table-ronde-sur-les-priorites-de-la-cce-pour-2010-et-les-annees-suivantes\/#primaryimage"},"image":{"@id":"https:\/\/www.cec.org\/fr\/activites\/session-ordinaire-09-03-du-ccpm-table-ronde-sur-les-priorites-de-la-cce-pour-2010-et-les-annees-suivantes\/#primaryimage"},"thumbnailUrl":"https:\/\/www.cec.org\/wp-content\/uploads\/2009\/12\/JPAC-09-03.jpg","datePublished":"2009-12-01T05:00:00+00:00","dateModified":"2025-06-20T17:17:00+00:00","description":"La réunion visera principalement à établir une vision commune des nouvelles priorités définies par le Conseil de la CCE en juin dernier et à déterminer","breadcrumb":{"@id":"https:\/\/www.cec.org\/fr\/activites\/session-ordinaire-09-03-du-ccpm-table-ronde-sur-les-priorites-de-la-cce-pour-2010-et-les-annees-suivantes\/#breadcrumb"},"inLanguage":"fr-FR","potentialAction":[{"@type":"ReadAction","target":["https:\/\/www.cec.org\/fr\/activites\/session-ordinaire-09-03-du-ccpm-table-ronde-sur-les-priorites-de-la-cce-pour-2010-et-les-annees-suivantes\/"]}]},{"@type":"ImageObject","inLanguage":"fr-FR","@id":"https:\/\/www.cec.org\/fr\/activites\/session-ordinaire-09-03-du-ccpm-table-ronde-sur-les-priorites-de-la-cce-pour-2010-et-les-annees-suivantes\/#primaryimage","url":"https:\/\/www.cec.org\/wp-content\/uploads\/2009\/12\/JPAC-09-03.jpg","contentUrl":"https:\/\/www.cec.org\/wp-content\/uploads\/2009\/12\/JPAC-09-03.jpg","width":600,"height":400,"caption":"JPAC Session"},{"@type":"BreadcrumbList","@id":"https:\/\/www.cec.org\/fr\/activites\/session-ordinaire-09-03-du-ccpm-table-ronde-sur-les-priorites-de-la-cce-pour-2010-et-les-annees-suivantes\/#breadcrumb","itemListElement":[{"@type":"ListItem","position":1,"name":"Accueil","item":"https:\/\/www.cec.org\/fr\/"},{"@type":"ListItem","position":2,"name":"Activités","item":"https:\/\/www.cec.org\/fr\/activites\/"},{"@type":"ListItem","position":3,"name":"Session ordinaire 09-03 du CCPM : Table ronde sur les priorités de la CCE pour 2010 et les années suivantes"}]},{"@type":"WebSite","@id":"https:\/\/www.cec.org\/fr\/#website","url":"https:\/\/www.cec.org\/fr\/","name":"Commission for Environmental Cooperation","description":"Three countries working together to protect our shared environment","alternateName":"CEC - CCA -CCE","potentialAction":[{"@type":"SearchAction","target":{"@type":"EntryPoint","urlTemplate":"https:\/\/www.cec.org\/fr\/?s={search_term_string}"},"query-input":{"@type":"PropertyValueSpecification","valueRequired":true,"valueName":"search_term_string"}}],"inLanguage":"fr-FR"}]}</script>
<!-- / Yoast SEO Premium plugin. -->

La réunion visera principalement à établir une vision commune des nouvelles priorités définies par le Conseil de la CCE en juin dernier et à déterminer

Commission de coopération environnementale

Activités
