{"id":13905,"date":"2014-04-10T00:00:00","date_gmt":"2014-04-10T04:00:00","guid":{"rendered":"http:\/\/www.cec.org\/events\/celebrons-notre-biodiversite-commune-defi-photographique-nord-americain\/"},"modified":"2025-06-20T13:06:43","modified_gmt":"2025-06-20T17:06:43","slug":"celebrons-notre-biodiversite-commune-defi-photographique-nord-americain","status":"publish","type":"events","link":"https:\/\/www.cec.org\/fr\/activites\/celebrons-notre-biodiversite-commune-defi-photographique-nord-americain\/","title":{"rendered":"C\u00e9l\u00e9brons notre biodiversit\u00e9 commune \u2013 D\u00e9fi photographique nord-am\u00e9ricain"},"content":{"rendered":"<p>En 2014, la CCE c\u00e9l\u00e9brera 20 ans de partenariats fructueux dans le domaine de l\u2019environnement en Am\u00e9rique du Nord. Pour souligner cette \u00e9tape marquante au Canada, au Mexique et aux \u00c9tats-Unis, la CCE organise un concours photo sous le th\u00e8me\u00a0: <strong><em>C\u00e9l\u00e9brons notre biodiversit\u00e9 commune \u2013 D\u00e9fi photographique nord-am\u00e9ricain.<\/em><\/strong><strong>\u00a0<\/strong><\/p>\n<p>Utilisez votre appareil photo pour nous aider \u00e0 promouvoir l\u2019environnement nord-am\u00e9ricain et montrer les multiples aspects de la biodiversit\u00e9 commune qu\u2019on trouve sur ce vaste et superbe continent \u2014 les esp\u00e8ces et les \u00e9cosyst\u00e8mes transfrontaliers, l\u2019importance cruciale de la biodiversit\u00e9 pour la sant\u00e9 des collectivit\u00e9s, les partenariats internationaux form\u00e9s en vue de pr\u00e9server la biodiversit\u00e9, les oiseaux migrateurs, les autres esp\u00e8ces sauvages qui traversent le continent lors de leurs migrations, et bien plus. Notre biodiversit\u00e9 commune nous rappelle l\u2019importance de la collaboration entre le Canada, le Mexique et les \u00c9tats-Unis pour la conservation de l\u2019environnement nord-am\u00e9ricain.<\/p>\n<p>Les photos seront jug\u00e9es de fa\u00e7on anonyme par un groupe de photographes professionnels. Description du grand prix\u00a0:<\/p>\n<ul>\n<li>Une invitation exclusive \u00e0 la session 2014 du Conseil de la CCE, qui aura lieu \u00e0 Yellowknife (Territoires du Nord-Ouest), au Canada, les 16 et 17 juillet 2014<\/li>\n<li>Un billet d\u2019avion aller-retour pour Yellowknife et un s\u00e9jour de trois nuits \u00e0 l\u2019h\u00f4tel<\/li>\n<li>La participation, en compagnie des autres finalistes (trois dans chaque pays), \u00e0 une exposition de photos lors de la session du Conseil<\/li>\n<\/ul>\n<p><!-- VEUILLEZ CONSULTER LE R&Egrave;GLEMENT COMPLET ICI --><\/p>\n<p><!-- du concours et partagez-le avec vos proches.&nbsp;--><\/p>\n<p>Si une personne appara\u00eet sur votre photographie, vous devez t\u00e9l\u00e9charger et remplir un formulaire de consentement.<\/p>\n<p>Vous devez vous inscrire avant le 23 mai 2014 \u00e0 minuit (heure avanc\u00e9e de l\u2019Est). Le nom du gagnant sera annonc\u00e9 le 17 juillet 2014.<\/p>\n<p>Le concours <strong><em>C\u00e9l\u00e9brons notre biodiversit\u00e9 commune \u2014 D\u00e9fi photographique nord-am\u00e9ricain<\/em><\/strong> est officiellement lanc\u00e9. N\u2019oubliez pas de vous inscrire et de passer le mot!<\/p>\n","protected":false},"excerpt":{"rendered":"<p>En 2014, la CCE c\u00e9l\u00e9brera 20 ans de partenariats fructueux dans le domaine de l\u2019environnement en Am\u00e9rique du Nord. Pour souligner cette \u00e9tape marquante au Canada, au Mexique et aux \u00c9tats-Unis, la CCE organise un concours photo sous le th\u00e8me\u00a0: C\u00e9l\u00e9brons notre biodiversit\u00e9 commune \u2013 D\u00e9fi photographique nord-am\u00e9ricain.\u00a0 Utilisez votre appareil photo pour nous aider [&hellip;]<\/p>\n","protected":false},"featured_media":29263,"template":"","class_list":["post-13905","events","type-events","status-publish","has-post-thumbnail","hentry","event_category-autre-evenement","country-canada-fr","participation-ouvert-au-public-fr","themes-ecosystemes"],"acf":[],"yoast_head":"<!-- This site is optimized with the Yoast SEO Premium plugin v27.4 (Yoast SEO v27.4) - https:\/\/yoast.com\/product\/yoast-seo-premium-wordpress\/ -->\n<title>C\u00e9l\u00e9brons notre biodiversit\u00e9 commune \u2013 D\u00e9fi photographique nord-am\u00e9ricain<\/title>\n<meta name=\"description\" content=\"En 2014, la CCE c\u00e9l\u00e9brera 20 ans de partenariats fructueux dans le domaine de l\u2019environnement en Am\u00e9rique du Nord. Pour souligner cette \u00e9tape marquante au\" \/>\n<meta name=\"robots\" content=\"index, follow, max-snippet:-1, max-image-preview:large, max-video-preview:-1\" \/>\n<link rel=\"canonical\" href=\"https:\/\/www.cec.org\/fr\/activites\/celebrons-notre-biodiversite-commune-defi-photographique-nord-americain\/\" \/>\n<meta property=\"og:locale\" content=\"fr_FR\" \/>\n<meta property=\"og:type\" content=\"article\" \/>\n<meta property=\"og:title\" content=\"C\u00e9l\u00e9brons notre biodiversit\u00e9 commune \u2013 D\u00e9fi photographique nord-am\u00e9ricain\" \/>\n<meta property=\"og:description\" content=\"CEC events range from large public consultations to small, expert meetings on specific environmental issues.\" \/>\n<meta property=\"og:url\" content=\"https:\/\/www.cec.org\/fr\/activites\/celebrons-notre-biodiversite-commune-defi-photographique-nord-americain\/\" \/>\n<meta property=\"og:site_name\" content=\"Commission de coop\u00e9ration environnementale\" \/>\n<meta property=\"article:publisher\" content=\"https:\/\/www.facebook.com\/CECconnect\" \/>\n<meta property=\"article:modified_time\" content=\"2025-06-20T17:06:43+00:00\" \/>\n<meta property=\"og:image\" content=\"https:\/\/www.cec.org\/wp-content\/uploads\/2014\/04\/Jennie.jpg\" \/>\n\t<meta property=\"og:image:width\" content=\"600\" \/>\n\t<meta property=\"og:image:height\" content=\"400\" \/>\n\t<meta property=\"og:image:type\" content=\"image\/jpeg\" \/>\n<meta name=\"twitter:card\" content=\"summary_large_image\" \/>\n<meta name=\"twitter:site\" content=\"@CECweb\" \/>\n<script type=\"application\/ld+json\" class=\"yoast-schema-graph\">{\"@context\":\"https:\\\/\\\/schema.org\",\"@graph\":[{\"@type\":\"WebPage\",\"@id\":\"https:\\\/\\\/www.cec.org\\\/fr\\\/activites\\\/celebrons-notre-biodiversite-commune-defi-photographique-nord-americain\\\/\",\"url\":\"https:\\\/\\\/www.cec.org\\\/fr\\\/activites\\\/celebrons-notre-biodiversite-commune-defi-photographique-nord-americain\\\/\",\"name\":\"C\u00e9l\u00e9brons notre biodiversit\u00e9 commune \u2013 D\u00e9fi photographique nord-am\u00e9ricain\",\"isPartOf\":{\"@id\":\"https:\\\/\\\/www.cec.org\\\/fr\\\/#website\"},\"primaryImageOfPage\":{\"@id\":\"https:\\\/\\\/www.cec.org\\\/fr\\\/activites\\\/celebrons-notre-biodiversite-commune-defi-photographique-nord-americain\\\/#primaryimage\"},\"image\":{\"@id\":\"https:\\\/\\\/www.cec.org\\\/fr\\\/activites\\\/celebrons-notre-biodiversite-commune-defi-photographique-nord-americain\\\/#primaryimage\"},\"thumbnailUrl\":\"https:\\\/\\\/www.cec.org\\\/wp-content\\\/uploads\\\/2014\\\/04\\\/Jennie.jpg\",\"datePublished\":\"2014-04-10T04:00:00+00:00\",\"dateModified\":\"2025-06-20T17:06:43+00:00\",\"description\":\"En 2014, la CCE c\u00e9l\u00e9brera 20 ans de partenariats fructueux dans le domaine de l\u2019environnement en Am\u00e9rique du Nord. Pour souligner cette \u00e9tape marquante au\",\"breadcrumb\":{\"@id\":\"https:\\\/\\\/www.cec.org\\\/fr\\\/activites\\\/celebrons-notre-biodiversite-commune-defi-photographique-nord-americain\\\/#breadcrumb\"},\"inLanguage\":\"fr-FR\",\"potentialAction\":[{\"@type\":\"ReadAction\",\"target\":[\"https:\\\/\\\/www.cec.org\\\/fr\\\/activites\\\/celebrons-notre-biodiversite-commune-defi-photographique-nord-americain\\\/\"]}]},{\"@type\":\"ImageObject\",\"inLanguage\":\"fr-FR\",\"@id\":\"https:\\\/\\\/www.cec.org\\\/fr\\\/activites\\\/celebrons-notre-biodiversite-commune-defi-photographique-nord-americain\\\/#primaryimage\",\"url\":\"https:\\\/\\\/www.cec.org\\\/wp-content\\\/uploads\\\/2014\\\/04\\\/Jennie.jpg\",\"contentUrl\":\"https:\\\/\\\/www.cec.org\\\/wp-content\\\/uploads\\\/2014\\\/04\\\/Jennie.jpg\",\"width\":600,\"height\":400},{\"@type\":\"BreadcrumbList\",\"@id\":\"https:\\\/\\\/www.cec.org\\\/fr\\\/activites\\\/celebrons-notre-biodiversite-commune-defi-photographique-nord-americain\\\/#breadcrumb\",\"itemListElement\":[{\"@type\":\"ListItem\",\"position\":1,\"name\":\"Accueil\",\"item\":\"https:\\\/\\\/www.cec.org\\\/fr\\\/\"},{\"@type\":\"ListItem\",\"position\":2,\"name\":\"Activit\u00e9s\",\"item\":\"https:\\\/\\\/www.cec.org\\\/fr\\\/activites\\\/\"},{\"@type\":\"ListItem\",\"position\":3,\"name\":\"C\u00e9l\u00e9brons notre biodiversit\u00e9 commune \u2013 D\u00e9fi photographique nord-am\u00e9ricain\"}]},{\"@type\":\"WebSite\",\"@id\":\"https:\\\/\\\/www.cec.org\\\/fr\\\/#website\",\"url\":\"https:\\\/\\\/www.cec.org\\\/fr\\\/\",\"name\":\"Commission for Environmental Cooperation\",\"description\":\"Three countries working together to protect our shared environment\",\"alternateName\":\"CEC - CCA -CCE\",\"potentialAction\":[{\"@type\":\"SearchAction\",\"target\":{\"@type\":\"EntryPoint\",\"urlTemplate\":\"https:\\\/\\\/www.cec.org\\\/fr\\\/?s={search_term_string}\"},\"query-input\":{\"@type\":\"PropertyValueSpecification\",\"valueRequired\":true,\"valueName\":\"search_term_string\"}}],\"inLanguage\":\"fr-FR\"}]}<\/script>\n<!-- \/ Yoast SEO Premium plugin. -->","yoast_head_json":{"title":"C\u00e9l\u00e9brons notre biodiversit\u00e9 commune \u2013 D\u00e9fi photographique nord-am\u00e9ricain","description":"En 2014, la CCE c\u00e9l\u00e9brera 20 ans de partenariats fructueux dans le domaine de l\u2019environnement en Am\u00e9rique du Nord. Pour souligner cette \u00e9tape marquante au","robots":{"index":"index","follow":"follow","max-snippet":"max-snippet:-1","max-image-preview":"max-image-preview:large","max-video-preview":"max-video-preview:-1"},"canonical":"https:\/\/www.cec.org\/fr\/activites\/celebrons-notre-biodiversite-commune-defi-photographique-nord-americain\/","og_locale":"fr_FR","og_type":"article","og_title":"C\u00e9l\u00e9brons notre biodiversit\u00e9 commune \u2013 D\u00e9fi photographique nord-am\u00e9ricain","og_description":"CEC events range from large public consultations to small, expert meetings on specific environmental issues.","og_url":"https:\/\/www.cec.org\/fr\/activites\/celebrons-notre-biodiversite-commune-defi-photographique-nord-americain\/","og_site_name":"Commission de coop\u00e9ration environnementale","article_publisher":"https:\/\/www.facebook.com\/CECconnect","article_modified_time":"2025-06-20T17:06:43+00:00","og_image":[{"width":600,"height":400,"url":"https:\/\/www.cec.org\/wp-content\/uploads\/2014\/04\/Jennie.jpg","type":"image\/jpeg"}],"twitter_card":"summary_large_image","twitter_site":"@CECweb","schema":{"@context":"https:\/\/schema.org","@graph":[{"@type":"WebPage","@id":"https:\/\/www.cec.org\/fr\/activites\/celebrons-notre-biodiversite-commune-defi-photographique-nord-americain\/","url":"https:\/\/www.cec.org\/fr\/activites\/celebrons-notre-biodiversite-commune-defi-photographique-nord-americain\/","name":"C\u00e9l\u00e9brons notre biodiversit\u00e9 commune \u2013 D\u00e9fi photographique nord-am\u00e9ricain","isPartOf":{"@id":"https:\/\/www.cec.org\/fr\/#website"},"primaryImageOfPage":{"@id":"https:\/\/www.cec.org\/fr\/activites\/celebrons-notre-biodiversite-commune-defi-photographique-nord-americain\/#primaryimage"},"image":{"@id":"https:\/\/www.cec.org\/fr\/activites\/celebrons-notre-biodiversite-commune-defi-photographique-nord-americain\/#primaryimage"},"thumbnailUrl":"https:\/\/www.cec.org\/wp-content\/uploads\/2014\/04\/Jennie.jpg","datePublished":"2014-04-10T04:00:00+00:00","dateModified":"2025-06-20T17:06:43+00:00","description":"En 2014, la CCE c\u00e9l\u00e9brera 20 ans de partenariats fructueux dans le domaine de l\u2019environnement en Am\u00e9rique du Nord. Pour souligner cette \u00e9tape marquante au","breadcrumb":{"@id":"https:\/\/www.cec.org\/fr\/activites\/celebrons-notre-biodiversite-commune-defi-photographique-nord-americain\/#breadcrumb"},"inLanguage":"fr-FR","potentialAction":[{"@type":"ReadAction","target":["https:\/\/www.cec.org\/fr\/activites\/celebrons-notre-biodiversite-commune-defi-photographique-nord-americain\/"]}]},{"@type":"ImageObject","inLanguage":"fr-FR","@id":"https:\/\/www.cec.org\/fr\/activites\/celebrons-notre-biodiversite-commune-defi-photographique-nord-americain\/#primaryimage","url":"https:\/\/www.cec.org\/wp-content\/uploads\/2014\/04\/Jennie.jpg","contentUrl":"https:\/\/www.cec.org\/wp-content\/uploads\/2014\/04\/Jennie.jpg","width":600,"height":400},{"@type":"BreadcrumbList","@id":"https:\/\/www.cec.org\/fr\/activites\/celebrons-notre-biodiversite-commune-defi-photographique-nord-americain\/#breadcrumb","itemListElement":[{"@type":"ListItem","position":1,"name":"Accueil","item":"https:\/\/www.cec.org\/fr\/"},{"@type":"ListItem","position":2,"name":"Activit\u00e9s","item":"https:\/\/www.cec.org\/fr\/activites\/"},{"@type":"ListItem","position":3,"name":"C\u00e9l\u00e9brons notre biodiversit\u00e9 commune \u2013 D\u00e9fi photographique nord-am\u00e9ricain"}]},{"@type":"WebSite","@id":"https:\/\/www.cec.org\/fr\/#website","url":"https:\/\/www.cec.org\/fr\/","name":"Commission for Environmental Cooperation","description":"Three countries working together to protect our shared environment","alternateName":"CEC - CCA -CCE","potentialAction":[{"@type":"SearchAction","target":{"@type":"EntryPoint","urlTemplate":"https:\/\/www.cec.org\/fr\/?s={search_term_string}"},"query-input":{"@type":"PropertyValueSpecification","valueRequired":true,"valueName":"search_term_string"}}],"inLanguage":"fr-FR"}]}},"_links":{"self":[{"href":"https:\/\/www.cec.org\/fr\/wp-json\/wp\/v2\/events\/13905","targetHints":{"allow":["GET"]}}],"collection":[{"href":"https:\/\/www.cec.org\/fr\/wp-json\/wp\/v2\/events"}],"about":[{"href":"https:\/\/www.cec.org\/fr\/wp-json\/wp\/v2\/types\/events"}],"wp:featuredmedia":[{"embeddable":true,"href":"https:\/\/www.cec.org\/fr\/wp-json\/wp\/v2\/media\/29263"}],"wp:attachment":[{"href":"https:\/\/www.cec.org\/fr\/wp-json\/wp\/v2\/media?parent=13905"}],"curies":[{"name":"wp","href":"https:\/\/api.w.org\/{rel}","templated":true}]}}

Célébrons notre biodiversité commune – Défi photographique nord-américain

<p>En 2014, la CCE célébrera 20 ans de partenariats fructueux dans le domaine de l’environnement en Amérique du Nord. Pour souligner cette étape marquante au Canada, au Mexique et aux États-Unis, la CCE organise un concours photo sous le thème : <strong><em>Célébrons notre biodiversité commune – Défi photographique nord-américain.</em></strong><strong> </strong></p>
<p>Utilisez votre appareil photo pour nous aider à promouvoir l’environnement nord-américain et montrer les multiples aspects de la biodiversité commune qu’on trouve sur ce vaste et superbe continent — les espèces et les écosystèmes transfrontaliers, l’importance cruciale de la biodiversité pour la santé des collectivités, les partenariats internationaux formés en vue de préserver la biodiversité, les oiseaux migrateurs, les autres espèces sauvages qui traversent le continent lors de leurs migrations, et bien plus. Notre biodiversité commune nous rappelle l’importance de la collaboration entre le Canada, le Mexique et les États-Unis pour la conservation de l’environnement nord-américain.</p>
<p>Les photos seront jugées de façon anonyme par un groupe de photographes professionnels. Description du grand prix :</p>
<ul>
<li>Une invitation exclusive à la session 2014 du Conseil de la CCE, qui aura lieu à Yellowknife (Territoires du Nord-Ouest), au Canada, les 16 et 17 juillet 2014</li>
<li>Un billet d’avion aller-retour pour Yellowknife et un séjour de trois nuits à l’hôtel</li>
<li>La participation, en compagnie des autres finalistes (trois dans chaque pays), à une exposition de photos lors de la session du Conseil</li>
</ul>
<p><!-- VEUILLEZ CONSULTER LE R&Egrave;GLEMENT COMPLET ICI --></p>
<p><!-- du concours et partagez-le avec vos proches.&nbsp;--></p>
<p>Si une personne apparaît sur votre photographie, vous devez télécharger et remplir un formulaire de consentement.</p>
<p>Vous devez vous inscrire avant le 23 mai 2014 à minuit (heure avancée de l’Est). Le nom du gagnant sera annoncé le 17 juillet 2014.</p>
<p>Le concours <strong><em>Célébrons notre biodiversité commune — Défi photographique nord-américain</em></strong> est officiellement lancé. N’oubliez pas de vous inscrire et de passer le mot!</p>

<p>En 2014, la CCE célébrera 20 ans de partenariats fructueux dans le domaine de l’environnement en Amérique du Nord. Pour souligner cette étape marquante au Canada, au Mexique et aux États-Unis, la CCE organise un concours photo sous le thème : Célébrons notre biodiversité commune – Défi photographique nord-américain.  Utilisez votre appareil photo pour nous aider [&hellip;]</p>

<!-- This site is optimized with the Yoast SEO Premium plugin v27.4 (Yoast SEO v27.4) - https://yoast.com/product/yoast-seo-premium-wordpress/ -->
<title>Célébrons notre biodiversité commune – Défi photographique nord-américain</title>
<meta name="description" content="En 2014, la CCE célébrera 20 ans de partenariats fructueux dans le domaine de l’environnement en Amérique du Nord. Pour souligner cette étape marquante au" />
<meta name="robots" content="index, follow, max-snippet:-1, max-image-preview:large, max-video-preview:-1" />
<link rel="canonical" href="https://www.cec.org/fr/activites/celebrons-notre-biodiversite-commune-defi-photographique-nord-americain/" />
<meta property="og:locale" content="fr_FR" />
<meta property="og:type" content="article" />
<meta property="og:title" content="Célébrons notre biodiversité commune – Défi photographique nord-américain" />
<meta property="og:description" content="CEC events range from large public consultations to small, expert meetings on specific environmental issues." />
<meta property="og:url" content="https://www.cec.org/fr/activites/celebrons-notre-biodiversite-commune-defi-photographique-nord-americain/" />
<meta property="og:site_name" content="Commission de coopération environnementale" />
<meta property="article:publisher" content="https://www.facebook.com/CECconnect" />
<meta property="article:modified_time" content="2025-06-20T17:06:43+00:00" />
<meta property="og:image" content="https://www.cec.org/wp-content/uploads/2014/04/Jennie.jpg" />
	<meta property="og:image:width" content="600" />
	<meta property="og:image:height" content="400" />
	<meta property="og:image:type" content="image/jpeg" />
<meta name="twitter:card" content="summary_large_image" />
<meta name="twitter:site" content="@CECweb" />
<script type="application/ld+json" class="yoast-schema-graph">{"@context":"https:\/\/schema.org","@graph":[{"@type":"WebPage","@id":"https:\/\/www.cec.org\/fr\/activites\/celebrons-notre-biodiversite-commune-defi-photographique-nord-americain\/","url":"https:\/\/www.cec.org\/fr\/activites\/celebrons-notre-biodiversite-commune-defi-photographique-nord-americain\/","name":"Célébrons notre biodiversité commune – Défi photographique nord-américain","isPartOf":{"@id":"https:\/\/www.cec.org\/fr\/#website"},"primaryImageOfPage":{"@id":"https:\/\/www.cec.org\/fr\/activites\/celebrons-notre-biodiversite-commune-defi-photographique-nord-americain\/#primaryimage"},"image":{"@id":"https:\/\/www.cec.org\/fr\/activites\/celebrons-notre-biodiversite-commune-defi-photographique-nord-americain\/#primaryimage"},"thumbnailUrl":"https:\/\/www.cec.org\/wp-content\/uploads\/2014\/04\/Jennie.jpg","datePublished":"2014-04-10T04:00:00+00:00","dateModified":"2025-06-20T17:06:43+00:00","description":"En 2014, la CCE célébrera 20 ans de partenariats fructueux dans le domaine de l’environnement en Amérique du Nord. Pour souligner cette étape marquante au","breadcrumb":{"@id":"https:\/\/www.cec.org\/fr\/activites\/celebrons-notre-biodiversite-commune-defi-photographique-nord-americain\/#breadcrumb"},"inLanguage":"fr-FR","potentialAction":[{"@type":"ReadAction","target":["https:\/\/www.cec.org\/fr\/activites\/celebrons-notre-biodiversite-commune-defi-photographique-nord-americain\/"]}]},{"@type":"ImageObject","inLanguage":"fr-FR","@id":"https:\/\/www.cec.org\/fr\/activites\/celebrons-notre-biodiversite-commune-defi-photographique-nord-americain\/#primaryimage","url":"https:\/\/www.cec.org\/wp-content\/uploads\/2014\/04\/Jennie.jpg","contentUrl":"https:\/\/www.cec.org\/wp-content\/uploads\/2014\/04\/Jennie.jpg","width":600,"height":400},{"@type":"BreadcrumbList","@id":"https:\/\/www.cec.org\/fr\/activites\/celebrons-notre-biodiversite-commune-defi-photographique-nord-americain\/#breadcrumb","itemListElement":[{"@type":"ListItem","position":1,"name":"Accueil","item":"https:\/\/www.cec.org\/fr\/"},{"@type":"ListItem","position":2,"name":"Activités","item":"https:\/\/www.cec.org\/fr\/activites\/"},{"@type":"ListItem","position":3,"name":"Célébrons notre biodiversité commune – Défi photographique nord-américain"}]},{"@type":"WebSite","@id":"https:\/\/www.cec.org\/fr\/#website","url":"https:\/\/www.cec.org\/fr\/","name":"Commission for Environmental Cooperation","description":"Three countries working together to protect our shared environment","alternateName":"CEC - CCA -CCE","potentialAction":[{"@type":"SearchAction","target":{"@type":"EntryPoint","urlTemplate":"https:\/\/www.cec.org\/fr\/?s={search_term_string}"},"query-input":{"@type":"PropertyValueSpecification","valueRequired":true,"valueName":"search_term_string"}}],"inLanguage":"fr-FR"}]}</script>
<!-- / Yoast SEO Premium plugin. -->

En 2014, la CCE célébrera 20 ans de partenariats fructueux dans le domaine de l’environnement en Amérique du Nord. Pour souligner cette étape marquante au

Commission de coopération environnementale

Activités
