{"id":48563,"date":"2003-06-24T00:00:00","date_gmt":"2003-06-24T04:00:00","guid":{"rendered":"http:\/\/www.cec.org\/documents\/seance-pleniere-du-comite-consultatif-public-mixte-questions-a-debattre-au-sujet-du-plan-de-travail-de-la-cce-sur-la-qualite-de-lair-evaluations-des-enjeux-de-la-qualite-de-l-2\/"},"modified":"2026-03-30T14:08:32","modified_gmt":"2026-03-30T18:08:32","slug":"seance-pleniere-du-comite-consultatif-public-mixte-questions-a-debattre-au-sujet-du-plan-de-travail-de-la-cce-sur-la-qualite-de-lair-evaluations-des-enjeux-de-la-qualite-de-l-2","status":"publish","type":"documents","link":"https:\/\/www.cec.org\/fr\/documents\/seance-pleniere-du-comite-consultatif-public-mixte-questions-a-debattre-au-sujet-du-plan-de-travail-de-la-cce-sur-la-qualite-de-lair-evaluations-des-enjeux-de-la-qualite-de-l-2\/","title":{"rendered":"S\u00e9ance pl\u00e9ni\u00e8re du Comit\u00e9 consultatif public mixte \u2014 Questions \u00e0 d\u00e9battre au sujet du plan de travail de la CCE sur la qualit\u00e9 de l\u2019air : \u00c9valuations des enjeux de la qualit\u00e9 de l\u2019air conform\u00e9ment au communiqu\u00e9 final \u00e9mis par le Conseil de la CCE \u00e0 l\u2019issue de la session ordinaire de 2002"},"content":{"rendered":"","protected":false},"excerpt":{"rendered":"","protected":false},"featured_media":0,"template":"","class_list":["post-48563","documents","type-documents","status-publish","hentry","document_category-autres-lettres"],"acf":[],"yoast_head":"<!-- This site is optimized with the Yoast SEO Premium plugin v27.4 (Yoast SEO v27.4) - https:\/\/yoast.com\/product\/yoast-seo-premium-wordpress\/ -->\n<title>S\u00e9ance pl\u00e9ni\u00e8re du Comit\u00e9 consultatif public mixte \u2014 Questions \u00e0 d\u00e9battre au sujet du plan de travail de la CCE sur la qualit\u00e9 de l\u2019air : \u00c9valuations des enjeux de la qualit\u00e9 de l\u2019air conform\u00e9ment au communiqu\u00e9 final \u00e9mis par le Conseil de la CCE \u00e0 l\u2019issue de la session ordinaire de 2002<\/title>\n<meta name=\"robots\" content=\"noindex, follow\" \/>\n<meta property=\"og:locale\" content=\"fr_FR\" \/>\n<meta property=\"og:type\" content=\"article\" \/>\n<meta property=\"og:title\" content=\"S\u00e9ance pl\u00e9ni\u00e8re du Comit\u00e9 consultatif public mixte \u2014 Questions \u00e0 d\u00e9battre au sujet du plan de travail de la CCE sur la qualit\u00e9 de l\u2019air : \u00c9valuations des enjeux de la qualit\u00e9 de l\u2019air conform\u00e9ment au communiqu\u00e9 final \u00e9mis par le Conseil de la CCE \u00e0 l\u2019issue de la session ordinaire de 2002\" \/>\n<meta property=\"og:url\" content=\"https:\/\/www.cec.org\/fr\/documents\/seance-pleniere-du-comite-consultatif-public-mixte-questions-a-debattre-au-sujet-du-plan-de-travail-de-la-cce-sur-la-qualite-de-lair-evaluations-des-enjeux-de-la-qualite-de-l-2\/\" \/>\n<meta property=\"og:site_name\" content=\"Commission de coop\u00e9ration environnementale\" \/>\n<meta property=\"article:publisher\" content=\"https:\/\/www.facebook.com\/CECconnect\" \/>\n<meta property=\"article:modified_time\" content=\"2026-03-30T18:08:32+00:00\" \/>\n<meta property=\"og:image\" content=\"https:\/\/www.cec.org\/wp-content\/uploads\/cec-cover2023.webp\" \/>\n\t<meta property=\"og:image:width\" content=\"1200\" \/>\n\t<meta property=\"og:image:height\" content=\"630\" \/>\n\t<meta property=\"og:image:type\" content=\"image\/webp\" \/>\n<meta name=\"twitter:card\" content=\"summary_large_image\" \/>\n<meta name=\"twitter:site\" content=\"@CECweb\" \/>\n<script type=\"application\/ld+json\" class=\"yoast-schema-graph\">{\"@context\":\"https:\\\/\\\/schema.org\",\"@graph\":[{\"@type\":\"WebPage\",\"@id\":\"https:\\\/\\\/www.cec.org\\\/fr\\\/documents\\\/seance-pleniere-du-comite-consultatif-public-mixte-questions-a-debattre-au-sujet-du-plan-de-travail-de-la-cce-sur-la-qualite-de-lair-evaluations-des-enjeux-de-la-qualite-de-l-2\\\/\",\"url\":\"https:\\\/\\\/www.cec.org\\\/fr\\\/documents\\\/seance-pleniere-du-comite-consultatif-public-mixte-questions-a-debattre-au-sujet-du-plan-de-travail-de-la-cce-sur-la-qualite-de-lair-evaluations-des-enjeux-de-la-qualite-de-l-2\\\/\",\"name\":\"S\u00e9ance pl\u00e9ni\u00e8re du Comit\u00e9 consultatif public mixte \u2014 Questions \u00e0 d\u00e9battre au sujet du plan de travail de la CCE sur la qualit\u00e9 de l\u2019air : \u00c9valuations des enjeux de la qualit\u00e9 de l\u2019air conform\u00e9ment au communiqu\u00e9 final \u00e9mis par le Conseil de la CCE \u00e0 l\u2019issue de la session ordinaire de 2002\",\"isPartOf\":{\"@id\":\"https:\\\/\\\/www.cec.org\\\/fr\\\/#website\"},\"datePublished\":\"2003-06-24T04:00:00+00:00\",\"dateModified\":\"2026-03-30T18:08:32+00:00\",\"breadcrumb\":{\"@id\":\"https:\\\/\\\/www.cec.org\\\/fr\\\/documents\\\/seance-pleniere-du-comite-consultatif-public-mixte-questions-a-debattre-au-sujet-du-plan-de-travail-de-la-cce-sur-la-qualite-de-lair-evaluations-des-enjeux-de-la-qualite-de-l-2\\\/#breadcrumb\"},\"inLanguage\":\"fr-FR\",\"potentialAction\":[{\"@type\":\"ReadAction\",\"target\":[\"https:\\\/\\\/www.cec.org\\\/fr\\\/documents\\\/seance-pleniere-du-comite-consultatif-public-mixte-questions-a-debattre-au-sujet-du-plan-de-travail-de-la-cce-sur-la-qualite-de-lair-evaluations-des-enjeux-de-la-qualite-de-l-2\\\/\"]}]},{\"@type\":\"BreadcrumbList\",\"@id\":\"https:\\\/\\\/www.cec.org\\\/fr\\\/documents\\\/seance-pleniere-du-comite-consultatif-public-mixte-questions-a-debattre-au-sujet-du-plan-de-travail-de-la-cce-sur-la-qualite-de-lair-evaluations-des-enjeux-de-la-qualite-de-l-2\\\/#breadcrumb\",\"itemListElement\":[{\"@type\":\"ListItem\",\"position\":1,\"name\":\"Accueil\",\"item\":\"https:\\\/\\\/www.cec.org\\\/fr\\\/\"},{\"@type\":\"ListItem\",\"position\":2,\"name\":\"Documents\",\"item\":\"https:\\\/\\\/www.cec.org\\\/fr\\\/documents\\\/\"},{\"@type\":\"ListItem\",\"position\":3,\"name\":\"S\u00e9ance pl\u00e9ni\u00e8re du Comit\u00e9 consultatif public mixte \u2014 Questions \u00e0 d\u00e9battre au sujet du plan de travail de la CCE sur la qualit\u00e9 de l\u2019air : \u00c9valuations des enjeux de la qualit\u00e9 de l\u2019air conform\u00e9ment au communiqu\u00e9 final \u00e9mis par le Conseil de la CCE \u00e0 l\u2019issue de la session ordinaire de 2002\"}]},{\"@type\":\"WebSite\",\"@id\":\"https:\\\/\\\/www.cec.org\\\/fr\\\/#website\",\"url\":\"https:\\\/\\\/www.cec.org\\\/fr\\\/\",\"name\":\"Commission for Environmental Cooperation\",\"description\":\"Three countries working together to protect our shared environment\",\"alternateName\":\"CEC - CCA -CCE\",\"potentialAction\":[{\"@type\":\"SearchAction\",\"target\":{\"@type\":\"EntryPoint\",\"urlTemplate\":\"https:\\\/\\\/www.cec.org\\\/fr\\\/?s={search_term_string}\"},\"query-input\":{\"@type\":\"PropertyValueSpecification\",\"valueRequired\":true,\"valueName\":\"search_term_string\"}}],\"inLanguage\":\"fr-FR\"}]}<\/script>\n<!-- \/ Yoast SEO Premium plugin. -->","yoast_head_json":{"title":"S\u00e9ance pl\u00e9ni\u00e8re du Comit\u00e9 consultatif public mixte \u2014 Questions \u00e0 d\u00e9battre au sujet du plan de travail de la CCE sur la qualit\u00e9 de l\u2019air : \u00c9valuations des enjeux de la qualit\u00e9 de l\u2019air conform\u00e9ment au communiqu\u00e9 final \u00e9mis par le Conseil de la CCE \u00e0 l\u2019issue de la session ordinaire de 2002","robots":{"index":"noindex","follow":"follow"},"og_locale":"fr_FR","og_type":"article","og_title":"S\u00e9ance pl\u00e9ni\u00e8re du Comit\u00e9 consultatif public mixte \u2014 Questions \u00e0 d\u00e9battre au sujet du plan de travail de la CCE sur la qualit\u00e9 de l\u2019air : \u00c9valuations des enjeux de la qualit\u00e9 de l\u2019air conform\u00e9ment au communiqu\u00e9 final \u00e9mis par le Conseil de la CCE \u00e0 l\u2019issue de la session ordinaire de 2002","og_url":"https:\/\/www.cec.org\/fr\/documents\/seance-pleniere-du-comite-consultatif-public-mixte-questions-a-debattre-au-sujet-du-plan-de-travail-de-la-cce-sur-la-qualite-de-lair-evaluations-des-enjeux-de-la-qualite-de-l-2\/","og_site_name":"Commission de coop\u00e9ration environnementale","article_publisher":"https:\/\/www.facebook.com\/CECconnect","article_modified_time":"2026-03-30T18:08:32+00:00","og_image":[{"width":1200,"height":630,"url":"https:\/\/www.cec.org\/wp-content\/uploads\/cec-cover2023.webp","type":"image\/webp"}],"twitter_card":"summary_large_image","twitter_site":"@CECweb","schema":{"@context":"https:\/\/schema.org","@graph":[{"@type":"WebPage","@id":"https:\/\/www.cec.org\/fr\/documents\/seance-pleniere-du-comite-consultatif-public-mixte-questions-a-debattre-au-sujet-du-plan-de-travail-de-la-cce-sur-la-qualite-de-lair-evaluations-des-enjeux-de-la-qualite-de-l-2\/","url":"https:\/\/www.cec.org\/fr\/documents\/seance-pleniere-du-comite-consultatif-public-mixte-questions-a-debattre-au-sujet-du-plan-de-travail-de-la-cce-sur-la-qualite-de-lair-evaluations-des-enjeux-de-la-qualite-de-l-2\/","name":"S\u00e9ance pl\u00e9ni\u00e8re du Comit\u00e9 consultatif public mixte \u2014 Questions \u00e0 d\u00e9battre au sujet du plan de travail de la CCE sur la qualit\u00e9 de l\u2019air : \u00c9valuations des enjeux de la qualit\u00e9 de l\u2019air conform\u00e9ment au communiqu\u00e9 final \u00e9mis par le Conseil de la CCE \u00e0 l\u2019issue de la session ordinaire de 2002","isPartOf":{"@id":"https:\/\/www.cec.org\/fr\/#website"},"datePublished":"2003-06-24T04:00:00+00:00","dateModified":"2026-03-30T18:08:32+00:00","breadcrumb":{"@id":"https:\/\/www.cec.org\/fr\/documents\/seance-pleniere-du-comite-consultatif-public-mixte-questions-a-debattre-au-sujet-du-plan-de-travail-de-la-cce-sur-la-qualite-de-lair-evaluations-des-enjeux-de-la-qualite-de-l-2\/#breadcrumb"},"inLanguage":"fr-FR","potentialAction":[{"@type":"ReadAction","target":["https:\/\/www.cec.org\/fr\/documents\/seance-pleniere-du-comite-consultatif-public-mixte-questions-a-debattre-au-sujet-du-plan-de-travail-de-la-cce-sur-la-qualite-de-lair-evaluations-des-enjeux-de-la-qualite-de-l-2\/"]}]},{"@type":"BreadcrumbList","@id":"https:\/\/www.cec.org\/fr\/documents\/seance-pleniere-du-comite-consultatif-public-mixte-questions-a-debattre-au-sujet-du-plan-de-travail-de-la-cce-sur-la-qualite-de-lair-evaluations-des-enjeux-de-la-qualite-de-l-2\/#breadcrumb","itemListElement":[{"@type":"ListItem","position":1,"name":"Accueil","item":"https:\/\/www.cec.org\/fr\/"},{"@type":"ListItem","position":2,"name":"Documents","item":"https:\/\/www.cec.org\/fr\/documents\/"},{"@type":"ListItem","position":3,"name":"S\u00e9ance pl\u00e9ni\u00e8re du Comit\u00e9 consultatif public mixte \u2014 Questions \u00e0 d\u00e9battre au sujet du plan de travail de la CCE sur la qualit\u00e9 de l\u2019air : \u00c9valuations des enjeux de la qualit\u00e9 de l\u2019air conform\u00e9ment au communiqu\u00e9 final \u00e9mis par le Conseil de la CCE \u00e0 l\u2019issue de la session ordinaire de 2002"}]},{"@type":"WebSite","@id":"https:\/\/www.cec.org\/fr\/#website","url":"https:\/\/www.cec.org\/fr\/","name":"Commission for Environmental Cooperation","description":"Three countries working together to protect our shared environment","alternateName":"CEC - CCA -CCE","potentialAction":[{"@type":"SearchAction","target":{"@type":"EntryPoint","urlTemplate":"https:\/\/www.cec.org\/fr\/?s={search_term_string}"},"query-input":{"@type":"PropertyValueSpecification","valueRequired":true,"valueName":"search_term_string"}}],"inLanguage":"fr-FR"}]}},"_links":{"self":[{"href":"https:\/\/www.cec.org\/fr\/wp-json\/wp\/v2\/documents\/48563","targetHints":{"allow":["GET"]}}],"collection":[{"href":"https:\/\/www.cec.org\/fr\/wp-json\/wp\/v2\/documents"}],"about":[{"href":"https:\/\/www.cec.org\/fr\/wp-json\/wp\/v2\/types\/documents"}],"wp:attachment":[{"href":"https:\/\/www.cec.org\/fr\/wp-json\/wp\/v2\/media?parent=48563"}],"curies":[{"name":"wp","href":"https:\/\/api.w.org\/{rel}","templated":true}]}}

Séance plénière du Comité consultatif public mixte — Questions à débattre au sujet du plan de travail de la CCE sur la qualité de l’air : Évaluations des enjeux de la qualité de l’air conformément au communiqué final émis par le Conseil de la CCE à l’issue de la session ordinaire de 2002

<!-- This site is optimized with the Yoast SEO Premium plugin v27.4 (Yoast SEO v27.4) - https://yoast.com/product/yoast-seo-premium-wordpress/ -->
<title>Séance plénière du Comité consultatif public mixte — Questions à débattre au sujet du plan de travail de la CCE sur la qualité de l’air : Évaluations des enjeux de la qualité de l’air conformément au communiqué final émis par le Conseil de la CCE à l’issue de la session ordinaire de 2002</title>
<meta name="robots" content="noindex, follow" />
<meta property="og:locale" content="fr_FR" />
<meta property="og:type" content="article" />
<meta property="og:title" content="Séance plénière du Comité consultatif public mixte — Questions à débattre au sujet du plan de travail de la CCE sur la qualité de l’air : Évaluations des enjeux de la qualité de l’air conformément au communiqué final émis par le Conseil de la CCE à l’issue de la session ordinaire de 2002" />
<meta property="og:url" content="https://www.cec.org/fr/documents/seance-pleniere-du-comite-consultatif-public-mixte-questions-a-debattre-au-sujet-du-plan-de-travail-de-la-cce-sur-la-qualite-de-lair-evaluations-des-enjeux-de-la-qualite-de-l-2/" />
<meta property="og:site_name" content="Commission de coopération environnementale" />
<meta property="article:publisher" content="https://www.facebook.com/CECconnect" />
<meta property="article:modified_time" content="2026-03-30T18:08:32+00:00" />
<meta property="og:image" content="https://www.cec.org/wp-content/uploads/cec-cover2023.webp" />
	<meta property="og:image:width" content="1200" />
	<meta property="og:image:height" content="630" />
	<meta property="og:image:type" content="image/webp" />
<meta name="twitter:card" content="summary_large_image" />
<meta name="twitter:site" content="@CECweb" />
<script type="application/ld+json" class="yoast-schema-graph">{"@context":"https:\/\/schema.org","@graph":[{"@type":"WebPage","@id":"https:\/\/www.cec.org\/fr\/documents\/seance-pleniere-du-comite-consultatif-public-mixte-questions-a-debattre-au-sujet-du-plan-de-travail-de-la-cce-sur-la-qualite-de-lair-evaluations-des-enjeux-de-la-qualite-de-l-2\/","url":"https:\/\/www.cec.org\/fr\/documents\/seance-pleniere-du-comite-consultatif-public-mixte-questions-a-debattre-au-sujet-du-plan-de-travail-de-la-cce-sur-la-qualite-de-lair-evaluations-des-enjeux-de-la-qualite-de-l-2\/","name":"Séance plénière du Comité consultatif public mixte — Questions à débattre au sujet du plan de travail de la CCE sur la qualité de l’air : Évaluations des enjeux de la qualité de l’air conformément au communiqué final émis par le Conseil de la CCE à l’issue de la session ordinaire de 2002","isPartOf":{"@id":"https:\/\/www.cec.org\/fr\/#website"},"datePublished":"2003-06-24T04:00:00+00:00","dateModified":"2026-03-30T18:08:32+00:00","breadcrumb":{"@id":"https:\/\/www.cec.org\/fr\/documents\/seance-pleniere-du-comite-consultatif-public-mixte-questions-a-debattre-au-sujet-du-plan-de-travail-de-la-cce-sur-la-qualite-de-lair-evaluations-des-enjeux-de-la-qualite-de-l-2\/#breadcrumb"},"inLanguage":"fr-FR","potentialAction":[{"@type":"ReadAction","target":["https:\/\/www.cec.org\/fr\/documents\/seance-pleniere-du-comite-consultatif-public-mixte-questions-a-debattre-au-sujet-du-plan-de-travail-de-la-cce-sur-la-qualite-de-lair-evaluations-des-enjeux-de-la-qualite-de-l-2\/"]}]},{"@type":"BreadcrumbList","@id":"https:\/\/www.cec.org\/fr\/documents\/seance-pleniere-du-comite-consultatif-public-mixte-questions-a-debattre-au-sujet-du-plan-de-travail-de-la-cce-sur-la-qualite-de-lair-evaluations-des-enjeux-de-la-qualite-de-l-2\/#breadcrumb","itemListElement":[{"@type":"ListItem","position":1,"name":"Accueil","item":"https:\/\/www.cec.org\/fr\/"},{"@type":"ListItem","position":2,"name":"Documents","item":"https:\/\/www.cec.org\/fr\/documents\/"},{"@type":"ListItem","position":3,"name":"Séance plénière du Comité consultatif public mixte — Questions à débattre au sujet du plan de travail de la CCE sur la qualité de l’air : Évaluations des enjeux de la qualité de l’air conformément au communiqué final émis par le Conseil de la CCE à l’issue de la session ordinaire de 2002"}]},{"@type":"WebSite","@id":"https:\/\/www.cec.org\/fr\/#website","url":"https:\/\/www.cec.org\/fr\/","name":"Commission for Environmental Cooperation","description":"Three countries working together to protect our shared environment","alternateName":"CEC - CCA -CCE","potentialAction":[{"@type":"SearchAction","target":{"@type":"EntryPoint","urlTemplate":"https:\/\/www.cec.org\/fr\/?s={search_term_string}"},"query-input":{"@type":"PropertyValueSpecification","valueRequired":true,"valueName":"search_term_string"}}],"inLanguage":"fr-FR"}]}</script>
<!-- / Yoast SEO Premium plugin. -->

Commission de coopération environnementale
