{"id":59840,"date":"2025-08-21T17:02:58","date_gmt":"2025-08-21T21:02:58","guid":{"rendered":"https:\/\/www.cec.org\/agency\/insectarium-de-montreal-espace-pour-la-vie\/"},"modified":"2025-08-21T17:02:58","modified_gmt":"2025-08-21T21:02:58","slug":"insectarium-de-montreal-espace-pour-la-vie","status":"publish","type":"agency","link":"https:\/\/www.cec.org\/fr\/agency\/insectarium-de-montreal-espace-pour-la-vie\/","title":{"rendered":"Insectarium de Montr\u00e9al | Espace pour la vie"},"content":{"rendered":"<p>En tant qu\u2019organisme partenaire, l\u2019Insectarium de Montr\u00e9al\u00a0|\u00a0Espace pour la vie participe chaque ann\u00e9e \u00e0 l\u2019organisation et \u00e0 la promotion du <a href=\"https:\/\/www.cec.org\/fr\/blitz-international-de-suivi-du-monarque\/\">Blitz international de suivi du monarque<\/a> dans le cadre de son programme <a href=\"https:\/\/www.mission-monarch.org\/fr\">Mission\u00a0monarque<\/a>. L\u2019\u00e9v\u00e9nement Blitz existe depuis pr\u00e8s de 10\u00a0ans, et la participation de l\u2019Insectarium de Montr\u00e9al\u00a0|\u00a0Espace a \u00e9t\u00e9 essentielle \u00e0 sa tenue annuelle.<\/p>\n","protected":false},"excerpt":{"rendered":"<p>En tant qu\u2019organisme partenaire, l\u2019Insectarium de Montr\u00e9al\u00a0|\u00a0Espace pour la vie participe chaque ann\u00e9e \u00e0 l\u2019organisation et \u00e0 la promotion du Blitz international de suivi du monarque dans le cadre de son programme Mission\u00a0monarque. L\u2019\u00e9v\u00e9nement Blitz existe depuis pr\u00e8s de 10\u00a0ans, et la participation de l\u2019Insectarium de Montr\u00e9al\u00a0|\u00a0Espace a \u00e9t\u00e9 essentielle \u00e0 sa tenue annuelle.<\/p>\n","protected":false},"featured_media":54905,"template":"","class_list":["post-59840","agency","type-agency","status-publish","has-post-thumbnail","hentry","country-canada-fr","agency_type-gouvernement","agency_theme-collaborations-page-fr"],"acf":[],"yoast_head":"<!-- This site is optimized with the Yoast SEO Premium plugin v27.4 (Yoast SEO v27.4) - https:\/\/yoast.com\/product\/yoast-seo-premium-wordpress\/ -->\n<title>Insectarium de Montr\u00e9al | Espace pour la vie<\/title>\n<meta name=\"description\" content=\"En tant qu\u2019organisme partenaire, l\u2019Insectarium de Montr\u00e9al\u00a0|\u00a0Espace pour la vie participe chaque ann\u00e9e \u00e0 l\u2019organisation et \u00e0 la promotion du Blitz\" \/>\n<meta name=\"robots\" content=\"index, follow, max-snippet:-1, max-image-preview:large, max-video-preview:-1\" \/>\n<link rel=\"canonical\" href=\"https:\/\/www.cec.org\/fr\/agency\/insectarium-de-montreal-espace-pour-la-vie\/\" \/>\n<meta property=\"og:locale\" content=\"fr_FR\" \/>\n<meta property=\"og:type\" content=\"article\" \/>\n<meta property=\"og:title\" content=\"Insectarium de Montr\u00e9al | Espace pour la vie\" \/>\n<meta property=\"og:description\" content=\"En tant qu\u2019organisme partenaire, l\u2019Insectarium de Montr\u00e9al\u00a0|\u00a0Espace pour la vie participe chaque ann\u00e9e \u00e0 l\u2019organisation et \u00e0 la promotion du Blitz\" \/>\n<meta property=\"og:url\" content=\"https:\/\/www.cec.org\/fr\/agency\/insectarium-de-montreal-espace-pour-la-vie\/\" \/>\n<meta property=\"og:site_name\" content=\"Commission de coop\u00e9ration environnementale\" \/>\n<meta property=\"article:publisher\" content=\"https:\/\/www.facebook.com\/CECconnect\" \/>\n<meta property=\"og:image\" content=\"https:\/\/www.cec.org\/wp-content\/uploads\/Insectarium.webp\" \/>\n\t<meta property=\"og:image:width\" content=\"300\" \/>\n\t<meta property=\"og:image:height\" content=\"300\" \/>\n\t<meta property=\"og:image:type\" content=\"image\/webp\" \/>\n<meta name=\"twitter:card\" content=\"summary_large_image\" \/>\n<meta name=\"twitter:site\" content=\"@CECweb\" \/>\n<script type=\"application\/ld+json\" class=\"yoast-schema-graph\">{\"@context\":\"https:\\\/\\\/schema.org\",\"@graph\":[{\"@type\":\"WebPage\",\"@id\":\"https:\\\/\\\/www.cec.org\\\/fr\\\/agency\\\/insectarium-de-montreal-espace-pour-la-vie\\\/\",\"url\":\"https:\\\/\\\/www.cec.org\\\/fr\\\/agency\\\/insectarium-de-montreal-espace-pour-la-vie\\\/\",\"name\":\"Insectarium de Montr\u00e9al | Espace pour la vie\",\"isPartOf\":{\"@id\":\"https:\\\/\\\/www.cec.org\\\/fr\\\/#website\"},\"primaryImageOfPage\":{\"@id\":\"https:\\\/\\\/www.cec.org\\\/fr\\\/agency\\\/insectarium-de-montreal-espace-pour-la-vie\\\/#primaryimage\"},\"image\":{\"@id\":\"https:\\\/\\\/www.cec.org\\\/fr\\\/agency\\\/insectarium-de-montreal-espace-pour-la-vie\\\/#primaryimage\"},\"thumbnailUrl\":\"https:\\\/\\\/www.cec.org\\\/wp-content\\\/uploads\\\/Insectarium.webp\",\"datePublished\":\"2025-08-21T21:02:58+00:00\",\"description\":\"En tant qu\u2019organisme partenaire, l\u2019Insectarium de Montr\u00e9al\u00a0|\u00a0Espace pour la vie participe chaque ann\u00e9e \u00e0 l\u2019organisation et \u00e0 la promotion du Blitz\",\"breadcrumb\":{\"@id\":\"https:\\\/\\\/www.cec.org\\\/fr\\\/agency\\\/insectarium-de-montreal-espace-pour-la-vie\\\/#breadcrumb\"},\"inLanguage\":\"fr-FR\",\"potentialAction\":[{\"@type\":\"ReadAction\",\"target\":[\"https:\\\/\\\/www.cec.org\\\/fr\\\/agency\\\/insectarium-de-montreal-espace-pour-la-vie\\\/\"]}]},{\"@type\":\"ImageObject\",\"inLanguage\":\"fr-FR\",\"@id\":\"https:\\\/\\\/www.cec.org\\\/fr\\\/agency\\\/insectarium-de-montreal-espace-pour-la-vie\\\/#primaryimage\",\"url\":\"https:\\\/\\\/www.cec.org\\\/wp-content\\\/uploads\\\/Insectarium.webp\",\"contentUrl\":\"https:\\\/\\\/www.cec.org\\\/wp-content\\\/uploads\\\/Insectarium.webp\",\"width\":300,\"height\":300,\"caption\":\"Participating Partner Logo\"},{\"@type\":\"BreadcrumbList\",\"@id\":\"https:\\\/\\\/www.cec.org\\\/fr\\\/agency\\\/insectarium-de-montreal-espace-pour-la-vie\\\/#breadcrumb\",\"itemListElement\":[{\"@type\":\"ListItem\",\"position\":1,\"name\":\"Accueil\",\"item\":\"https:\\\/\\\/www.cec.org\\\/fr\\\/\"},{\"@type\":\"ListItem\",\"position\":2,\"name\":\"Insectarium de Montr\u00e9al | Espace pour la vie\"}]},{\"@type\":\"WebSite\",\"@id\":\"https:\\\/\\\/www.cec.org\\\/fr\\\/#website\",\"url\":\"https:\\\/\\\/www.cec.org\\\/fr\\\/\",\"name\":\"Commission for Environmental Cooperation\",\"description\":\"Three countries working together to protect our shared environment\",\"alternateName\":\"CEC - CCA -CCE\",\"potentialAction\":[{\"@type\":\"SearchAction\",\"target\":{\"@type\":\"EntryPoint\",\"urlTemplate\":\"https:\\\/\\\/www.cec.org\\\/fr\\\/?s={search_term_string}\"},\"query-input\":{\"@type\":\"PropertyValueSpecification\",\"valueRequired\":true,\"valueName\":\"search_term_string\"}}],\"inLanguage\":\"fr-FR\"}]}<\/script>\n<!-- \/ Yoast SEO Premium plugin. -->","yoast_head_json":{"title":"Insectarium de Montr\u00e9al | Espace pour la vie","description":"En tant qu\u2019organisme partenaire, l\u2019Insectarium de Montr\u00e9al\u00a0|\u00a0Espace pour la vie participe chaque ann\u00e9e \u00e0 l\u2019organisation et \u00e0 la promotion du Blitz","robots":{"index":"index","follow":"follow","max-snippet":"max-snippet:-1","max-image-preview":"max-image-preview:large","max-video-preview":"max-video-preview:-1"},"canonical":"https:\/\/www.cec.org\/fr\/agency\/insectarium-de-montreal-espace-pour-la-vie\/","og_locale":"fr_FR","og_type":"article","og_title":"Insectarium de Montr\u00e9al | Espace pour la vie","og_description":"En tant qu\u2019organisme partenaire, l\u2019Insectarium de Montr\u00e9al\u00a0|\u00a0Espace pour la vie participe chaque ann\u00e9e \u00e0 l\u2019organisation et \u00e0 la promotion du Blitz","og_url":"https:\/\/www.cec.org\/fr\/agency\/insectarium-de-montreal-espace-pour-la-vie\/","og_site_name":"Commission de coop\u00e9ration environnementale","article_publisher":"https:\/\/www.facebook.com\/CECconnect","og_image":[{"width":300,"height":300,"url":"https:\/\/www.cec.org\/wp-content\/uploads\/Insectarium.webp","type":"image\/webp"}],"twitter_card":"summary_large_image","twitter_site":"@CECweb","schema":{"@context":"https:\/\/schema.org","@graph":[{"@type":"WebPage","@id":"https:\/\/www.cec.org\/fr\/agency\/insectarium-de-montreal-espace-pour-la-vie\/","url":"https:\/\/www.cec.org\/fr\/agency\/insectarium-de-montreal-espace-pour-la-vie\/","name":"Insectarium de Montr\u00e9al | Espace pour la vie","isPartOf":{"@id":"https:\/\/www.cec.org\/fr\/#website"},"primaryImageOfPage":{"@id":"https:\/\/www.cec.org\/fr\/agency\/insectarium-de-montreal-espace-pour-la-vie\/#primaryimage"},"image":{"@id":"https:\/\/www.cec.org\/fr\/agency\/insectarium-de-montreal-espace-pour-la-vie\/#primaryimage"},"thumbnailUrl":"https:\/\/www.cec.org\/wp-content\/uploads\/Insectarium.webp","datePublished":"2025-08-21T21:02:58+00:00","description":"En tant qu\u2019organisme partenaire, l\u2019Insectarium de Montr\u00e9al\u00a0|\u00a0Espace pour la vie participe chaque ann\u00e9e \u00e0 l\u2019organisation et \u00e0 la promotion du Blitz","breadcrumb":{"@id":"https:\/\/www.cec.org\/fr\/agency\/insectarium-de-montreal-espace-pour-la-vie\/#breadcrumb"},"inLanguage":"fr-FR","potentialAction":[{"@type":"ReadAction","target":["https:\/\/www.cec.org\/fr\/agency\/insectarium-de-montreal-espace-pour-la-vie\/"]}]},{"@type":"ImageObject","inLanguage":"fr-FR","@id":"https:\/\/www.cec.org\/fr\/agency\/insectarium-de-montreal-espace-pour-la-vie\/#primaryimage","url":"https:\/\/www.cec.org\/wp-content\/uploads\/Insectarium.webp","contentUrl":"https:\/\/www.cec.org\/wp-content\/uploads\/Insectarium.webp","width":300,"height":300,"caption":"Participating Partner Logo"},{"@type":"BreadcrumbList","@id":"https:\/\/www.cec.org\/fr\/agency\/insectarium-de-montreal-espace-pour-la-vie\/#breadcrumb","itemListElement":[{"@type":"ListItem","position":1,"name":"Accueil","item":"https:\/\/www.cec.org\/fr\/"},{"@type":"ListItem","position":2,"name":"Insectarium de Montr\u00e9al | Espace pour la vie"}]},{"@type":"WebSite","@id":"https:\/\/www.cec.org\/fr\/#website","url":"https:\/\/www.cec.org\/fr\/","name":"Commission for Environmental Cooperation","description":"Three countries working together to protect our shared environment","alternateName":"CEC - CCA -CCE","potentialAction":[{"@type":"SearchAction","target":{"@type":"EntryPoint","urlTemplate":"https:\/\/www.cec.org\/fr\/?s={search_term_string}"},"query-input":{"@type":"PropertyValueSpecification","valueRequired":true,"valueName":"search_term_string"}}],"inLanguage":"fr-FR"}]}},"_links":{"self":[{"href":"https:\/\/www.cec.org\/fr\/wp-json\/wp\/v2\/agency\/59840","targetHints":{"allow":["GET"]}}],"collection":[{"href":"https:\/\/www.cec.org\/fr\/wp-json\/wp\/v2\/agency"}],"about":[{"href":"https:\/\/www.cec.org\/fr\/wp-json\/wp\/v2\/types\/agency"}],"wp:featuredmedia":[{"embeddable":true,"href":"https:\/\/www.cec.org\/fr\/wp-json\/wp\/v2\/media\/54905"}],"wp:attachment":[{"href":"https:\/\/www.cec.org\/fr\/wp-json\/wp\/v2\/media?parent=59840"}],"curies":[{"name":"wp","href":"https:\/\/api.w.org\/{rel}","templated":true}]}}

Insectarium de Montréal | Espace pour la vie

<p>En tant qu’organisme partenaire, l’Insectarium de Montréal | Espace pour la vie participe chaque année à l’organisation et à la promotion du <a href="https://www.cec.org/fr/blitz-international-de-suivi-du-monarque/">Blitz international de suivi du monarque</a> dans le cadre de son programme <a href="https://www.mission-monarch.org/fr">Mission monarque</a>. L’événement Blitz existe depuis près de 10 ans, et la participation de l’Insectarium de Montréal | Espace a été essentielle à sa tenue annuelle.</p>

<p>En tant qu’organisme partenaire, l’Insectarium de Montréal | Espace pour la vie participe chaque année à l’organisation et à la promotion du Blitz international de suivi du monarque dans le cadre de son programme Mission monarque. L’événement Blitz existe depuis près de 10 ans, et la participation de l’Insectarium de Montréal | Espace a été essentielle à sa tenue annuelle.</p>

<!-- This site is optimized with the Yoast SEO Premium plugin v27.4 (Yoast SEO v27.4) - https://yoast.com/product/yoast-seo-premium-wordpress/ -->
<title>Insectarium de Montréal | Espace pour la vie</title>
<meta name="description" content="En tant qu’organisme partenaire, l’Insectarium de Montréal | Espace pour la vie participe chaque année à l’organisation et à la promotion du Blitz" />
<meta name="robots" content="index, follow, max-snippet:-1, max-image-preview:large, max-video-preview:-1" />
<link rel="canonical" href="https://www.cec.org/fr/agency/insectarium-de-montreal-espace-pour-la-vie/" />
<meta property="og:locale" content="fr_FR" />
<meta property="og:type" content="article" />
<meta property="og:title" content="Insectarium de Montréal | Espace pour la vie" />
<meta property="og:description" content="En tant qu’organisme partenaire, l’Insectarium de Montréal | Espace pour la vie participe chaque année à l’organisation et à la promotion du Blitz" />
<meta property="og:url" content="https://www.cec.org/fr/agency/insectarium-de-montreal-espace-pour-la-vie/" />
<meta property="og:site_name" content="Commission de coopération environnementale" />
<meta property="article:publisher" content="https://www.facebook.com/CECconnect" />
<meta property="og:image" content="https://www.cec.org/wp-content/uploads/Insectarium.webp" />
	<meta property="og:image:width" content="300" />
	<meta property="og:image:height" content="300" />
	<meta property="og:image:type" content="image/webp" />
<meta name="twitter:card" content="summary_large_image" />
<meta name="twitter:site" content="@CECweb" />
<script type="application/ld+json" class="yoast-schema-graph">{"@context":"https:\/\/schema.org","@graph":[{"@type":"WebPage","@id":"https:\/\/www.cec.org\/fr\/agency\/insectarium-de-montreal-espace-pour-la-vie\/","url":"https:\/\/www.cec.org\/fr\/agency\/insectarium-de-montreal-espace-pour-la-vie\/","name":"Insectarium de Montréal | Espace pour la vie","isPartOf":{"@id":"https:\/\/www.cec.org\/fr\/#website"},"primaryImageOfPage":{"@id":"https:\/\/www.cec.org\/fr\/agency\/insectarium-de-montreal-espace-pour-la-vie\/#primaryimage"},"image":{"@id":"https:\/\/www.cec.org\/fr\/agency\/insectarium-de-montreal-espace-pour-la-vie\/#primaryimage"},"thumbnailUrl":"https:\/\/www.cec.org\/wp-content\/uploads\/Insectarium.webp","datePublished":"2025-08-21T21:02:58+00:00","description":"En tant qu’organisme partenaire, l’Insectarium de Montréal | Espace pour la vie participe chaque année à l’organisation et à la promotion du Blitz","breadcrumb":{"@id":"https:\/\/www.cec.org\/fr\/agency\/insectarium-de-montreal-espace-pour-la-vie\/#breadcrumb"},"inLanguage":"fr-FR","potentialAction":[{"@type":"ReadAction","target":["https:\/\/www.cec.org\/fr\/agency\/insectarium-de-montreal-espace-pour-la-vie\/"]}]},{"@type":"ImageObject","inLanguage":"fr-FR","@id":"https:\/\/www.cec.org\/fr\/agency\/insectarium-de-montreal-espace-pour-la-vie\/#primaryimage","url":"https:\/\/www.cec.org\/wp-content\/uploads\/Insectarium.webp","contentUrl":"https:\/\/www.cec.org\/wp-content\/uploads\/Insectarium.webp","width":300,"height":300,"caption":"Participating Partner Logo"},{"@type":"BreadcrumbList","@id":"https:\/\/www.cec.org\/fr\/agency\/insectarium-de-montreal-espace-pour-la-vie\/#breadcrumb","itemListElement":[{"@type":"ListItem","position":1,"name":"Accueil","item":"https:\/\/www.cec.org\/fr\/"},{"@type":"ListItem","position":2,"name":"Insectarium de Montréal | Espace pour la vie"}]},{"@type":"WebSite","@id":"https:\/\/www.cec.org\/fr\/#website","url":"https:\/\/www.cec.org\/fr\/","name":"Commission for Environmental Cooperation","description":"Three countries working together to protect our shared environment","alternateName":"CEC - CCA -CCE","potentialAction":[{"@type":"SearchAction","target":{"@type":"EntryPoint","urlTemplate":"https:\/\/www.cec.org\/fr\/?s={search_term_string}"},"query-input":{"@type":"PropertyValueSpecification","valueRequired":true,"valueName":"search_term_string"}}],"inLanguage":"fr-FR"}]}</script>
<!-- / Yoast SEO Premium plugin. -->

En tant qu’organisme partenaire, l’Insectarium de Montréal | Espace pour la vie participe chaque année à l’organisation et à la promotion du Blitz

Commission de coopération environnementale
