{"version":"1.0","provider_name":"Commission de coop\u00e9ration environnementale","provider_url":"https:\/\/www.cec.org\/fr\/","author_name":"cecmain_adm","author_url":"https:\/\/www.cec.org\/fr\/author\/cecmain_adm\/","title":"Nadir Hern\u00e1ndez Quiroz","type":"rich","width":600,"height":338,"html":"<blockquote class=\"wp-embedded-content\" data-secret=\"HnF7bQcAk1\"><a href=\"https:\/\/www.cec.org\/fr\/speaker\/nadir-hernandez-quiroz\/\">Nadir Hern\u00e1ndez Quiroz<\/a><\/blockquote><iframe sandbox=\"allow-scripts\" security=\"restricted\" src=\"https:\/\/www.cec.org\/fr\/speaker\/nadir-hernandez-quiroz\/embed\/#?secret=HnF7bQcAk1\" width=\"600\" height=\"338\" title=\"\u00ab\u00a0Nadir Hern\u00e1ndez Quiroz\u00a0\u00bb &#8212; Commission de coop\u00e9ration environnementale\" data-secret=\"HnF7bQcAk1\" frameborder=\"0\" marginwidth=\"0\" marginheight=\"0\" scrolling=\"no\" class=\"wp-embedded-content\"><\/iframe><script type=\"text\/javascript\">\n\/* <![CDATA[ *\/\n\/*! This file is auto-generated *\/\n!function(d,l){\"use strict\";l.querySelector&&d.addEventListener&&\"undefined\"!=typeof URL&&(d.wp=d.wp||{},d.wp.receiveEmbedMessage||(d.wp.receiveEmbedMessage=function(e){var t=e.data;if((t||t.secret||t.message||t.value)&&!\/[^a-zA-Z0-9]\/.test(t.secret)){for(var s,r,n,a=l.querySelectorAll('iframe[data-secret=\"'+t.secret+'\"]'),o=l.querySelectorAll('blockquote[data-secret=\"'+t.secret+'\"]'),c=new RegExp(\"^https?:$\",\"i\"),i=0;i<o.length;i++)o[i].style.display=\"none\";for(i=0;i<a.length;i++)s=a[i],e.source===s.contentWindow&&(s.removeAttribute(\"style\"),\"height\"===t.message?(1e3<(r=parseInt(t.value,10))?r=1e3:~~r<200&&(r=200),s.height=r):\"link\"===t.message&&(r=new URL(s.getAttribute(\"src\")),n=new URL(t.value),c.test(n.protocol))&&n.host===r.host&&l.activeElement===s&&(d.top.location.href=t.value))}},d.addEventListener(\"message\",d.wp.receiveEmbedMessage,!1),l.addEventListener(\"DOMContentLoaded\",function(){for(var e,t,s=l.querySelectorAll(\"iframe.wp-embedded-content\"),r=0;r<s.length;r++)(t=(e=s[r]).getAttribute(\"data-secret\"))||(t=Math.random().toString(36).substring(2,12),e.src+=\"#?secret=\"+t,e.setAttribute(\"data-secret\",t)),e.contentWindow.postMessage({message:\"ready\",secret:t},\"*\")},!1)))}(window,document);\n\/\/# sourceURL=https:\/\/www.cec.org\/wp-includes\/js\/wp-embed.min.js\n\/* ]]> *\/\n<\/script>\n","thumbnail_url":"https:\/\/www.cec.org\/wp-content\/uploads\/Nadir-Hernandez-Quiroz.webp","thumbnail_width":300,"thumbnail_height":300,"description":"Nadir Hern\u00e1ndez Quiroz collabore depuis 2019 avec le\u00a0Centro de Derechos Ind\u00edgenas Flor y Canto, A.C.\u00a0(Centre des droits des Autochtones Flor y Canto). Depuis pr\u00e8s de 20 ans, cet organisme vient en aide \u00e0 16 communaut\u00e9s zapot\u00e8ques de la r\u00e9gion des vall\u00e9es centrales d\u2019Oaxaca pour garantir l\u2019acc\u00e8s \u00e0 l\u2019eau. M. Hern\u00e1ndez Quiroz est actuellement coordonnateur \u00e0 [&hellip;]"}

Commission de coopération environnementale

Nadir Hernández Quiroz

<blockquote class="wp-embedded-content" data-secret="HnF7bQcAk1"><a href="https://www.cec.org/fr/speaker/nadir-hernandez-quiroz/">Nadir Hernández Quiroz</a></blockquote><iframe sandbox="allow-scripts" security="restricted" src="https://www.cec.org/fr/speaker/nadir-hernandez-quiroz/embed/#?secret=HnF7bQcAk1" width="600" height="338" title="« Nadir Hernández Quiroz » &#8212; Commission de coopération environnementale" data-secret="HnF7bQcAk1" frameborder="0" marginwidth="0" marginheight="0" scrolling="no" class="wp-embedded-content"></iframe><script type="text/javascript">
/* <![CDATA[ */
/*! This file is auto-generated */
!function(d,l){"use strict";l.querySelector&&d.addEventListener&&"undefined"!=typeof URL&&(d.wp=d.wp||{},d.wp.receiveEmbedMessage||(d.wp.receiveEmbedMessage=function(e){var t=e.data;if((t||t.secret||t.message||t.value)&&!/[^a-zA-Z0-9]/.test(t.secret)){for(var s,r,n,a=l.querySelectorAll('iframe[data-secret="'+t.secret+'"]'),o=l.querySelectorAll('blockquote[data-secret="'+t.secret+'"]'),c=new RegExp("^https?:$","i"),i=0;i<o.length;i++)o[i].style.display="none";for(i=0;i<a.length;i++)s=a[i],e.source===s.contentWindow&&(s.removeAttribute("style"),"height"===t.message?(1e3<(r=parseInt(t.value,10))?r=1e3:~~r<200&&(r=200),s.height=r):"link"===t.message&&(r=new URL(s.getAttribute("src")),n=new URL(t.value),c.test(n.protocol))&&n.host===r.host&&l.activeElement===s&&(d.top.location.href=t.value))}},d.addEventListener("message",d.wp.receiveEmbedMessage,!1),l.addEventListener("DOMContentLoaded",function(){for(var e,t,s=l.querySelectorAll("iframe.wp-embedded-content"),r=0;r<s.length;r++)(t=(e=s[r]).getAttribute("data-secret"))||(t=Math.random().toString(36).substring(2,12),e.src+="#?secret="+t,e.setAttribute("data-secret",t)),e.contentWindow.postMessage({message:"ready",secret:t},"*")},!1)))}(window,document);
//# sourceURL=https://www.cec.org/wp-includes/js/wp-embed.min.js
/* ]]> */
</script>

Nadir Hernández Quiroz collabore depuis 2019 avec le Centro de Derechos Indígenas Flor y Canto, A.C. (Centre des droits des Autochtones Flor y Canto). Depuis près de 20 ans, cet organisme vient en aide à 16 communautés zapotèques de la région des vallées centrales d’Oaxaca pour garantir l’accès à l’eau. M. Hernández Quiroz est actuellement coordonnateur à [&hellip;]
