{"id":58934,"date":"2025-05-15T16:45:03","date_gmt":"2025-05-15T20:45:03","guid":{"rendered":"https:\/\/www.cec.org\/speaker\/amelia-arreguin\/"},"modified":"2025-05-27T15:48:29","modified_gmt":"2025-05-27T19:48:29","slug":"amelia-arreguin","status":"publish","type":"speaker","link":"https:\/\/www.cec.org\/es\/speaker\/amelia-arreguin\/","title":{"rendered":"Amelia Arreguin"},"content":{"rendered":"<p>Dedicada a la defensa de la justicia de g\u00e9nero y ambiental, Amelia Arregu\u00edn Prado apoya a mujeres y ni\u00f1as de los sectores m\u00e1s populares de las comunidades para que defiendan sus derechos en el \u00e1mbito de la pol\u00edtica ambiental a escalas nacional y mundial. Como coordinadora del Grupo de Mujeres del Convenio sobre la Diversidad Biol\u00f3gica (CDB), trabaja en la intersecci\u00f3n entre g\u00e9nero, biodiversidad y derechos humanos, centr\u00e1ndose en cuestiones como derechos de la mujer a la tierra, conservaci\u00f3n, violencia de g\u00e9nero, mujeres defensoras del medio ambiente, protecci\u00f3n de las especies y los ecosistemas, y monitoreo y vigilancia ambiental por parte de las comunidades. Su trabajo se relaciona cada vez m\u00e1s con los v\u00ednculos entre finanzas, econom\u00eda y gobernanza clim\u00e1tica y de la biodiversidad, lo que incluye mercados de bonos de carbono y cr\u00e9ditos de biodiversidad, acceso directo a recursos financieros, y mecanismos de financiamiento equitativos en favor de la naturaleza.<\/p>\n<p>Dotada de una amplia experiencia en investigaci\u00f3n, pol\u00edtica y promoci\u00f3n, Arregu\u00edn tambi\u00e9n es vicepresidenta regional de la Comisi\u00f3n de Pol\u00edtica Ambiental, Econ\u00f3mica y Social (CPAES) de la Uni\u00f3n Internacional para la Conservaci\u00f3n de la Naturaleza (UICN) para M\u00e9xico, Centroam\u00e9rica y el Caribe y ha contribuido con diversas iniciativas internacionales. Es fundadora de la organizaci\u00f3n sin fines de lucro Eco Maxei y cocreadora del proyecto Entrenamiento en Ciudadan\u00eda Ambiental (ECA) que, desde su participaci\u00f3n en el Programa de L\u00edderes Progresistas (PLP) de la fundaci\u00f3n FES (<em>Friedrich Ebert Stiftung<\/em>) en M\u00e9xico, se implementa de forma anual en colaboraci\u00f3n con FES M\u00e9xico y otros socios.<\/p>\n<p>Arregu\u00edn recibi\u00f3 una beca Chevening (otorgada por el gobierno del Reino Unido) para estudiar una maestr\u00eda en medio ambiente y desarrollo internacional por la Universidad de East Anglia (UEA), y cuenta con una licenciatura en ciencias de la comunicaci\u00f3n, con enfoque en comunicaci\u00f3n pol\u00edtica, por la Universidad Nacional Aut\u00f3noma de M\u00e9xico (UNAM). Con una aproximaci\u00f3n interseccional e intercultural, sigue impulsando cambios significativos en la gobernanza de la biodiversidad, la justicia social y el financiamiento equitativo de proyectos relacionados con el medio ambiente.<\/p>\n","protected":false},"excerpt":{"rendered":"<p>Dedicada a la defensa de la justicia de g\u00e9nero y ambiental, Amelia Arregu\u00edn Prado apoya a mujeres y ni\u00f1as de los sectores m\u00e1s populares de las comunidades para que defiendan sus derechos en el \u00e1mbito de la pol\u00edtica ambiental a escalas nacional y mundial. Como coordinadora del Grupo de Mujeres del Convenio sobre la Diversidad [&hellip;]<\/p>\n","protected":false},"featured_media":58912,"template":"","class_list":["post-58934","speaker","type-speaker","status-publish","has-post-thumbnail","hentry"],"acf":[],"yoast_head":"<!-- This site is optimized with the Yoast SEO Premium plugin v27.4 (Yoast SEO v27.4) - https:\/\/yoast.com\/product\/yoast-seo-premium-wordpress\/ -->\n<title>Amelia Arreguin &#8211; Comisi\u00f3n para la Cooperaci\u00f3n Ambiental<\/title>\n<meta name=\"robots\" content=\"noindex, follow\" \/>\n<meta property=\"og:locale\" content=\"es_ES\" \/>\n<meta property=\"og:type\" content=\"article\" \/>\n<meta property=\"og:title\" content=\"Amelia Arreguin\" \/>\n<meta property=\"og:description\" content=\"Dedicada a la defensa de la justicia de g\u00e9nero y ambiental, Amelia Arregu\u00edn Prado apoya a mujeres y ni\u00f1as de los sectores m\u00e1s populares de las comunidades para que defiendan sus derechos en el \u00e1mbito de la pol\u00edtica ambiental a escalas nacional y mundial. Como coordinadora del Grupo de Mujeres del Convenio sobre la Diversidad [&hellip;]\" \/>\n<meta property=\"og:url\" content=\"https:\/\/www.cec.org\/es\/speaker\/amelia-arreguin\/\" \/>\n<meta property=\"og:site_name\" content=\"Comisi\u00f3n para la Cooperaci\u00f3n Ambiental\" \/>\n<meta property=\"article:publisher\" content=\"https:\/\/www.facebook.com\/CECconnect\" \/>\n<meta property=\"article:modified_time\" content=\"2025-05-27T19:48:29+00:00\" \/>\n<meta property=\"og:image\" content=\"https:\/\/www.cec.org\/wp-content\/uploads\/ameliaphoto.webp\" \/>\n\t<meta property=\"og:image:width\" content=\"300\" \/>\n\t<meta property=\"og:image:height\" content=\"300\" \/>\n\t<meta property=\"og:image:type\" content=\"image\/webp\" \/>\n<meta name=\"twitter:card\" content=\"summary_large_image\" \/>\n<meta name=\"twitter:site\" content=\"@CECweb\" \/>\n<script type=\"application\/ld+json\" class=\"yoast-schema-graph\">{\"@context\":\"https:\\\/\\\/schema.org\",\"@graph\":[{\"@type\":\"WebPage\",\"@id\":\"https:\\\/\\\/www.cec.org\\\/es\\\/speaker\\\/amelia-arreguin\\\/\",\"url\":\"https:\\\/\\\/www.cec.org\\\/es\\\/speaker\\\/amelia-arreguin\\\/\",\"name\":\"Amelia Arreguin &#8211; Comisi\u00f3n para la Cooperaci\u00f3n Ambiental\",\"isPartOf\":{\"@id\":\"https:\\\/\\\/www.cec.org\\\/es\\\/#website\"},\"primaryImageOfPage\":{\"@id\":\"https:\\\/\\\/www.cec.org\\\/es\\\/speaker\\\/amelia-arreguin\\\/#primaryimage\"},\"image\":{\"@id\":\"https:\\\/\\\/www.cec.org\\\/es\\\/speaker\\\/amelia-arreguin\\\/#primaryimage\"},\"thumbnailUrl\":\"https:\\\/\\\/www.cec.org\\\/wp-content\\\/uploads\\\/ameliaphoto.webp\",\"datePublished\":\"2025-05-15T20:45:03+00:00\",\"dateModified\":\"2025-05-27T19:48:29+00:00\",\"breadcrumb\":{\"@id\":\"https:\\\/\\\/www.cec.org\\\/es\\\/speaker\\\/amelia-arreguin\\\/#breadcrumb\"},\"inLanguage\":\"es\",\"potentialAction\":[{\"@type\":\"ReadAction\",\"target\":[\"https:\\\/\\\/www.cec.org\\\/es\\\/speaker\\\/amelia-arreguin\\\/\"]}]},{\"@type\":\"ImageObject\",\"inLanguage\":\"es\",\"@id\":\"https:\\\/\\\/www.cec.org\\\/es\\\/speaker\\\/amelia-arreguin\\\/#primaryimage\",\"url\":\"https:\\\/\\\/www.cec.org\\\/wp-content\\\/uploads\\\/ameliaphoto.webp\",\"contentUrl\":\"https:\\\/\\\/www.cec.org\\\/wp-content\\\/uploads\\\/ameliaphoto.webp\",\"width\":300,\"height\":300,\"caption\":\"CEC Speaker\"},{\"@type\":\"BreadcrumbList\",\"@id\":\"https:\\\/\\\/www.cec.org\\\/es\\\/speaker\\\/amelia-arreguin\\\/#breadcrumb\",\"itemListElement\":[{\"@type\":\"ListItem\",\"position\":1,\"name\":\"Inicio\",\"item\":\"https:\\\/\\\/www.cec.org\\\/es\\\/\"},{\"@type\":\"ListItem\",\"position\":2,\"name\":\"Amelia Arreguin\"}]},{\"@type\":\"WebSite\",\"@id\":\"https:\\\/\\\/www.cec.org\\\/es\\\/#website\",\"url\":\"https:\\\/\\\/www.cec.org\\\/es\\\/\",\"name\":\"Commission for Environmental Cooperation\",\"description\":\"Three countries working together to protect our shared environment\",\"alternateName\":\"CEC - CCA -CCE\",\"potentialAction\":[{\"@type\":\"SearchAction\",\"target\":{\"@type\":\"EntryPoint\",\"urlTemplate\":\"https:\\\/\\\/www.cec.org\\\/es\\\/?s={search_term_string}\"},\"query-input\":{\"@type\":\"PropertyValueSpecification\",\"valueRequired\":true,\"valueName\":\"search_term_string\"}}],\"inLanguage\":\"es\"}]}<\/script>\n<!-- \/ Yoast SEO Premium plugin. -->","yoast_head_json":{"title":"Amelia Arreguin &#8211; Comisi\u00f3n para la Cooperaci\u00f3n Ambiental","robots":{"index":"noindex","follow":"follow"},"og_locale":"es_ES","og_type":"article","og_title":"Amelia Arreguin","og_description":"Dedicada a la defensa de la justicia de g\u00e9nero y ambiental, Amelia Arregu\u00edn Prado apoya a mujeres y ni\u00f1as de los sectores m\u00e1s populares de las comunidades para que defiendan sus derechos en el \u00e1mbito de la pol\u00edtica ambiental a escalas nacional y mundial. Como coordinadora del Grupo de Mujeres del Convenio sobre la Diversidad [&hellip;]","og_url":"https:\/\/www.cec.org\/es\/speaker\/amelia-arreguin\/","og_site_name":"Comisi\u00f3n para la Cooperaci\u00f3n Ambiental","article_publisher":"https:\/\/www.facebook.com\/CECconnect","article_modified_time":"2025-05-27T19:48:29+00:00","og_image":[{"width":300,"height":300,"url":"https:\/\/www.cec.org\/wp-content\/uploads\/ameliaphoto.webp","type":"image\/webp"}],"twitter_card":"summary_large_image","twitter_site":"@CECweb","schema":{"@context":"https:\/\/schema.org","@graph":[{"@type":"WebPage","@id":"https:\/\/www.cec.org\/es\/speaker\/amelia-arreguin\/","url":"https:\/\/www.cec.org\/es\/speaker\/amelia-arreguin\/","name":"Amelia Arreguin &#8211; Comisi\u00f3n para la Cooperaci\u00f3n Ambiental","isPartOf":{"@id":"https:\/\/www.cec.org\/es\/#website"},"primaryImageOfPage":{"@id":"https:\/\/www.cec.org\/es\/speaker\/amelia-arreguin\/#primaryimage"},"image":{"@id":"https:\/\/www.cec.org\/es\/speaker\/amelia-arreguin\/#primaryimage"},"thumbnailUrl":"https:\/\/www.cec.org\/wp-content\/uploads\/ameliaphoto.webp","datePublished":"2025-05-15T20:45:03+00:00","dateModified":"2025-05-27T19:48:29+00:00","breadcrumb":{"@id":"https:\/\/www.cec.org\/es\/speaker\/amelia-arreguin\/#breadcrumb"},"inLanguage":"es","potentialAction":[{"@type":"ReadAction","target":["https:\/\/www.cec.org\/es\/speaker\/amelia-arreguin\/"]}]},{"@type":"ImageObject","inLanguage":"es","@id":"https:\/\/www.cec.org\/es\/speaker\/amelia-arreguin\/#primaryimage","url":"https:\/\/www.cec.org\/wp-content\/uploads\/ameliaphoto.webp","contentUrl":"https:\/\/www.cec.org\/wp-content\/uploads\/ameliaphoto.webp","width":300,"height":300,"caption":"CEC Speaker"},{"@type":"BreadcrumbList","@id":"https:\/\/www.cec.org\/es\/speaker\/amelia-arreguin\/#breadcrumb","itemListElement":[{"@type":"ListItem","position":1,"name":"Inicio","item":"https:\/\/www.cec.org\/es\/"},{"@type":"ListItem","position":2,"name":"Amelia Arreguin"}]},{"@type":"WebSite","@id":"https:\/\/www.cec.org\/es\/#website","url":"https:\/\/www.cec.org\/es\/","name":"Commission for Environmental Cooperation","description":"Three countries working together to protect our shared environment","alternateName":"CEC - CCA -CCE","potentialAction":[{"@type":"SearchAction","target":{"@type":"EntryPoint","urlTemplate":"https:\/\/www.cec.org\/es\/?s={search_term_string}"},"query-input":{"@type":"PropertyValueSpecification","valueRequired":true,"valueName":"search_term_string"}}],"inLanguage":"es"}]}},"_links":{"self":[{"href":"https:\/\/www.cec.org\/es\/wp-json\/wp\/v2\/speaker\/58934","targetHints":{"allow":["GET"]}}],"collection":[{"href":"https:\/\/www.cec.org\/es\/wp-json\/wp\/v2\/speaker"}],"about":[{"href":"https:\/\/www.cec.org\/es\/wp-json\/wp\/v2\/types\/speaker"}],"wp:featuredmedia":[{"embeddable":true,"href":"https:\/\/www.cec.org\/es\/wp-json\/wp\/v2\/media\/58912"}],"wp:attachment":[{"href":"https:\/\/www.cec.org\/es\/wp-json\/wp\/v2\/media?parent=58934"}],"curies":[{"name":"wp","href":"https:\/\/api.w.org\/{rel}","templated":true}]}}

<p>Dedicada a la defensa de la justicia de género y ambiental, Amelia Arreguín Prado apoya a mujeres y niñas de los sectores más populares de las comunidades para que defiendan sus derechos en el ámbito de la política ambiental a escalas nacional y mundial. Como coordinadora del Grupo de Mujeres del Convenio sobre la Diversidad Biológica (CDB), trabaja en la intersección entre género, biodiversidad y derechos humanos, centrándose en cuestiones como derechos de la mujer a la tierra, conservación, violencia de género, mujeres defensoras del medio ambiente, protección de las especies y los ecosistemas, y monitoreo y vigilancia ambiental por parte de las comunidades. Su trabajo se relaciona cada vez más con los vínculos entre finanzas, economía y gobernanza climática y de la biodiversidad, lo que incluye mercados de bonos de carbono y créditos de biodiversidad, acceso directo a recursos financieros, y mecanismos de financiamiento equitativos en favor de la naturaleza.</p>
<p>Dotada de una amplia experiencia en investigación, política y promoción, Arreguín también es vicepresidenta regional de la Comisión de Política Ambiental, Económica y Social (CPAES) de la Unión Internacional para la Conservación de la Naturaleza (UICN) para México, Centroamérica y el Caribe y ha contribuido con diversas iniciativas internacionales. Es fundadora de la organización sin fines de lucro Eco Maxei y cocreadora del proyecto Entrenamiento en Ciudadanía Ambiental (ECA) que, desde su participación en el Programa de Líderes Progresistas (PLP) de la fundación FES (<em>Friedrich Ebert Stiftung</em>) en México, se implementa de forma anual en colaboración con FES México y otros socios.</p>
<p>Arreguín recibió una beca Chevening (otorgada por el gobierno del Reino Unido) para estudiar una maestría en medio ambiente y desarrollo internacional por la Universidad de East Anglia (UEA), y cuenta con una licenciatura en ciencias de la comunicación, con enfoque en comunicación política, por la Universidad Nacional Autónoma de México (UNAM). Con una aproximación interseccional e intercultural, sigue impulsando cambios significativos en la gobernanza de la biodiversidad, la justicia social y el financiamiento equitativo de proyectos relacionados con el medio ambiente.</p>

<p>Dedicada a la defensa de la justicia de género y ambiental, Amelia Arreguín Prado apoya a mujeres y niñas de los sectores más populares de las comunidades para que defiendan sus derechos en el ámbito de la política ambiental a escalas nacional y mundial. Como coordinadora del Grupo de Mujeres del Convenio sobre la Diversidad [&hellip;]</p>

<!-- This site is optimized with the Yoast SEO Premium plugin v27.4 (Yoast SEO v27.4) - https://yoast.com/product/yoast-seo-premium-wordpress/ -->
<title>Amelia Arreguin &#8211; Comisión para la Cooperación Ambiental</title>
<meta name="robots" content="noindex, follow" />
<meta property="og:locale" content="es_ES" />
<meta property="og:type" content="article" />
<meta property="og:title" content="Amelia Arreguin" />
<meta property="og:description" content="Dedicada a la defensa de la justicia de género y ambiental, Amelia Arreguín Prado apoya a mujeres y niñas de los sectores más populares de las comunidades para que defiendan sus derechos en el ámbito de la política ambiental a escalas nacional y mundial. Como coordinadora del Grupo de Mujeres del Convenio sobre la Diversidad [&hellip;]" />
<meta property="og:url" content="https://www.cec.org/es/speaker/amelia-arreguin/" />
<meta property="og:site_name" content="Comisión para la Cooperación Ambiental" />
<meta property="article:publisher" content="https://www.facebook.com/CECconnect" />
<meta property="article:modified_time" content="2025-05-27T19:48:29+00:00" />
<meta property="og:image" content="https://www.cec.org/wp-content/uploads/ameliaphoto.webp" />
	<meta property="og:image:width" content="300" />
	<meta property="og:image:height" content="300" />
	<meta property="og:image:type" content="image/webp" />
<meta name="twitter:card" content="summary_large_image" />
<meta name="twitter:site" content="@CECweb" />
<script type="application/ld+json" class="yoast-schema-graph">{"@context":"https:\/\/schema.org","@graph":[{"@type":"WebPage","@id":"https:\/\/www.cec.org\/es\/speaker\/amelia-arreguin\/","url":"https:\/\/www.cec.org\/es\/speaker\/amelia-arreguin\/","name":"Amelia Arreguin &#8211; Comisión para la Cooperación Ambiental","isPartOf":{"@id":"https:\/\/www.cec.org\/es\/#website"},"primaryImageOfPage":{"@id":"https:\/\/www.cec.org\/es\/speaker\/amelia-arreguin\/#primaryimage"},"image":{"@id":"https:\/\/www.cec.org\/es\/speaker\/amelia-arreguin\/#primaryimage"},"thumbnailUrl":"https:\/\/www.cec.org\/wp-content\/uploads\/ameliaphoto.webp","datePublished":"2025-05-15T20:45:03+00:00","dateModified":"2025-05-27T19:48:29+00:00","breadcrumb":{"@id":"https:\/\/www.cec.org\/es\/speaker\/amelia-arreguin\/#breadcrumb"},"inLanguage":"es","potentialAction":[{"@type":"ReadAction","target":["https:\/\/www.cec.org\/es\/speaker\/amelia-arreguin\/"]}]},{"@type":"ImageObject","inLanguage":"es","@id":"https:\/\/www.cec.org\/es\/speaker\/amelia-arreguin\/#primaryimage","url":"https:\/\/www.cec.org\/wp-content\/uploads\/ameliaphoto.webp","contentUrl":"https:\/\/www.cec.org\/wp-content\/uploads\/ameliaphoto.webp","width":300,"height":300,"caption":"CEC Speaker"},{"@type":"BreadcrumbList","@id":"https:\/\/www.cec.org\/es\/speaker\/amelia-arreguin\/#breadcrumb","itemListElement":[{"@type":"ListItem","position":1,"name":"Inicio","item":"https:\/\/www.cec.org\/es\/"},{"@type":"ListItem","position":2,"name":"Amelia Arreguin"}]},{"@type":"WebSite","@id":"https:\/\/www.cec.org\/es\/#website","url":"https:\/\/www.cec.org\/es\/","name":"Commission for Environmental Cooperation","description":"Three countries working together to protect our shared environment","alternateName":"CEC - CCA -CCE","potentialAction":[{"@type":"SearchAction","target":{"@type":"EntryPoint","urlTemplate":"https:\/\/www.cec.org\/es\/?s={search_term_string}"},"query-input":{"@type":"PropertyValueSpecification","valueRequired":true,"valueName":"search_term_string"}}],"inLanguage":"es"}]}</script>
<!-- / Yoast SEO Premium plugin. -->

Amelia Arreguin &#8211; Comisión para la Cooperación Ambiental

Dedicada a la defensa de la justicia de género y ambiental, Amelia Arreguín Prado apoya a mujeres y niñas de los sectores más populares de las comunidades para que defiendan sus derechos en el ámbito de la política ambiental a escalas nacional y mundial. Como coordinadora del Grupo de Mujeres del Convenio sobre la Diversidad [&hellip;]

Comisión para la Cooperación Ambiental
