{"id":57820,"date":"2025-02-24T13:04:24","date_gmt":"2025-02-24T18:04:24","guid":{"rendered":"http:\/\/www.cec.org\/speaker\/velu-senthil\/"},"modified":"2025-02-24T13:04:24","modified_gmt":"2025-02-24T18:04:24","slug":"velu-senthil","status":"publish","type":"speaker","link":"https:\/\/www.cec.org\/es\/speaker\/velu-senthil\/","title":{"rendered":"Velu Senthil"},"content":{"rendered":"<p><strong>Velu Senthil<\/strong> trabaj\u00f3, al principio de su carrera, en el desarrollo de contenedores de pl\u00e1stico reciclado virgen para el almacenamiento de alimentos como ingeniero de investigaci\u00f3n en un consorcio privado de embalajes. Posteriormente, se uni\u00f3 al Departamento de Energ\u00eda para trabajar en combustibles alternativos de transporte y m\u00e1s tarde se incorpor\u00f3 a la Agencia de Protecci\u00f3n Ambiental para trabajar en el desarrollo de documentos de orientaci\u00f3n espec\u00edficos de la industria y en la mejora de la calidad de los datos para el Programa de Inventario de Emisiones T\u00f3xicas (TRI). En la actualidad, gestiona la calidad de los datos del TRI y del Informe de Datos Qu\u00edmicos (CDR) de la TSCA. Velu Senthil tiene un m\u00e1ster en Ingenier\u00eda Qu\u00edmica (M. ChE) y un doctorado en Filosof\u00eda (Ph. D).<\/p>\n","protected":false},"excerpt":{"rendered":"<p>Velu Senthil trabaj\u00f3, al principio de su carrera, en el desarrollo de contenedores de pl\u00e1stico reciclado virgen para el almacenamiento de alimentos como ingeniero de investigaci\u00f3n en un consorcio privado de embalajes. Posteriormente, se uni\u00f3 al Departamento de Energ\u00eda para trabajar en combustibles alternativos de transporte y m\u00e1s tarde se incorpor\u00f3 a la Agencia de [&hellip;]<\/p>\n","protected":false},"featured_media":0,"template":"","class_list":["post-57820","speaker","type-speaker","status-publish","hentry","country-estados-unidos"],"acf":[],"yoast_head":"<!-- This site is optimized with the Yoast SEO Premium plugin v27.4 (Yoast SEO v27.4) - https:\/\/yoast.com\/product\/yoast-seo-premium-wordpress\/ -->\n<title>Velu Senthil &#8211; Comisi\u00f3n para la Cooperaci\u00f3n Ambiental<\/title>\n<meta name=\"robots\" content=\"noindex, follow\" \/>\n<meta property=\"og:locale\" content=\"es_ES\" \/>\n<meta property=\"og:type\" content=\"article\" \/>\n<meta property=\"og:title\" content=\"Velu Senthil\" \/>\n<meta property=\"og:description\" content=\"Velu Senthil trabaj\u00f3, al principio de su carrera, en el desarrollo de contenedores de pl\u00e1stico reciclado virgen para el almacenamiento de alimentos como ingeniero de investigaci\u00f3n en un consorcio privado de embalajes. Posteriormente, se uni\u00f3 al Departamento de Energ\u00eda para trabajar en combustibles alternativos de transporte y m\u00e1s tarde se incorpor\u00f3 a la Agencia de [&hellip;]\" \/>\n<meta property=\"og:url\" content=\"https:\/\/www.cec.org\/es\/speaker\/velu-senthil\/\" \/>\n<meta property=\"og:site_name\" content=\"Comisi\u00f3n para la Cooperaci\u00f3n Ambiental\" \/>\n<meta property=\"article:publisher\" content=\"https:\/\/www.facebook.com\/CECconnect\" \/>\n<meta property=\"og:image\" content=\"https:\/\/www.cec.org\/wp-content\/uploads\/cec-cover2023.webp\" \/>\n\t<meta property=\"og:image:width\" content=\"1200\" \/>\n\t<meta property=\"og:image:height\" content=\"630\" \/>\n\t<meta property=\"og:image:type\" content=\"image\/webp\" \/>\n<meta name=\"twitter:card\" content=\"summary_large_image\" \/>\n<meta name=\"twitter:site\" content=\"@CECweb\" \/>\n<script type=\"application\/ld+json\" class=\"yoast-schema-graph\">{\"@context\":\"https:\\\/\\\/schema.org\",\"@graph\":[{\"@type\":\"WebPage\",\"@id\":\"https:\\\/\\\/www.cec.org\\\/es\\\/speaker\\\/velu-senthil\\\/\",\"url\":\"https:\\\/\\\/www.cec.org\\\/es\\\/speaker\\\/velu-senthil\\\/\",\"name\":\"Velu Senthil &#8211; Comisi\u00f3n para la Cooperaci\u00f3n Ambiental\",\"isPartOf\":{\"@id\":\"https:\\\/\\\/www.cec.org\\\/es\\\/#website\"},\"datePublished\":\"2025-02-24T18:04:24+00:00\",\"breadcrumb\":{\"@id\":\"https:\\\/\\\/www.cec.org\\\/es\\\/speaker\\\/velu-senthil\\\/#breadcrumb\"},\"inLanguage\":\"es\",\"potentialAction\":[{\"@type\":\"ReadAction\",\"target\":[\"https:\\\/\\\/www.cec.org\\\/es\\\/speaker\\\/velu-senthil\\\/\"]}]},{\"@type\":\"BreadcrumbList\",\"@id\":\"https:\\\/\\\/www.cec.org\\\/es\\\/speaker\\\/velu-senthil\\\/#breadcrumb\",\"itemListElement\":[{\"@type\":\"ListItem\",\"position\":1,\"name\":\"Inicio\",\"item\":\"https:\\\/\\\/www.cec.org\\\/es\\\/\"},{\"@type\":\"ListItem\",\"position\":2,\"name\":\"Velu Senthil\"}]},{\"@type\":\"WebSite\",\"@id\":\"https:\\\/\\\/www.cec.org\\\/es\\\/#website\",\"url\":\"https:\\\/\\\/www.cec.org\\\/es\\\/\",\"name\":\"Commission for Environmental Cooperation\",\"description\":\"Three countries working together to protect our shared environment\",\"alternateName\":\"CEC - CCA -CCE\",\"potentialAction\":[{\"@type\":\"SearchAction\",\"target\":{\"@type\":\"EntryPoint\",\"urlTemplate\":\"https:\\\/\\\/www.cec.org\\\/es\\\/?s={search_term_string}\"},\"query-input\":{\"@type\":\"PropertyValueSpecification\",\"valueRequired\":true,\"valueName\":\"search_term_string\"}}],\"inLanguage\":\"es\"}]}<\/script>\n<!-- \/ Yoast SEO Premium plugin. -->","yoast_head_json":{"title":"Velu Senthil &#8211; Comisi\u00f3n para la Cooperaci\u00f3n Ambiental","robots":{"index":"noindex","follow":"follow"},"og_locale":"es_ES","og_type":"article","og_title":"Velu Senthil","og_description":"Velu Senthil trabaj\u00f3, al principio de su carrera, en el desarrollo de contenedores de pl\u00e1stico reciclado virgen para el almacenamiento de alimentos como ingeniero de investigaci\u00f3n en un consorcio privado de embalajes. Posteriormente, se uni\u00f3 al Departamento de Energ\u00eda para trabajar en combustibles alternativos de transporte y m\u00e1s tarde se incorpor\u00f3 a la Agencia de [&hellip;]","og_url":"https:\/\/www.cec.org\/es\/speaker\/velu-senthil\/","og_site_name":"Comisi\u00f3n para la Cooperaci\u00f3n Ambiental","article_publisher":"https:\/\/www.facebook.com\/CECconnect","og_image":[{"width":1200,"height":630,"url":"https:\/\/www.cec.org\/wp-content\/uploads\/cec-cover2023.webp","type":"image\/webp"}],"twitter_card":"summary_large_image","twitter_site":"@CECweb","schema":{"@context":"https:\/\/schema.org","@graph":[{"@type":"WebPage","@id":"https:\/\/www.cec.org\/es\/speaker\/velu-senthil\/","url":"https:\/\/www.cec.org\/es\/speaker\/velu-senthil\/","name":"Velu Senthil &#8211; Comisi\u00f3n para la Cooperaci\u00f3n Ambiental","isPartOf":{"@id":"https:\/\/www.cec.org\/es\/#website"},"datePublished":"2025-02-24T18:04:24+00:00","breadcrumb":{"@id":"https:\/\/www.cec.org\/es\/speaker\/velu-senthil\/#breadcrumb"},"inLanguage":"es","potentialAction":[{"@type":"ReadAction","target":["https:\/\/www.cec.org\/es\/speaker\/velu-senthil\/"]}]},{"@type":"BreadcrumbList","@id":"https:\/\/www.cec.org\/es\/speaker\/velu-senthil\/#breadcrumb","itemListElement":[{"@type":"ListItem","position":1,"name":"Inicio","item":"https:\/\/www.cec.org\/es\/"},{"@type":"ListItem","position":2,"name":"Velu Senthil"}]},{"@type":"WebSite","@id":"https:\/\/www.cec.org\/es\/#website","url":"https:\/\/www.cec.org\/es\/","name":"Commission for Environmental Cooperation","description":"Three countries working together to protect our shared environment","alternateName":"CEC - CCA -CCE","potentialAction":[{"@type":"SearchAction","target":{"@type":"EntryPoint","urlTemplate":"https:\/\/www.cec.org\/es\/?s={search_term_string}"},"query-input":{"@type":"PropertyValueSpecification","valueRequired":true,"valueName":"search_term_string"}}],"inLanguage":"es"}]}},"_links":{"self":[{"href":"https:\/\/www.cec.org\/es\/wp-json\/wp\/v2\/speaker\/57820","targetHints":{"allow":["GET"]}}],"collection":[{"href":"https:\/\/www.cec.org\/es\/wp-json\/wp\/v2\/speaker"}],"about":[{"href":"https:\/\/www.cec.org\/es\/wp-json\/wp\/v2\/types\/speaker"}],"wp:attachment":[{"href":"https:\/\/www.cec.org\/es\/wp-json\/wp\/v2\/media?parent=57820"}],"curies":[{"name":"wp","href":"https:\/\/api.w.org\/{rel}","templated":true}]}}

<p><strong>Velu Senthil</strong> trabajó, al principio de su carrera, en el desarrollo de contenedores de plástico reciclado virgen para el almacenamiento de alimentos como ingeniero de investigación en un consorcio privado de embalajes. Posteriormente, se unió al Departamento de Energía para trabajar en combustibles alternativos de transporte y más tarde se incorporó a la Agencia de Protección Ambiental para trabajar en el desarrollo de documentos de orientación específicos de la industria y en la mejora de la calidad de los datos para el Programa de Inventario de Emisiones Tóxicas (TRI). En la actualidad, gestiona la calidad de los datos del TRI y del Informe de Datos Químicos (CDR) de la TSCA. Velu Senthil tiene un máster en Ingeniería Química (M. ChE) y un doctorado en Filosofía (Ph. D).</p>

<p>Velu Senthil trabajó, al principio de su carrera, en el desarrollo de contenedores de plástico reciclado virgen para el almacenamiento de alimentos como ingeniero de investigación en un consorcio privado de embalajes. Posteriormente, se unió al Departamento de Energía para trabajar en combustibles alternativos de transporte y más tarde se incorporó a la Agencia de [&hellip;]</p>

<!-- This site is optimized with the Yoast SEO Premium plugin v27.4 (Yoast SEO v27.4) - https://yoast.com/product/yoast-seo-premium-wordpress/ -->
<title>Velu Senthil &#8211; Comisión para la Cooperación Ambiental</title>
<meta name="robots" content="noindex, follow" />
<meta property="og:locale" content="es_ES" />
<meta property="og:type" content="article" />
<meta property="og:title" content="Velu Senthil" />
<meta property="og:description" content="Velu Senthil trabajó, al principio de su carrera, en el desarrollo de contenedores de plástico reciclado virgen para el almacenamiento de alimentos como ingeniero de investigación en un consorcio privado de embalajes. Posteriormente, se unió al Departamento de Energía para trabajar en combustibles alternativos de transporte y más tarde se incorporó a la Agencia de [&hellip;]" />
<meta property="og:url" content="https://www.cec.org/es/speaker/velu-senthil/" />
<meta property="og:site_name" content="Comisión para la Cooperación Ambiental" />
<meta property="article:publisher" content="https://www.facebook.com/CECconnect" />
<meta property="og:image" content="https://www.cec.org/wp-content/uploads/cec-cover2023.webp" />
	<meta property="og:image:width" content="1200" />
	<meta property="og:image:height" content="630" />
	<meta property="og:image:type" content="image/webp" />
<meta name="twitter:card" content="summary_large_image" />
<meta name="twitter:site" content="@CECweb" />
<script type="application/ld+json" class="yoast-schema-graph">{"@context":"https:\/\/schema.org","@graph":[{"@type":"WebPage","@id":"https:\/\/www.cec.org\/es\/speaker\/velu-senthil\/","url":"https:\/\/www.cec.org\/es\/speaker\/velu-senthil\/","name":"Velu Senthil &#8211; Comisión para la Cooperación Ambiental","isPartOf":{"@id":"https:\/\/www.cec.org\/es\/#website"},"datePublished":"2025-02-24T18:04:24+00:00","breadcrumb":{"@id":"https:\/\/www.cec.org\/es\/speaker\/velu-senthil\/#breadcrumb"},"inLanguage":"es","potentialAction":[{"@type":"ReadAction","target":["https:\/\/www.cec.org\/es\/speaker\/velu-senthil\/"]}]},{"@type":"BreadcrumbList","@id":"https:\/\/www.cec.org\/es\/speaker\/velu-senthil\/#breadcrumb","itemListElement":[{"@type":"ListItem","position":1,"name":"Inicio","item":"https:\/\/www.cec.org\/es\/"},{"@type":"ListItem","position":2,"name":"Velu Senthil"}]},{"@type":"WebSite","@id":"https:\/\/www.cec.org\/es\/#website","url":"https:\/\/www.cec.org\/es\/","name":"Commission for Environmental Cooperation","description":"Three countries working together to protect our shared environment","alternateName":"CEC - CCA -CCE","potentialAction":[{"@type":"SearchAction","target":{"@type":"EntryPoint","urlTemplate":"https:\/\/www.cec.org\/es\/?s={search_term_string}"},"query-input":{"@type":"PropertyValueSpecification","valueRequired":true,"valueName":"search_term_string"}}],"inLanguage":"es"}]}</script>
<!-- / Yoast SEO Premium plugin. -->

Velu Senthil &#8211; Comisión para la Cooperación Ambiental

Velu Senthil trabajó, al principio de su carrera, en el desarrollo de contenedores de plástico reciclado virgen para el almacenamiento de alimentos como ingeniero de investigación en un consorcio privado de embalajes. Posteriormente, se unió al Departamento de Energía para trabajar en combustibles alternativos de transporte y más tarde se incorporó a la Agencia de [&hellip;]

Comisión para la Cooperación Ambiental
