{"id":57306,"date":"2024-11-27T15:10:50","date_gmt":"2024-11-27T20:10:50","guid":{"rendered":"http:\/\/www.cec.org\/speaker\/jason-chernow\/"},"modified":"2024-11-27T15:10:50","modified_gmt":"2024-11-27T20:10:50","slug":"jason-chernow","status":"publish","type":"speaker","link":"https:\/\/www.cec.org\/es\/speaker\/jason-chernow\/","title":{"rendered":"Jason Chernow"},"content":{"rendered":"<p>Representante electo de la ciudadan\u00eda del distrito m\u00e9tis de Calgary Elbow, Jason Chernow ocupa tambi\u00e9n el cargo de secretario de Medio Ambiente, Cambio Clim\u00e1tico y Manejo de Emergencias del Gobierno M\u00e9tis Otipemisiwak de la Naci\u00f3n M\u00e9tis de Alberta. Orgulloso descendiente m\u00e9tis y criado en el seno de una s\u00f3lida comunidad de dicha etnia, Jason posee una larga experiencia de trabajo al interior de organizaciones ind\u00edgenas y estructuras del gobierno m\u00e9tis. Est\u00e1 consagrado a aprovechar su experiencia para introducir las tradiciones y la cultura m\u00e9tis en nuestro estilo de vida moderno.<\/p>\n","protected":false},"excerpt":{"rendered":"<p>Representante electo de la ciudadan\u00eda del distrito m\u00e9tis de Calgary Elbow, Jason Chernow ocupa tambi\u00e9n el cargo de secretario de Medio Ambiente, Cambio Clim\u00e1tico y Manejo de Emergencias del Gobierno M\u00e9tis Otipemisiwak de la Naci\u00f3n M\u00e9tis de Alberta. Orgulloso descendiente m\u00e9tis y criado en el seno de una s\u00f3lida comunidad de dicha etnia, Jason posee [&hellip;]<\/p>\n","protected":false},"featured_media":56852,"template":"","class_list":["post-57306","speaker","type-speaker","status-publish","has-post-thumbnail","hentry","country-canada-es"],"acf":[],"yoast_head":"<!-- This site is optimized with the Yoast SEO Premium plugin v27.4 (Yoast SEO v27.4) - https:\/\/yoast.com\/product\/yoast-seo-premium-wordpress\/ -->\n<title>Jason Chernow &#8211; Comisi\u00f3n para la Cooperaci\u00f3n Ambiental<\/title>\n<meta name=\"robots\" content=\"noindex, follow\" \/>\n<meta property=\"og:locale\" content=\"es_ES\" \/>\n<meta property=\"og:type\" content=\"article\" \/>\n<meta property=\"og:title\" content=\"Jason Chernow\" \/>\n<meta property=\"og:description\" content=\"Representante electo de la ciudadan\u00eda del distrito m\u00e9tis de Calgary Elbow, Jason Chernow ocupa tambi\u00e9n el cargo de secretario de Medio Ambiente, Cambio Clim\u00e1tico y Manejo de Emergencias del Gobierno M\u00e9tis Otipemisiwak de la Naci\u00f3n M\u00e9tis de Alberta. Orgulloso descendiente m\u00e9tis y criado en el seno de una s\u00f3lida comunidad de dicha etnia, Jason posee [&hellip;]\" \/>\n<meta property=\"og:url\" content=\"https:\/\/www.cec.org\/es\/speaker\/jason-chernow\/\" \/>\n<meta property=\"og:site_name\" content=\"Comisi\u00f3n para la Cooperaci\u00f3n Ambiental\" \/>\n<meta property=\"article:publisher\" content=\"https:\/\/www.facebook.com\/CECconnect\" \/>\n<meta property=\"og:image\" content=\"https:\/\/www.cec.org\/wp-content\/uploads\/Jason-Chernow.webp\" \/>\n\t<meta property=\"og:image:width\" content=\"300\" \/>\n\t<meta property=\"og:image:height\" content=\"300\" \/>\n\t<meta property=\"og:image:type\" content=\"image\/webp\" \/>\n<meta name=\"twitter:card\" content=\"summary_large_image\" \/>\n<meta name=\"twitter:site\" content=\"@CECweb\" \/>\n<script type=\"application\/ld+json\" class=\"yoast-schema-graph\">{\"@context\":\"https:\\\/\\\/schema.org\",\"@graph\":[{\"@type\":\"WebPage\",\"@id\":\"https:\\\/\\\/www.cec.org\\\/es\\\/speaker\\\/jason-chernow\\\/\",\"url\":\"https:\\\/\\\/www.cec.org\\\/es\\\/speaker\\\/jason-chernow\\\/\",\"name\":\"Jason Chernow &#8211; Comisi\u00f3n para la Cooperaci\u00f3n Ambiental\",\"isPartOf\":{\"@id\":\"https:\\\/\\\/www.cec.org\\\/es\\\/#website\"},\"primaryImageOfPage\":{\"@id\":\"https:\\\/\\\/www.cec.org\\\/es\\\/speaker\\\/jason-chernow\\\/#primaryimage\"},\"image\":{\"@id\":\"https:\\\/\\\/www.cec.org\\\/es\\\/speaker\\\/jason-chernow\\\/#primaryimage\"},\"thumbnailUrl\":\"https:\\\/\\\/www.cec.org\\\/wp-content\\\/uploads\\\/Jason-Chernow.webp\",\"datePublished\":\"2024-11-27T20:10:50+00:00\",\"breadcrumb\":{\"@id\":\"https:\\\/\\\/www.cec.org\\\/es\\\/speaker\\\/jason-chernow\\\/#breadcrumb\"},\"inLanguage\":\"es\",\"potentialAction\":[{\"@type\":\"ReadAction\",\"target\":[\"https:\\\/\\\/www.cec.org\\\/es\\\/speaker\\\/jason-chernow\\\/\"]}]},{\"@type\":\"ImageObject\",\"inLanguage\":\"es\",\"@id\":\"https:\\\/\\\/www.cec.org\\\/es\\\/speaker\\\/jason-chernow\\\/#primaryimage\",\"url\":\"https:\\\/\\\/www.cec.org\\\/wp-content\\\/uploads\\\/Jason-Chernow.webp\",\"contentUrl\":\"https:\\\/\\\/www.cec.org\\\/wp-content\\\/uploads\\\/Jason-Chernow.webp\",\"width\":300,\"height\":300,\"caption\":\"Secretary\"},{\"@type\":\"BreadcrumbList\",\"@id\":\"https:\\\/\\\/www.cec.org\\\/es\\\/speaker\\\/jason-chernow\\\/#breadcrumb\",\"itemListElement\":[{\"@type\":\"ListItem\",\"position\":1,\"name\":\"Inicio\",\"item\":\"https:\\\/\\\/www.cec.org\\\/es\\\/\"},{\"@type\":\"ListItem\",\"position\":2,\"name\":\"Jason Chernow\"}]},{\"@type\":\"WebSite\",\"@id\":\"https:\\\/\\\/www.cec.org\\\/es\\\/#website\",\"url\":\"https:\\\/\\\/www.cec.org\\\/es\\\/\",\"name\":\"Commission for Environmental Cooperation\",\"description\":\"Three countries working together to protect our shared environment\",\"alternateName\":\"CEC - CCA -CCE\",\"potentialAction\":[{\"@type\":\"SearchAction\",\"target\":{\"@type\":\"EntryPoint\",\"urlTemplate\":\"https:\\\/\\\/www.cec.org\\\/es\\\/?s={search_term_string}\"},\"query-input\":{\"@type\":\"PropertyValueSpecification\",\"valueRequired\":true,\"valueName\":\"search_term_string\"}}],\"inLanguage\":\"es\"}]}<\/script>\n<!-- \/ Yoast SEO Premium plugin. -->","yoast_head_json":{"title":"Jason Chernow &#8211; Comisi\u00f3n para la Cooperaci\u00f3n Ambiental","robots":{"index":"noindex","follow":"follow"},"og_locale":"es_ES","og_type":"article","og_title":"Jason Chernow","og_description":"Representante electo de la ciudadan\u00eda del distrito m\u00e9tis de Calgary Elbow, Jason Chernow ocupa tambi\u00e9n el cargo de secretario de Medio Ambiente, Cambio Clim\u00e1tico y Manejo de Emergencias del Gobierno M\u00e9tis Otipemisiwak de la Naci\u00f3n M\u00e9tis de Alberta. Orgulloso descendiente m\u00e9tis y criado en el seno de una s\u00f3lida comunidad de dicha etnia, Jason posee [&hellip;]","og_url":"https:\/\/www.cec.org\/es\/speaker\/jason-chernow\/","og_site_name":"Comisi\u00f3n para la Cooperaci\u00f3n Ambiental","article_publisher":"https:\/\/www.facebook.com\/CECconnect","og_image":[{"width":300,"height":300,"url":"https:\/\/www.cec.org\/wp-content\/uploads\/Jason-Chernow.webp","type":"image\/webp"}],"twitter_card":"summary_large_image","twitter_site":"@CECweb","schema":{"@context":"https:\/\/schema.org","@graph":[{"@type":"WebPage","@id":"https:\/\/www.cec.org\/es\/speaker\/jason-chernow\/","url":"https:\/\/www.cec.org\/es\/speaker\/jason-chernow\/","name":"Jason Chernow &#8211; Comisi\u00f3n para la Cooperaci\u00f3n Ambiental","isPartOf":{"@id":"https:\/\/www.cec.org\/es\/#website"},"primaryImageOfPage":{"@id":"https:\/\/www.cec.org\/es\/speaker\/jason-chernow\/#primaryimage"},"image":{"@id":"https:\/\/www.cec.org\/es\/speaker\/jason-chernow\/#primaryimage"},"thumbnailUrl":"https:\/\/www.cec.org\/wp-content\/uploads\/Jason-Chernow.webp","datePublished":"2024-11-27T20:10:50+00:00","breadcrumb":{"@id":"https:\/\/www.cec.org\/es\/speaker\/jason-chernow\/#breadcrumb"},"inLanguage":"es","potentialAction":[{"@type":"ReadAction","target":["https:\/\/www.cec.org\/es\/speaker\/jason-chernow\/"]}]},{"@type":"ImageObject","inLanguage":"es","@id":"https:\/\/www.cec.org\/es\/speaker\/jason-chernow\/#primaryimage","url":"https:\/\/www.cec.org\/wp-content\/uploads\/Jason-Chernow.webp","contentUrl":"https:\/\/www.cec.org\/wp-content\/uploads\/Jason-Chernow.webp","width":300,"height":300,"caption":"Secretary"},{"@type":"BreadcrumbList","@id":"https:\/\/www.cec.org\/es\/speaker\/jason-chernow\/#breadcrumb","itemListElement":[{"@type":"ListItem","position":1,"name":"Inicio","item":"https:\/\/www.cec.org\/es\/"},{"@type":"ListItem","position":2,"name":"Jason Chernow"}]},{"@type":"WebSite","@id":"https:\/\/www.cec.org\/es\/#website","url":"https:\/\/www.cec.org\/es\/","name":"Commission for Environmental Cooperation","description":"Three countries working together to protect our shared environment","alternateName":"CEC - CCA -CCE","potentialAction":[{"@type":"SearchAction","target":{"@type":"EntryPoint","urlTemplate":"https:\/\/www.cec.org\/es\/?s={search_term_string}"},"query-input":{"@type":"PropertyValueSpecification","valueRequired":true,"valueName":"search_term_string"}}],"inLanguage":"es"}]}},"_links":{"self":[{"href":"https:\/\/www.cec.org\/es\/wp-json\/wp\/v2\/speaker\/57306","targetHints":{"allow":["GET"]}}],"collection":[{"href":"https:\/\/www.cec.org\/es\/wp-json\/wp\/v2\/speaker"}],"about":[{"href":"https:\/\/www.cec.org\/es\/wp-json\/wp\/v2\/types\/speaker"}],"wp:featuredmedia":[{"embeddable":true,"href":"https:\/\/www.cec.org\/es\/wp-json\/wp\/v2\/media\/56852"}],"wp:attachment":[{"href":"https:\/\/www.cec.org\/es\/wp-json\/wp\/v2\/media?parent=57306"}],"curies":[{"name":"wp","href":"https:\/\/api.w.org\/{rel}","templated":true}]}}

<p>Representante electo de la ciudadanía del distrito métis de Calgary Elbow, Jason Chernow ocupa también el cargo de secretario de Medio Ambiente, Cambio Climático y Manejo de Emergencias del Gobierno Métis Otipemisiwak de la Nación Métis de Alberta. Orgulloso descendiente métis y criado en el seno de una sólida comunidad de dicha etnia, Jason posee una larga experiencia de trabajo al interior de organizaciones indígenas y estructuras del gobierno métis. Está consagrado a aprovechar su experiencia para introducir las tradiciones y la cultura métis en nuestro estilo de vida moderno.</p>

<p>Representante electo de la ciudadanía del distrito métis de Calgary Elbow, Jason Chernow ocupa también el cargo de secretario de Medio Ambiente, Cambio Climático y Manejo de Emergencias del Gobierno Métis Otipemisiwak de la Nación Métis de Alberta. Orgulloso descendiente métis y criado en el seno de una sólida comunidad de dicha etnia, Jason posee [&hellip;]</p>

<!-- This site is optimized with the Yoast SEO Premium plugin v27.4 (Yoast SEO v27.4) - https://yoast.com/product/yoast-seo-premium-wordpress/ -->
<title>Jason Chernow &#8211; Comisión para la Cooperación Ambiental</title>
<meta name="robots" content="noindex, follow" />
<meta property="og:locale" content="es_ES" />
<meta property="og:type" content="article" />
<meta property="og:title" content="Jason Chernow" />
<meta property="og:description" content="Representante electo de la ciudadanía del distrito métis de Calgary Elbow, Jason Chernow ocupa también el cargo de secretario de Medio Ambiente, Cambio Climático y Manejo de Emergencias del Gobierno Métis Otipemisiwak de la Nación Métis de Alberta. Orgulloso descendiente métis y criado en el seno de una sólida comunidad de dicha etnia, Jason posee [&hellip;]" />
<meta property="og:url" content="https://www.cec.org/es/speaker/jason-chernow/" />
<meta property="og:site_name" content="Comisión para la Cooperación Ambiental" />
<meta property="article:publisher" content="https://www.facebook.com/CECconnect" />
<meta property="og:image" content="https://www.cec.org/wp-content/uploads/Jason-Chernow.webp" />
	<meta property="og:image:width" content="300" />
	<meta property="og:image:height" content="300" />
	<meta property="og:image:type" content="image/webp" />
<meta name="twitter:card" content="summary_large_image" />
<meta name="twitter:site" content="@CECweb" />
<script type="application/ld+json" class="yoast-schema-graph">{"@context":"https:\/\/schema.org","@graph":[{"@type":"WebPage","@id":"https:\/\/www.cec.org\/es\/speaker\/jason-chernow\/","url":"https:\/\/www.cec.org\/es\/speaker\/jason-chernow\/","name":"Jason Chernow &#8211; Comisión para la Cooperación Ambiental","isPartOf":{"@id":"https:\/\/www.cec.org\/es\/#website"},"primaryImageOfPage":{"@id":"https:\/\/www.cec.org\/es\/speaker\/jason-chernow\/#primaryimage"},"image":{"@id":"https:\/\/www.cec.org\/es\/speaker\/jason-chernow\/#primaryimage"},"thumbnailUrl":"https:\/\/www.cec.org\/wp-content\/uploads\/Jason-Chernow.webp","datePublished":"2024-11-27T20:10:50+00:00","breadcrumb":{"@id":"https:\/\/www.cec.org\/es\/speaker\/jason-chernow\/#breadcrumb"},"inLanguage":"es","potentialAction":[{"@type":"ReadAction","target":["https:\/\/www.cec.org\/es\/speaker\/jason-chernow\/"]}]},{"@type":"ImageObject","inLanguage":"es","@id":"https:\/\/www.cec.org\/es\/speaker\/jason-chernow\/#primaryimage","url":"https:\/\/www.cec.org\/wp-content\/uploads\/Jason-Chernow.webp","contentUrl":"https:\/\/www.cec.org\/wp-content\/uploads\/Jason-Chernow.webp","width":300,"height":300,"caption":"Secretary"},{"@type":"BreadcrumbList","@id":"https:\/\/www.cec.org\/es\/speaker\/jason-chernow\/#breadcrumb","itemListElement":[{"@type":"ListItem","position":1,"name":"Inicio","item":"https:\/\/www.cec.org\/es\/"},{"@type":"ListItem","position":2,"name":"Jason Chernow"}]},{"@type":"WebSite","@id":"https:\/\/www.cec.org\/es\/#website","url":"https:\/\/www.cec.org\/es\/","name":"Commission for Environmental Cooperation","description":"Three countries working together to protect our shared environment","alternateName":"CEC - CCA -CCE","potentialAction":[{"@type":"SearchAction","target":{"@type":"EntryPoint","urlTemplate":"https:\/\/www.cec.org\/es\/?s={search_term_string}"},"query-input":{"@type":"PropertyValueSpecification","valueRequired":true,"valueName":"search_term_string"}}],"inLanguage":"es"}]}</script>
<!-- / Yoast SEO Premium plugin. -->

Jason Chernow &#8211; Comisión para la Cooperación Ambiental

Representante electo de la ciudadanía del distrito métis de Calgary Elbow, Jason Chernow ocupa también el cargo de secretario de Medio Ambiente, Cambio Climático y Manejo de Emergencias del Gobierno Métis Otipemisiwak de la Nación Métis de Alberta. Orgulloso descendiente métis y criado en el seno de una sólida comunidad de dicha etnia, Jason posee [&hellip;]

Comisión para la Cooperación Ambiental
