{"id":55687,"date":"2024-06-13T12:49:42","date_gmt":"2024-06-13T16:49:42","guid":{"rendered":"http:\/\/www.cec.org\/speaker\/jaziel-soto-torres\/"},"modified":"2024-07-11T14:45:20","modified_gmt":"2024-07-11T18:45:20","slug":"jaziel-soto-torres","status":"publish","type":"speaker","link":"https:\/\/www.cec.org\/es\/speaker\/jaziel-soto-torres\/","title":{"rendered":"Jaziel Soto Torres"},"content":{"rendered":"<p>Jaziel Soto Torres es miembro orgulloso de la etnia ind\u00edgena cucap\u00e1, Baja California, M\u00e9xico. Influenciado desde su infancia por las ense\u00f1anzas de su abuela, Inocencia Gonz\u00e1lez Sainz, una respetada l\u00edder tradicional en la comunidad, Jaziel ha desarrollado un compromiso innegable con el bienestar social y la preservaci\u00f3n de la rica herencia cultural de su pueblo. Actualmente, estudia la carrera de ingenier\u00eda en acuacultura y piscicultura, elecci\u00f3n motivada por su profundo inter\u00e9s en el desarrollo sostenible de su comunidad.<\/p>\n<p>En cuanto a reconocimientos recibidos, Jaziel fue galardonado en 2021 con el\u00a0Premio Estatal de la Juventud, en la distinci\u00f3n \"Fortalecimiento a la Cultura\", y\u00a0ya antes hab\u00eda sido merecedor del Premio Nacional de la Juventud 2008, distinci\u00f3n \"Protecci\u00f3n al Medio Ambiente\".<\/p>\n<p>Jaziel Soto Torres tom\u00f3 parte en el taller trinacional que se celebr\u00f3 en M\u00e9xico en 2023 en el marco del proyecto <a href=\"https:\/\/www.cec.org\/es\/temas\/justicia-ambiental\/\"><em>Red de comunidades en favor de la justicia ambiental<\/em><\/a>.<\/p>\n","protected":false},"excerpt":{"rendered":"<p>Jaziel Soto Torres es miembro orgulloso de la etnia ind\u00edgena cucap\u00e1, Baja California, M\u00e9xico. Influenciado desde su infancia por las ense\u00f1anzas de su abuela, Inocencia Gonz\u00e1lez Sainz, una respetada l\u00edder tradicional en la comunidad, Jaziel ha desarrollado un compromiso innegable con el bienestar social y la preservaci\u00f3n de la rica herencia cultural de su pueblo. [&hellip;]<\/p>\n","protected":false},"featured_media":55593,"template":"","class_list":["post-55687","speaker","type-speaker","status-publish","has-post-thumbnail","hentry","country-mexico-es"],"acf":[],"yoast_head":"<!-- This site is optimized with the Yoast SEO Premium plugin v27.4 (Yoast SEO v27.4) - https:\/\/yoast.com\/product\/yoast-seo-premium-wordpress\/ -->\n<title>Jaziel Soto Torres &#8211; Comisi\u00f3n para la Cooperaci\u00f3n Ambiental<\/title>\n<meta name=\"robots\" content=\"noindex, follow\" \/>\n<meta property=\"og:locale\" content=\"es_ES\" \/>\n<meta property=\"og:type\" content=\"article\" \/>\n<meta property=\"og:title\" content=\"Jaziel Soto Torres\" \/>\n<meta property=\"og:description\" content=\"Jaziel Soto Torres es miembro orgulloso de la etnia ind\u00edgena cucap\u00e1, Baja California, M\u00e9xico. Influenciado desde su infancia por las ense\u00f1anzas de su abuela, Inocencia Gonz\u00e1lez Sainz, una respetada l\u00edder tradicional en la comunidad, Jaziel ha desarrollado un compromiso innegable con el bienestar social y la preservaci\u00f3n de la rica herencia cultural de su pueblo. [&hellip;]\" \/>\n<meta property=\"og:url\" content=\"https:\/\/www.cec.org\/es\/speaker\/jaziel-soto-torres\/\" \/>\n<meta property=\"og:site_name\" content=\"Comisi\u00f3n para la Cooperaci\u00f3n Ambiental\" \/>\n<meta property=\"article:publisher\" content=\"https:\/\/www.facebook.com\/CECconnect\" \/>\n<meta property=\"article:modified_time\" content=\"2024-07-11T18:45:20+00:00\" \/>\n<meta property=\"og:image\" content=\"https:\/\/www.cec.org\/wp-content\/uploads\/Jaziel-Soto-Torres.webp\" \/>\n\t<meta property=\"og:image:width\" content=\"300\" \/>\n\t<meta property=\"og:image:height\" content=\"300\" \/>\n\t<meta property=\"og:image:type\" content=\"image\/webp\" \/>\n<meta name=\"twitter:card\" content=\"summary_large_image\" \/>\n<meta name=\"twitter:site\" content=\"@CECweb\" \/>\n<script type=\"application\/ld+json\" class=\"yoast-schema-graph\">{\"@context\":\"https:\\\/\\\/schema.org\",\"@graph\":[{\"@type\":\"WebPage\",\"@id\":\"https:\\\/\\\/www.cec.org\\\/es\\\/speaker\\\/jaziel-soto-torres\\\/\",\"url\":\"https:\\\/\\\/www.cec.org\\\/es\\\/speaker\\\/jaziel-soto-torres\\\/\",\"name\":\"Jaziel Soto Torres &#8211; Comisi\u00f3n para la Cooperaci\u00f3n Ambiental\",\"isPartOf\":{\"@id\":\"https:\\\/\\\/www.cec.org\\\/es\\\/#website\"},\"primaryImageOfPage\":{\"@id\":\"https:\\\/\\\/www.cec.org\\\/es\\\/speaker\\\/jaziel-soto-torres\\\/#primaryimage\"},\"image\":{\"@id\":\"https:\\\/\\\/www.cec.org\\\/es\\\/speaker\\\/jaziel-soto-torres\\\/#primaryimage\"},\"thumbnailUrl\":\"https:\\\/\\\/www.cec.org\\\/wp-content\\\/uploads\\\/Jaziel-Soto-Torres.webp\",\"datePublished\":\"2024-06-13T16:49:42+00:00\",\"dateModified\":\"2024-07-11T18:45:20+00:00\",\"breadcrumb\":{\"@id\":\"https:\\\/\\\/www.cec.org\\\/es\\\/speaker\\\/jaziel-soto-torres\\\/#breadcrumb\"},\"inLanguage\":\"es\",\"potentialAction\":[{\"@type\":\"ReadAction\",\"target\":[\"https:\\\/\\\/www.cec.org\\\/es\\\/speaker\\\/jaziel-soto-torres\\\/\"]}]},{\"@type\":\"ImageObject\",\"inLanguage\":\"es\",\"@id\":\"https:\\\/\\\/www.cec.org\\\/es\\\/speaker\\\/jaziel-soto-torres\\\/#primaryimage\",\"url\":\"https:\\\/\\\/www.cec.org\\\/wp-content\\\/uploads\\\/Jaziel-Soto-Torres.webp\",\"contentUrl\":\"https:\\\/\\\/www.cec.org\\\/wp-content\\\/uploads\\\/Jaziel-Soto-Torres.webp\",\"width\":300,\"height\":300},{\"@type\":\"BreadcrumbList\",\"@id\":\"https:\\\/\\\/www.cec.org\\\/es\\\/speaker\\\/jaziel-soto-torres\\\/#breadcrumb\",\"itemListElement\":[{\"@type\":\"ListItem\",\"position\":1,\"name\":\"Inicio\",\"item\":\"https:\\\/\\\/www.cec.org\\\/es\\\/\"},{\"@type\":\"ListItem\",\"position\":2,\"name\":\"Jaziel Soto Torres\"}]},{\"@type\":\"WebSite\",\"@id\":\"https:\\\/\\\/www.cec.org\\\/es\\\/#website\",\"url\":\"https:\\\/\\\/www.cec.org\\\/es\\\/\",\"name\":\"Commission for Environmental Cooperation\",\"description\":\"Three countries working together to protect our shared environment\",\"alternateName\":\"CEC - CCA -CCE\",\"potentialAction\":[{\"@type\":\"SearchAction\",\"target\":{\"@type\":\"EntryPoint\",\"urlTemplate\":\"https:\\\/\\\/www.cec.org\\\/es\\\/?s={search_term_string}\"},\"query-input\":{\"@type\":\"PropertyValueSpecification\",\"valueRequired\":true,\"valueName\":\"search_term_string\"}}],\"inLanguage\":\"es\"}]}<\/script>\n<!-- \/ Yoast SEO Premium plugin. -->","yoast_head_json":{"title":"Jaziel Soto Torres &#8211; Comisi\u00f3n para la Cooperaci\u00f3n Ambiental","robots":{"index":"noindex","follow":"follow"},"og_locale":"es_ES","og_type":"article","og_title":"Jaziel Soto Torres","og_description":"Jaziel Soto Torres es miembro orgulloso de la etnia ind\u00edgena cucap\u00e1, Baja California, M\u00e9xico. Influenciado desde su infancia por las ense\u00f1anzas de su abuela, Inocencia Gonz\u00e1lez Sainz, una respetada l\u00edder tradicional en la comunidad, Jaziel ha desarrollado un compromiso innegable con el bienestar social y la preservaci\u00f3n de la rica herencia cultural de su pueblo. [&hellip;]","og_url":"https:\/\/www.cec.org\/es\/speaker\/jaziel-soto-torres\/","og_site_name":"Comisi\u00f3n para la Cooperaci\u00f3n Ambiental","article_publisher":"https:\/\/www.facebook.com\/CECconnect","article_modified_time":"2024-07-11T18:45:20+00:00","og_image":[{"width":300,"height":300,"url":"https:\/\/www.cec.org\/wp-content\/uploads\/Jaziel-Soto-Torres.webp","type":"image\/webp"}],"twitter_card":"summary_large_image","twitter_site":"@CECweb","schema":{"@context":"https:\/\/schema.org","@graph":[{"@type":"WebPage","@id":"https:\/\/www.cec.org\/es\/speaker\/jaziel-soto-torres\/","url":"https:\/\/www.cec.org\/es\/speaker\/jaziel-soto-torres\/","name":"Jaziel Soto Torres &#8211; Comisi\u00f3n para la Cooperaci\u00f3n Ambiental","isPartOf":{"@id":"https:\/\/www.cec.org\/es\/#website"},"primaryImageOfPage":{"@id":"https:\/\/www.cec.org\/es\/speaker\/jaziel-soto-torres\/#primaryimage"},"image":{"@id":"https:\/\/www.cec.org\/es\/speaker\/jaziel-soto-torres\/#primaryimage"},"thumbnailUrl":"https:\/\/www.cec.org\/wp-content\/uploads\/Jaziel-Soto-Torres.webp","datePublished":"2024-06-13T16:49:42+00:00","dateModified":"2024-07-11T18:45:20+00:00","breadcrumb":{"@id":"https:\/\/www.cec.org\/es\/speaker\/jaziel-soto-torres\/#breadcrumb"},"inLanguage":"es","potentialAction":[{"@type":"ReadAction","target":["https:\/\/www.cec.org\/es\/speaker\/jaziel-soto-torres\/"]}]},{"@type":"ImageObject","inLanguage":"es","@id":"https:\/\/www.cec.org\/es\/speaker\/jaziel-soto-torres\/#primaryimage","url":"https:\/\/www.cec.org\/wp-content\/uploads\/Jaziel-Soto-Torres.webp","contentUrl":"https:\/\/www.cec.org\/wp-content\/uploads\/Jaziel-Soto-Torres.webp","width":300,"height":300},{"@type":"BreadcrumbList","@id":"https:\/\/www.cec.org\/es\/speaker\/jaziel-soto-torres\/#breadcrumb","itemListElement":[{"@type":"ListItem","position":1,"name":"Inicio","item":"https:\/\/www.cec.org\/es\/"},{"@type":"ListItem","position":2,"name":"Jaziel Soto Torres"}]},{"@type":"WebSite","@id":"https:\/\/www.cec.org\/es\/#website","url":"https:\/\/www.cec.org\/es\/","name":"Commission for Environmental Cooperation","description":"Three countries working together to protect our shared environment","alternateName":"CEC - CCA -CCE","potentialAction":[{"@type":"SearchAction","target":{"@type":"EntryPoint","urlTemplate":"https:\/\/www.cec.org\/es\/?s={search_term_string}"},"query-input":{"@type":"PropertyValueSpecification","valueRequired":true,"valueName":"search_term_string"}}],"inLanguage":"es"}]}},"_links":{"self":[{"href":"https:\/\/www.cec.org\/es\/wp-json\/wp\/v2\/speaker\/55687","targetHints":{"allow":["GET"]}}],"collection":[{"href":"https:\/\/www.cec.org\/es\/wp-json\/wp\/v2\/speaker"}],"about":[{"href":"https:\/\/www.cec.org\/es\/wp-json\/wp\/v2\/types\/speaker"}],"wp:featuredmedia":[{"embeddable":true,"href":"https:\/\/www.cec.org\/es\/wp-json\/wp\/v2\/media\/55593"}],"wp:attachment":[{"href":"https:\/\/www.cec.org\/es\/wp-json\/wp\/v2\/media?parent=55687"}],"curies":[{"name":"wp","href":"https:\/\/api.w.org\/{rel}","templated":true}]}}

<p>Jaziel Soto Torres es miembro orgulloso de la etnia indígena cucapá, Baja California, México. Influenciado desde su infancia por las enseñanzas de su abuela, Inocencia González Sainz, una respetada líder tradicional en la comunidad, Jaziel ha desarrollado un compromiso innegable con el bienestar social y la preservación de la rica herencia cultural de su pueblo. Actualmente, estudia la carrera de ingeniería en acuacultura y piscicultura, elección motivada por su profundo interés en el desarrollo sostenible de su comunidad.</p>
<p>En cuanto a reconocimientos recibidos, Jaziel fue galardonado en 2021 con el Premio Estatal de la Juventud, en la distinción "Fortalecimiento a la Cultura", y ya antes había sido merecedor del Premio Nacional de la Juventud 2008, distinción "Protección al Medio Ambiente".</p>
<p>Jaziel Soto Torres tomó parte en el taller trinacional que se celebró en México en 2023 en el marco del proyecto <a href="https://www.cec.org/es/temas/justicia-ambiental/"><em>Red de comunidades en favor de la justicia ambiental</em></a>.</p>

<p>Jaziel Soto Torres es miembro orgulloso de la etnia indígena cucapá, Baja California, México. Influenciado desde su infancia por las enseñanzas de su abuela, Inocencia González Sainz, una respetada líder tradicional en la comunidad, Jaziel ha desarrollado un compromiso innegable con el bienestar social y la preservación de la rica herencia cultural de su pueblo. [&hellip;]</p>

<!-- This site is optimized with the Yoast SEO Premium plugin v27.4 (Yoast SEO v27.4) - https://yoast.com/product/yoast-seo-premium-wordpress/ -->
<title>Jaziel Soto Torres &#8211; Comisión para la Cooperación Ambiental</title>
<meta name="robots" content="noindex, follow" />
<meta property="og:locale" content="es_ES" />
<meta property="og:type" content="article" />
<meta property="og:title" content="Jaziel Soto Torres" />
<meta property="og:description" content="Jaziel Soto Torres es miembro orgulloso de la etnia indígena cucapá, Baja California, México. Influenciado desde su infancia por las enseñanzas de su abuela, Inocencia González Sainz, una respetada líder tradicional en la comunidad, Jaziel ha desarrollado un compromiso innegable con el bienestar social y la preservación de la rica herencia cultural de su pueblo. [&hellip;]" />
<meta property="og:url" content="https://www.cec.org/es/speaker/jaziel-soto-torres/" />
<meta property="og:site_name" content="Comisión para la Cooperación Ambiental" />
<meta property="article:publisher" content="https://www.facebook.com/CECconnect" />
<meta property="article:modified_time" content="2024-07-11T18:45:20+00:00" />
<meta property="og:image" content="https://www.cec.org/wp-content/uploads/Jaziel-Soto-Torres.webp" />
	<meta property="og:image:width" content="300" />
	<meta property="og:image:height" content="300" />
	<meta property="og:image:type" content="image/webp" />
<meta name="twitter:card" content="summary_large_image" />
<meta name="twitter:site" content="@CECweb" />
<script type="application/ld+json" class="yoast-schema-graph">{"@context":"https:\/\/schema.org","@graph":[{"@type":"WebPage","@id":"https:\/\/www.cec.org\/es\/speaker\/jaziel-soto-torres\/","url":"https:\/\/www.cec.org\/es\/speaker\/jaziel-soto-torres\/","name":"Jaziel Soto Torres &#8211; Comisión para la Cooperación Ambiental","isPartOf":{"@id":"https:\/\/www.cec.org\/es\/#website"},"primaryImageOfPage":{"@id":"https:\/\/www.cec.org\/es\/speaker\/jaziel-soto-torres\/#primaryimage"},"image":{"@id":"https:\/\/www.cec.org\/es\/speaker\/jaziel-soto-torres\/#primaryimage"},"thumbnailUrl":"https:\/\/www.cec.org\/wp-content\/uploads\/Jaziel-Soto-Torres.webp","datePublished":"2024-06-13T16:49:42+00:00","dateModified":"2024-07-11T18:45:20+00:00","breadcrumb":{"@id":"https:\/\/www.cec.org\/es\/speaker\/jaziel-soto-torres\/#breadcrumb"},"inLanguage":"es","potentialAction":[{"@type":"ReadAction","target":["https:\/\/www.cec.org\/es\/speaker\/jaziel-soto-torres\/"]}]},{"@type":"ImageObject","inLanguage":"es","@id":"https:\/\/www.cec.org\/es\/speaker\/jaziel-soto-torres\/#primaryimage","url":"https:\/\/www.cec.org\/wp-content\/uploads\/Jaziel-Soto-Torres.webp","contentUrl":"https:\/\/www.cec.org\/wp-content\/uploads\/Jaziel-Soto-Torres.webp","width":300,"height":300},{"@type":"BreadcrumbList","@id":"https:\/\/www.cec.org\/es\/speaker\/jaziel-soto-torres\/#breadcrumb","itemListElement":[{"@type":"ListItem","position":1,"name":"Inicio","item":"https:\/\/www.cec.org\/es\/"},{"@type":"ListItem","position":2,"name":"Jaziel Soto Torres"}]},{"@type":"WebSite","@id":"https:\/\/www.cec.org\/es\/#website","url":"https:\/\/www.cec.org\/es\/","name":"Commission for Environmental Cooperation","description":"Three countries working together to protect our shared environment","alternateName":"CEC - CCA -CCE","potentialAction":[{"@type":"SearchAction","target":{"@type":"EntryPoint","urlTemplate":"https:\/\/www.cec.org\/es\/?s={search_term_string}"},"query-input":{"@type":"PropertyValueSpecification","valueRequired":true,"valueName":"search_term_string"}}],"inLanguage":"es"}]}</script>
<!-- / Yoast SEO Premium plugin. -->

Jaziel Soto Torres &#8211; Comisión para la Cooperación Ambiental

Jaziel Soto Torres es miembro orgulloso de la etnia indígena cucapá, Baja California, México. Influenciado desde su infancia por las enseñanzas de su abuela, Inocencia González Sainz, una respetada líder tradicional en la comunidad, Jaziel ha desarrollado un compromiso innegable con el bienestar social y la preservación de la rica herencia cultural de su pueblo. [&hellip;]

Comisión para la Cooperación Ambiental
