{"id":55685,"date":"2024-06-13T12:47:29","date_gmt":"2024-06-13T16:47:29","guid":{"rendered":"http:\/\/www.cec.org\/speaker\/jose-torcal\/"},"modified":"2024-07-11T14:45:21","modified_gmt":"2024-07-11T18:45:21","slug":"jose-torcal","status":"publish","type":"speaker","link":"https:\/\/www.cec.org\/es\/speaker\/jose-torcal\/","title":{"rendered":"Jos\u00e9 Torcal"},"content":{"rendered":"<p>Ingeniero civil con m\u00e1s de diez a\u00f1os de experiencia trabajando en seis pa\u00edses distintos en los campos de la regeneraci\u00f3n, la sustentabilidad y el espacio p\u00fablico, con el agua como eje central, Jos\u00e9 Torcal encamina sus proyectos e intervenciones a afrontar el cambio clim\u00e1tico y mejorar las comunidades desde las comunidades mismas. Adem\u00e1s, guarda un firme compromiso de colaboraci\u00f3n con diversos sectores y organizaciones en apoyo del movimiento global hacia comunidades sustentables.<\/p>\n<p>Uno de sus proyectos m\u00e1s recientes, <a href=\"https:\/\/www.cec.org\/es\/ej4climate\/subvenciones-ej4climate\/one-water\/\"><em>One Water. Somos Agua<\/em><\/a>, colaboraci\u00f3n entre comunidades ind\u00edgenas de M\u00e9xico y Canad\u00e1 con el prop\u00f3sito de aumentar la resiliencia h\u00eddrica mediante la captaci\u00f3n de agua de lluvia, liderada por la ONG <a href=\"https:\/\/www.facebook.com\/islaurbana\">Isla Urbana<\/a> (M\u00e9xico) y la Primera Naci\u00f3n Nipissing (Canad\u00e1), recibi\u00f3 una subvenci\u00f3n del programa EJ4Climate de la CCA en su ciclo 2022-2023.<\/p>\n<p>Instagram: @onewater.somosagua<br \/>\nFacebook: <a href=\"https:\/\/www.facebook.com\/islaurbana\">https:\/\/www.facebook.com\/islaurbana<\/a><br \/>\nLinkedIn: <a href=\"https:\/\/www.linkedin.com\/in\/jose-torcal-0b835965\">linkedin.com\/in\/jose-torcal-0b835965<\/a><\/p>\n","protected":false},"excerpt":{"rendered":"<p>Ingeniero civil con m\u00e1s de diez a\u00f1os de experiencia trabajando en seis pa\u00edses distintos en los campos de la regeneraci\u00f3n, la sustentabilidad y el espacio p\u00fablico, con el agua como eje central, Jos\u00e9 Torcal encamina sus proyectos e intervenciones a afrontar el cambio clim\u00e1tico y mejorar las comunidades desde las comunidades mismas. Adem\u00e1s, guarda un [&hellip;]<\/p>\n","protected":false},"featured_media":55599,"template":"","class_list":["post-55685","speaker","type-speaker","status-publish","has-post-thumbnail","hentry","country-mexico-es"],"acf":[],"yoast_head":"<!-- This site is optimized with the Yoast SEO Premium plugin v27.4 (Yoast SEO v27.4) - https:\/\/yoast.com\/product\/yoast-seo-premium-wordpress\/ -->\n<title>Jos\u00e9 Torcal &#8211; Comisi\u00f3n para la Cooperaci\u00f3n Ambiental<\/title>\n<meta name=\"robots\" content=\"noindex, follow\" \/>\n<meta property=\"og:locale\" content=\"es_ES\" \/>\n<meta property=\"og:type\" content=\"article\" \/>\n<meta property=\"og:title\" content=\"Jos\u00e9 Torcal\" \/>\n<meta property=\"og:description\" content=\"Ingeniero civil con m\u00e1s de diez a\u00f1os de experiencia trabajando en seis pa\u00edses distintos en los campos de la regeneraci\u00f3n, la sustentabilidad y el espacio p\u00fablico, con el agua como eje central, Jos\u00e9 Torcal encamina sus proyectos e intervenciones a afrontar el cambio clim\u00e1tico y mejorar las comunidades desde las comunidades mismas. Adem\u00e1s, guarda un [&hellip;]\" \/>\n<meta property=\"og:url\" content=\"https:\/\/www.cec.org\/es\/speaker\/jose-torcal\/\" \/>\n<meta property=\"og:site_name\" content=\"Comisi\u00f3n para la Cooperaci\u00f3n Ambiental\" \/>\n<meta property=\"article:publisher\" content=\"https:\/\/www.facebook.com\/CECconnect\" \/>\n<meta property=\"article:modified_time\" content=\"2024-07-11T18:45:21+00:00\" \/>\n<meta property=\"og:image\" content=\"https:\/\/www.cec.org\/wp-content\/uploads\/Jose-Torcal.webp\" \/>\n\t<meta property=\"og:image:width\" content=\"300\" \/>\n\t<meta property=\"og:image:height\" content=\"300\" \/>\n\t<meta property=\"og:image:type\" content=\"image\/webp\" \/>\n<meta name=\"twitter:card\" content=\"summary_large_image\" \/>\n<meta name=\"twitter:site\" content=\"@CECweb\" \/>\n<script type=\"application\/ld+json\" class=\"yoast-schema-graph\">{\"@context\":\"https:\\\/\\\/schema.org\",\"@graph\":[{\"@type\":\"WebPage\",\"@id\":\"https:\\\/\\\/www.cec.org\\\/es\\\/speaker\\\/jose-torcal\\\/\",\"url\":\"https:\\\/\\\/www.cec.org\\\/es\\\/speaker\\\/jose-torcal\\\/\",\"name\":\"Jos\u00e9 Torcal &#8211; Comisi\u00f3n para la Cooperaci\u00f3n Ambiental\",\"isPartOf\":{\"@id\":\"https:\\\/\\\/www.cec.org\\\/es\\\/#website\"},\"primaryImageOfPage\":{\"@id\":\"https:\\\/\\\/www.cec.org\\\/es\\\/speaker\\\/jose-torcal\\\/#primaryimage\"},\"image\":{\"@id\":\"https:\\\/\\\/www.cec.org\\\/es\\\/speaker\\\/jose-torcal\\\/#primaryimage\"},\"thumbnailUrl\":\"https:\\\/\\\/www.cec.org\\\/wp-content\\\/uploads\\\/Jose-Torcal.webp\",\"datePublished\":\"2024-06-13T16:47:29+00:00\",\"dateModified\":\"2024-07-11T18:45:21+00:00\",\"breadcrumb\":{\"@id\":\"https:\\\/\\\/www.cec.org\\\/es\\\/speaker\\\/jose-torcal\\\/#breadcrumb\"},\"inLanguage\":\"es\",\"potentialAction\":[{\"@type\":\"ReadAction\",\"target\":[\"https:\\\/\\\/www.cec.org\\\/es\\\/speaker\\\/jose-torcal\\\/\"]}]},{\"@type\":\"ImageObject\",\"inLanguage\":\"es\",\"@id\":\"https:\\\/\\\/www.cec.org\\\/es\\\/speaker\\\/jose-torcal\\\/#primaryimage\",\"url\":\"https:\\\/\\\/www.cec.org\\\/wp-content\\\/uploads\\\/Jose-Torcal.webp\",\"contentUrl\":\"https:\\\/\\\/www.cec.org\\\/wp-content\\\/uploads\\\/Jose-Torcal.webp\",\"width\":300,\"height\":300},{\"@type\":\"BreadcrumbList\",\"@id\":\"https:\\\/\\\/www.cec.org\\\/es\\\/speaker\\\/jose-torcal\\\/#breadcrumb\",\"itemListElement\":[{\"@type\":\"ListItem\",\"position\":1,\"name\":\"Inicio\",\"item\":\"https:\\\/\\\/www.cec.org\\\/es\\\/\"},{\"@type\":\"ListItem\",\"position\":2,\"name\":\"Jos\u00e9 Torcal\"}]},{\"@type\":\"WebSite\",\"@id\":\"https:\\\/\\\/www.cec.org\\\/es\\\/#website\",\"url\":\"https:\\\/\\\/www.cec.org\\\/es\\\/\",\"name\":\"Commission for Environmental Cooperation\",\"description\":\"Three countries working together to protect our shared environment\",\"alternateName\":\"CEC - CCA -CCE\",\"potentialAction\":[{\"@type\":\"SearchAction\",\"target\":{\"@type\":\"EntryPoint\",\"urlTemplate\":\"https:\\\/\\\/www.cec.org\\\/es\\\/?s={search_term_string}\"},\"query-input\":{\"@type\":\"PropertyValueSpecification\",\"valueRequired\":true,\"valueName\":\"search_term_string\"}}],\"inLanguage\":\"es\"}]}<\/script>\n<!-- \/ Yoast SEO Premium plugin. -->","yoast_head_json":{"title":"Jos\u00e9 Torcal &#8211; Comisi\u00f3n para la Cooperaci\u00f3n Ambiental","robots":{"index":"noindex","follow":"follow"},"og_locale":"es_ES","og_type":"article","og_title":"Jos\u00e9 Torcal","og_description":"Ingeniero civil con m\u00e1s de diez a\u00f1os de experiencia trabajando en seis pa\u00edses distintos en los campos de la regeneraci\u00f3n, la sustentabilidad y el espacio p\u00fablico, con el agua como eje central, Jos\u00e9 Torcal encamina sus proyectos e intervenciones a afrontar el cambio clim\u00e1tico y mejorar las comunidades desde las comunidades mismas. Adem\u00e1s, guarda un [&hellip;]","og_url":"https:\/\/www.cec.org\/es\/speaker\/jose-torcal\/","og_site_name":"Comisi\u00f3n para la Cooperaci\u00f3n Ambiental","article_publisher":"https:\/\/www.facebook.com\/CECconnect","article_modified_time":"2024-07-11T18:45:21+00:00","og_image":[{"width":300,"height":300,"url":"https:\/\/www.cec.org\/wp-content\/uploads\/Jose-Torcal.webp","type":"image\/webp"}],"twitter_card":"summary_large_image","twitter_site":"@CECweb","schema":{"@context":"https:\/\/schema.org","@graph":[{"@type":"WebPage","@id":"https:\/\/www.cec.org\/es\/speaker\/jose-torcal\/","url":"https:\/\/www.cec.org\/es\/speaker\/jose-torcal\/","name":"Jos\u00e9 Torcal &#8211; Comisi\u00f3n para la Cooperaci\u00f3n Ambiental","isPartOf":{"@id":"https:\/\/www.cec.org\/es\/#website"},"primaryImageOfPage":{"@id":"https:\/\/www.cec.org\/es\/speaker\/jose-torcal\/#primaryimage"},"image":{"@id":"https:\/\/www.cec.org\/es\/speaker\/jose-torcal\/#primaryimage"},"thumbnailUrl":"https:\/\/www.cec.org\/wp-content\/uploads\/Jose-Torcal.webp","datePublished":"2024-06-13T16:47:29+00:00","dateModified":"2024-07-11T18:45:21+00:00","breadcrumb":{"@id":"https:\/\/www.cec.org\/es\/speaker\/jose-torcal\/#breadcrumb"},"inLanguage":"es","potentialAction":[{"@type":"ReadAction","target":["https:\/\/www.cec.org\/es\/speaker\/jose-torcal\/"]}]},{"@type":"ImageObject","inLanguage":"es","@id":"https:\/\/www.cec.org\/es\/speaker\/jose-torcal\/#primaryimage","url":"https:\/\/www.cec.org\/wp-content\/uploads\/Jose-Torcal.webp","contentUrl":"https:\/\/www.cec.org\/wp-content\/uploads\/Jose-Torcal.webp","width":300,"height":300},{"@type":"BreadcrumbList","@id":"https:\/\/www.cec.org\/es\/speaker\/jose-torcal\/#breadcrumb","itemListElement":[{"@type":"ListItem","position":1,"name":"Inicio","item":"https:\/\/www.cec.org\/es\/"},{"@type":"ListItem","position":2,"name":"Jos\u00e9 Torcal"}]},{"@type":"WebSite","@id":"https:\/\/www.cec.org\/es\/#website","url":"https:\/\/www.cec.org\/es\/","name":"Commission for Environmental Cooperation","description":"Three countries working together to protect our shared environment","alternateName":"CEC - CCA -CCE","potentialAction":[{"@type":"SearchAction","target":{"@type":"EntryPoint","urlTemplate":"https:\/\/www.cec.org\/es\/?s={search_term_string}"},"query-input":{"@type":"PropertyValueSpecification","valueRequired":true,"valueName":"search_term_string"}}],"inLanguage":"es"}]}},"_links":{"self":[{"href":"https:\/\/www.cec.org\/es\/wp-json\/wp\/v2\/speaker\/55685","targetHints":{"allow":["GET"]}}],"collection":[{"href":"https:\/\/www.cec.org\/es\/wp-json\/wp\/v2\/speaker"}],"about":[{"href":"https:\/\/www.cec.org\/es\/wp-json\/wp\/v2\/types\/speaker"}],"wp:featuredmedia":[{"embeddable":true,"href":"https:\/\/www.cec.org\/es\/wp-json\/wp\/v2\/media\/55599"}],"wp:attachment":[{"href":"https:\/\/www.cec.org\/es\/wp-json\/wp\/v2\/media?parent=55685"}],"curies":[{"name":"wp","href":"https:\/\/api.w.org\/{rel}","templated":true}]}}

José Torcal

<p>Ingeniero civil con más de diez años de experiencia trabajando en seis países distintos en los campos de la regeneración, la sustentabilidad y el espacio público, con el agua como eje central, José Torcal encamina sus proyectos e intervenciones a afrontar el cambio climático y mejorar las comunidades desde las comunidades mismas. Además, guarda un firme compromiso de colaboración con diversos sectores y organizaciones en apoyo del movimiento global hacia comunidades sustentables.</p>
<p>Uno de sus proyectos más recientes, <a href="https://www.cec.org/es/ej4climate/subvenciones-ej4climate/one-water/"><em>One Water. Somos Agua</em></a>, colaboración entre comunidades indígenas de México y Canadá con el propósito de aumentar la resiliencia hídrica mediante la captación de agua de lluvia, liderada por la ONG <a href="https://www.facebook.com/islaurbana">Isla Urbana</a> (México) y la Primera Nación Nipissing (Canadá), recibió una subvención del programa EJ4Climate de la CCA en su ciclo 2022-2023.</p>
<p>Instagram: @onewater.somosagua<br />
Facebook: <a href="https://www.facebook.com/islaurbana">https://www.facebook.com/islaurbana</a><br />
LinkedIn: <a href="https://www.linkedin.com/in/jose-torcal-0b835965">linkedin.com/in/jose-torcal-0b835965</a></p>

<p>Ingeniero civil con más de diez años de experiencia trabajando en seis países distintos en los campos de la regeneración, la sustentabilidad y el espacio público, con el agua como eje central, José Torcal encamina sus proyectos e intervenciones a afrontar el cambio climático y mejorar las comunidades desde las comunidades mismas. Además, guarda un [&hellip;]</p>

<!-- This site is optimized with the Yoast SEO Premium plugin v27.4 (Yoast SEO v27.4) - https://yoast.com/product/yoast-seo-premium-wordpress/ -->
<title>José Torcal &#8211; Comisión para la Cooperación Ambiental</title>
<meta name="robots" content="noindex, follow" />
<meta property="og:locale" content="es_ES" />
<meta property="og:type" content="article" />
<meta property="og:title" content="José Torcal" />
<meta property="og:description" content="Ingeniero civil con más de diez años de experiencia trabajando en seis países distintos en los campos de la regeneración, la sustentabilidad y el espacio público, con el agua como eje central, José Torcal encamina sus proyectos e intervenciones a afrontar el cambio climático y mejorar las comunidades desde las comunidades mismas. Además, guarda un [&hellip;]" />
<meta property="og:url" content="https://www.cec.org/es/speaker/jose-torcal/" />
<meta property="og:site_name" content="Comisión para la Cooperación Ambiental" />
<meta property="article:publisher" content="https://www.facebook.com/CECconnect" />
<meta property="article:modified_time" content="2024-07-11T18:45:21+00:00" />
<meta property="og:image" content="https://www.cec.org/wp-content/uploads/Jose-Torcal.webp" />
	<meta property="og:image:width" content="300" />
	<meta property="og:image:height" content="300" />
	<meta property="og:image:type" content="image/webp" />
<meta name="twitter:card" content="summary_large_image" />
<meta name="twitter:site" content="@CECweb" />
<script type="application/ld+json" class="yoast-schema-graph">{"@context":"https:\/\/schema.org","@graph":[{"@type":"WebPage","@id":"https:\/\/www.cec.org\/es\/speaker\/jose-torcal\/","url":"https:\/\/www.cec.org\/es\/speaker\/jose-torcal\/","name":"José Torcal &#8211; Comisión para la Cooperación Ambiental","isPartOf":{"@id":"https:\/\/www.cec.org\/es\/#website"},"primaryImageOfPage":{"@id":"https:\/\/www.cec.org\/es\/speaker\/jose-torcal\/#primaryimage"},"image":{"@id":"https:\/\/www.cec.org\/es\/speaker\/jose-torcal\/#primaryimage"},"thumbnailUrl":"https:\/\/www.cec.org\/wp-content\/uploads\/Jose-Torcal.webp","datePublished":"2024-06-13T16:47:29+00:00","dateModified":"2024-07-11T18:45:21+00:00","breadcrumb":{"@id":"https:\/\/www.cec.org\/es\/speaker\/jose-torcal\/#breadcrumb"},"inLanguage":"es","potentialAction":[{"@type":"ReadAction","target":["https:\/\/www.cec.org\/es\/speaker\/jose-torcal\/"]}]},{"@type":"ImageObject","inLanguage":"es","@id":"https:\/\/www.cec.org\/es\/speaker\/jose-torcal\/#primaryimage","url":"https:\/\/www.cec.org\/wp-content\/uploads\/Jose-Torcal.webp","contentUrl":"https:\/\/www.cec.org\/wp-content\/uploads\/Jose-Torcal.webp","width":300,"height":300},{"@type":"BreadcrumbList","@id":"https:\/\/www.cec.org\/es\/speaker\/jose-torcal\/#breadcrumb","itemListElement":[{"@type":"ListItem","position":1,"name":"Inicio","item":"https:\/\/www.cec.org\/es\/"},{"@type":"ListItem","position":2,"name":"José Torcal"}]},{"@type":"WebSite","@id":"https:\/\/www.cec.org\/es\/#website","url":"https:\/\/www.cec.org\/es\/","name":"Commission for Environmental Cooperation","description":"Three countries working together to protect our shared environment","alternateName":"CEC - CCA -CCE","potentialAction":[{"@type":"SearchAction","target":{"@type":"EntryPoint","urlTemplate":"https:\/\/www.cec.org\/es\/?s={search_term_string}"},"query-input":{"@type":"PropertyValueSpecification","valueRequired":true,"valueName":"search_term_string"}}],"inLanguage":"es"}]}</script>
<!-- / Yoast SEO Premium plugin. -->

José Torcal &#8211; Comisión para la Cooperación Ambiental

Ingeniero civil con más de diez años de experiencia trabajando en seis países distintos en los campos de la regeneración, la sustentabilidad y el espacio público, con el agua como eje central, José Torcal encamina sus proyectos e intervenciones a afrontar el cambio climático y mejorar las comunidades desde las comunidades mismas. Además, guarda un [&hellip;]

Comisión para la Cooperación Ambiental
