{"id":55666,"date":"2024-06-12T20:56:12","date_gmt":"2024-06-13T00:56:12","guid":{"rendered":"http:\/\/www.cec.org\/speaker\/octavio-rosas-landa\/"},"modified":"2024-07-11T14:45:27","modified_gmt":"2024-07-11T18:45:27","slug":"octavio-rosas-landa","status":"publish","type":"speaker","link":"https:\/\/www.cec.org\/es\/speaker\/octavio-rosas-landa\/","title":{"rendered":"Octavio Rosas Landa"},"content":{"rendered":"<p><strong>Octavio Rosas Landa <\/strong>es economista con maestr\u00eda en geograf\u00eda y profesor de la Facultad de Econom\u00eda de la Universidad Nacional Aut\u00f3noma de M\u00e9xico (UNAM). Es impulsor de la nueva Ley General de Aguas en M\u00e9xico y miembro fundador de la Asamblea Nacional de Afectados Ambientales (ANAA).<\/p>\n","protected":false},"excerpt":{"rendered":"<p>Octavio Rosas Landa es economista con maestr\u00eda en geograf\u00eda y profesor de la Facultad de Econom\u00eda de la Universidad Nacional Aut\u00f3noma de M\u00e9xico (UNAM). Es impulsor de la nueva Ley General de Aguas en M\u00e9xico y miembro fundador de la Asamblea Nacional de Afectados Ambientales (ANAA).<\/p>\n","protected":false},"featured_media":55614,"template":"","class_list":["post-55666","speaker","type-speaker","status-publish","has-post-thumbnail","hentry","country-mexico-es"],"acf":[],"yoast_head":"<!-- This site is optimized with the Yoast SEO Premium plugin v27.4 (Yoast SEO v27.4) - https:\/\/yoast.com\/product\/yoast-seo-premium-wordpress\/ -->\n<title>Octavio Rosas Landa &#8211; Comisi\u00f3n para la Cooperaci\u00f3n Ambiental<\/title>\n<meta name=\"robots\" content=\"noindex, follow\" \/>\n<meta property=\"og:locale\" content=\"es_ES\" \/>\n<meta property=\"og:type\" content=\"article\" \/>\n<meta property=\"og:title\" content=\"Octavio Rosas Landa\" \/>\n<meta property=\"og:description\" content=\"Octavio Rosas Landa es economista con maestr\u00eda en geograf\u00eda y profesor de la Facultad de Econom\u00eda de la Universidad Nacional Aut\u00f3noma de M\u00e9xico (UNAM). Es impulsor de la nueva Ley General de Aguas en M\u00e9xico y miembro fundador de la Asamblea Nacional de Afectados Ambientales (ANAA).\" \/>\n<meta property=\"og:url\" content=\"https:\/\/www.cec.org\/es\/speaker\/octavio-rosas-landa\/\" \/>\n<meta property=\"og:site_name\" content=\"Comisi\u00f3n para la Cooperaci\u00f3n Ambiental\" \/>\n<meta property=\"article:publisher\" content=\"https:\/\/www.facebook.com\/CECconnect\" \/>\n<meta property=\"article:modified_time\" content=\"2024-07-11T18:45:27+00:00\" \/>\n<meta property=\"og:image\" content=\"https:\/\/www.cec.org\/wp-content\/uploads\/Octavio-Rosas-Landa-photo.webp\" \/>\n\t<meta property=\"og:image:width\" content=\"300\" \/>\n\t<meta property=\"og:image:height\" content=\"300\" \/>\n\t<meta property=\"og:image:type\" content=\"image\/webp\" \/>\n<meta name=\"twitter:card\" content=\"summary_large_image\" \/>\n<meta name=\"twitter:site\" content=\"@CECweb\" \/>\n<script type=\"application\/ld+json\" class=\"yoast-schema-graph\">{\"@context\":\"https:\\\/\\\/schema.org\",\"@graph\":[{\"@type\":\"WebPage\",\"@id\":\"https:\\\/\\\/www.cec.org\\\/es\\\/speaker\\\/octavio-rosas-landa\\\/\",\"url\":\"https:\\\/\\\/www.cec.org\\\/es\\\/speaker\\\/octavio-rosas-landa\\\/\",\"name\":\"Octavio Rosas Landa &#8211; Comisi\u00f3n para la Cooperaci\u00f3n Ambiental\",\"isPartOf\":{\"@id\":\"https:\\\/\\\/www.cec.org\\\/es\\\/#website\"},\"primaryImageOfPage\":{\"@id\":\"https:\\\/\\\/www.cec.org\\\/es\\\/speaker\\\/octavio-rosas-landa\\\/#primaryimage\"},\"image\":{\"@id\":\"https:\\\/\\\/www.cec.org\\\/es\\\/speaker\\\/octavio-rosas-landa\\\/#primaryimage\"},\"thumbnailUrl\":\"https:\\\/\\\/www.cec.org\\\/wp-content\\\/uploads\\\/Octavio-Rosas-Landa-photo.webp\",\"datePublished\":\"2024-06-13T00:56:12+00:00\",\"dateModified\":\"2024-07-11T18:45:27+00:00\",\"breadcrumb\":{\"@id\":\"https:\\\/\\\/www.cec.org\\\/es\\\/speaker\\\/octavio-rosas-landa\\\/#breadcrumb\"},\"inLanguage\":\"es\",\"potentialAction\":[{\"@type\":\"ReadAction\",\"target\":[\"https:\\\/\\\/www.cec.org\\\/es\\\/speaker\\\/octavio-rosas-landa\\\/\"]}]},{\"@type\":\"ImageObject\",\"inLanguage\":\"es\",\"@id\":\"https:\\\/\\\/www.cec.org\\\/es\\\/speaker\\\/octavio-rosas-landa\\\/#primaryimage\",\"url\":\"https:\\\/\\\/www.cec.org\\\/wp-content\\\/uploads\\\/Octavio-Rosas-Landa-photo.webp\",\"contentUrl\":\"https:\\\/\\\/www.cec.org\\\/wp-content\\\/uploads\\\/Octavio-Rosas-Landa-photo.webp\",\"width\":300,\"height\":300},{\"@type\":\"BreadcrumbList\",\"@id\":\"https:\\\/\\\/www.cec.org\\\/es\\\/speaker\\\/octavio-rosas-landa\\\/#breadcrumb\",\"itemListElement\":[{\"@type\":\"ListItem\",\"position\":1,\"name\":\"Inicio\",\"item\":\"https:\\\/\\\/www.cec.org\\\/es\\\/\"},{\"@type\":\"ListItem\",\"position\":2,\"name\":\"Octavio Rosas Landa\"}]},{\"@type\":\"WebSite\",\"@id\":\"https:\\\/\\\/www.cec.org\\\/es\\\/#website\",\"url\":\"https:\\\/\\\/www.cec.org\\\/es\\\/\",\"name\":\"Commission for Environmental Cooperation\",\"description\":\"Three countries working together to protect our shared environment\",\"alternateName\":\"CEC - CCA -CCE\",\"potentialAction\":[{\"@type\":\"SearchAction\",\"target\":{\"@type\":\"EntryPoint\",\"urlTemplate\":\"https:\\\/\\\/www.cec.org\\\/es\\\/?s={search_term_string}\"},\"query-input\":{\"@type\":\"PropertyValueSpecification\",\"valueRequired\":true,\"valueName\":\"search_term_string\"}}],\"inLanguage\":\"es\"}]}<\/script>\n<!-- \/ Yoast SEO Premium plugin. -->","yoast_head_json":{"title":"Octavio Rosas Landa &#8211; Comisi\u00f3n para la Cooperaci\u00f3n Ambiental","robots":{"index":"noindex","follow":"follow"},"og_locale":"es_ES","og_type":"article","og_title":"Octavio Rosas Landa","og_description":"Octavio Rosas Landa es economista con maestr\u00eda en geograf\u00eda y profesor de la Facultad de Econom\u00eda de la Universidad Nacional Aut\u00f3noma de M\u00e9xico (UNAM). Es impulsor de la nueva Ley General de Aguas en M\u00e9xico y miembro fundador de la Asamblea Nacional de Afectados Ambientales (ANAA).","og_url":"https:\/\/www.cec.org\/es\/speaker\/octavio-rosas-landa\/","og_site_name":"Comisi\u00f3n para la Cooperaci\u00f3n Ambiental","article_publisher":"https:\/\/www.facebook.com\/CECconnect","article_modified_time":"2024-07-11T18:45:27+00:00","og_image":[{"width":300,"height":300,"url":"https:\/\/www.cec.org\/wp-content\/uploads\/Octavio-Rosas-Landa-photo.webp","type":"image\/webp"}],"twitter_card":"summary_large_image","twitter_site":"@CECweb","schema":{"@context":"https:\/\/schema.org","@graph":[{"@type":"WebPage","@id":"https:\/\/www.cec.org\/es\/speaker\/octavio-rosas-landa\/","url":"https:\/\/www.cec.org\/es\/speaker\/octavio-rosas-landa\/","name":"Octavio Rosas Landa &#8211; Comisi\u00f3n para la Cooperaci\u00f3n Ambiental","isPartOf":{"@id":"https:\/\/www.cec.org\/es\/#website"},"primaryImageOfPage":{"@id":"https:\/\/www.cec.org\/es\/speaker\/octavio-rosas-landa\/#primaryimage"},"image":{"@id":"https:\/\/www.cec.org\/es\/speaker\/octavio-rosas-landa\/#primaryimage"},"thumbnailUrl":"https:\/\/www.cec.org\/wp-content\/uploads\/Octavio-Rosas-Landa-photo.webp","datePublished":"2024-06-13T00:56:12+00:00","dateModified":"2024-07-11T18:45:27+00:00","breadcrumb":{"@id":"https:\/\/www.cec.org\/es\/speaker\/octavio-rosas-landa\/#breadcrumb"},"inLanguage":"es","potentialAction":[{"@type":"ReadAction","target":["https:\/\/www.cec.org\/es\/speaker\/octavio-rosas-landa\/"]}]},{"@type":"ImageObject","inLanguage":"es","@id":"https:\/\/www.cec.org\/es\/speaker\/octavio-rosas-landa\/#primaryimage","url":"https:\/\/www.cec.org\/wp-content\/uploads\/Octavio-Rosas-Landa-photo.webp","contentUrl":"https:\/\/www.cec.org\/wp-content\/uploads\/Octavio-Rosas-Landa-photo.webp","width":300,"height":300},{"@type":"BreadcrumbList","@id":"https:\/\/www.cec.org\/es\/speaker\/octavio-rosas-landa\/#breadcrumb","itemListElement":[{"@type":"ListItem","position":1,"name":"Inicio","item":"https:\/\/www.cec.org\/es\/"},{"@type":"ListItem","position":2,"name":"Octavio Rosas Landa"}]},{"@type":"WebSite","@id":"https:\/\/www.cec.org\/es\/#website","url":"https:\/\/www.cec.org\/es\/","name":"Commission for Environmental Cooperation","description":"Three countries working together to protect our shared environment","alternateName":"CEC - CCA -CCE","potentialAction":[{"@type":"SearchAction","target":{"@type":"EntryPoint","urlTemplate":"https:\/\/www.cec.org\/es\/?s={search_term_string}"},"query-input":{"@type":"PropertyValueSpecification","valueRequired":true,"valueName":"search_term_string"}}],"inLanguage":"es"}]}},"_links":{"self":[{"href":"https:\/\/www.cec.org\/es\/wp-json\/wp\/v2\/speaker\/55666","targetHints":{"allow":["GET"]}}],"collection":[{"href":"https:\/\/www.cec.org\/es\/wp-json\/wp\/v2\/speaker"}],"about":[{"href":"https:\/\/www.cec.org\/es\/wp-json\/wp\/v2\/types\/speaker"}],"wp:featuredmedia":[{"embeddable":true,"href":"https:\/\/www.cec.org\/es\/wp-json\/wp\/v2\/media\/55614"}],"wp:attachment":[{"href":"https:\/\/www.cec.org\/es\/wp-json\/wp\/v2\/media?parent=55666"}],"curies":[{"name":"wp","href":"https:\/\/api.w.org\/{rel}","templated":true}]}}

<p><strong>Octavio Rosas Landa </strong>es economista con maestría en geografía y profesor de la Facultad de Economía de la Universidad Nacional Autónoma de México (UNAM). Es impulsor de la nueva Ley General de Aguas en México y miembro fundador de la Asamblea Nacional de Afectados Ambientales (ANAA).</p>

<p>Octavio Rosas Landa es economista con maestría en geografía y profesor de la Facultad de Economía de la Universidad Nacional Autónoma de México (UNAM). Es impulsor de la nueva Ley General de Aguas en México y miembro fundador de la Asamblea Nacional de Afectados Ambientales (ANAA).</p>

<!-- This site is optimized with the Yoast SEO Premium plugin v27.4 (Yoast SEO v27.4) - https://yoast.com/product/yoast-seo-premium-wordpress/ -->
<title>Octavio Rosas Landa &#8211; Comisión para la Cooperación Ambiental</title>
<meta name="robots" content="noindex, follow" />
<meta property="og:locale" content="es_ES" />
<meta property="og:type" content="article" />
<meta property="og:title" content="Octavio Rosas Landa" />
<meta property="og:description" content="Octavio Rosas Landa es economista con maestría en geografía y profesor de la Facultad de Economía de la Universidad Nacional Autónoma de México (UNAM). Es impulsor de la nueva Ley General de Aguas en México y miembro fundador de la Asamblea Nacional de Afectados Ambientales (ANAA)." />
<meta property="og:url" content="https://www.cec.org/es/speaker/octavio-rosas-landa/" />
<meta property="og:site_name" content="Comisión para la Cooperación Ambiental" />
<meta property="article:publisher" content="https://www.facebook.com/CECconnect" />
<meta property="article:modified_time" content="2024-07-11T18:45:27+00:00" />
<meta property="og:image" content="https://www.cec.org/wp-content/uploads/Octavio-Rosas-Landa-photo.webp" />
	<meta property="og:image:width" content="300" />
	<meta property="og:image:height" content="300" />
	<meta property="og:image:type" content="image/webp" />
<meta name="twitter:card" content="summary_large_image" />
<meta name="twitter:site" content="@CECweb" />
<script type="application/ld+json" class="yoast-schema-graph">{"@context":"https:\/\/schema.org","@graph":[{"@type":"WebPage","@id":"https:\/\/www.cec.org\/es\/speaker\/octavio-rosas-landa\/","url":"https:\/\/www.cec.org\/es\/speaker\/octavio-rosas-landa\/","name":"Octavio Rosas Landa &#8211; Comisión para la Cooperación Ambiental","isPartOf":{"@id":"https:\/\/www.cec.org\/es\/#website"},"primaryImageOfPage":{"@id":"https:\/\/www.cec.org\/es\/speaker\/octavio-rosas-landa\/#primaryimage"},"image":{"@id":"https:\/\/www.cec.org\/es\/speaker\/octavio-rosas-landa\/#primaryimage"},"thumbnailUrl":"https:\/\/www.cec.org\/wp-content\/uploads\/Octavio-Rosas-Landa-photo.webp","datePublished":"2024-06-13T00:56:12+00:00","dateModified":"2024-07-11T18:45:27+00:00","breadcrumb":{"@id":"https:\/\/www.cec.org\/es\/speaker\/octavio-rosas-landa\/#breadcrumb"},"inLanguage":"es","potentialAction":[{"@type":"ReadAction","target":["https:\/\/www.cec.org\/es\/speaker\/octavio-rosas-landa\/"]}]},{"@type":"ImageObject","inLanguage":"es","@id":"https:\/\/www.cec.org\/es\/speaker\/octavio-rosas-landa\/#primaryimage","url":"https:\/\/www.cec.org\/wp-content\/uploads\/Octavio-Rosas-Landa-photo.webp","contentUrl":"https:\/\/www.cec.org\/wp-content\/uploads\/Octavio-Rosas-Landa-photo.webp","width":300,"height":300},{"@type":"BreadcrumbList","@id":"https:\/\/www.cec.org\/es\/speaker\/octavio-rosas-landa\/#breadcrumb","itemListElement":[{"@type":"ListItem","position":1,"name":"Inicio","item":"https:\/\/www.cec.org\/es\/"},{"@type":"ListItem","position":2,"name":"Octavio Rosas Landa"}]},{"@type":"WebSite","@id":"https:\/\/www.cec.org\/es\/#website","url":"https:\/\/www.cec.org\/es\/","name":"Commission for Environmental Cooperation","description":"Three countries working together to protect our shared environment","alternateName":"CEC - CCA -CCE","potentialAction":[{"@type":"SearchAction","target":{"@type":"EntryPoint","urlTemplate":"https:\/\/www.cec.org\/es\/?s={search_term_string}"},"query-input":{"@type":"PropertyValueSpecification","valueRequired":true,"valueName":"search_term_string"}}],"inLanguage":"es"}]}</script>
<!-- / Yoast SEO Premium plugin. -->

Octavio Rosas Landa &#8211; Comisión para la Cooperación Ambiental

Octavio Rosas Landa es economista con maestría en geografía y profesor de la Facultad de Economía de la Universidad Nacional Autónoma de México (UNAM). Es impulsor de la nueva Ley General de Aguas en México y miembro fundador de la Asamblea Nacional de Afectados Ambientales (ANAA).

Comisión para la Cooperación Ambiental
