{"id":55505,"date":"2024-06-10T17:13:24","date_gmt":"2024-06-10T21:13:24","guid":{"rendered":"http:\/\/www.cec.org\/speaker\/alienor-rougeot\/"},"modified":"2024-07-11T14:45:39","modified_gmt":"2024-07-11T18:45:39","slug":"alienor-rougeot","status":"publish","type":"speaker","link":"https:\/\/www.cec.org\/es\/speaker\/alienor-rougeot\/","title":{"rendered":"Ali\u00e9nor Rougeot"},"content":{"rendered":"<p>Activista francocanadiense por la justicia clim\u00e1tica y residente de Toronto, Ali\u00e9nor (Allie) Rougeot se desempe\u00f1a como directora del programa sobre cambio clim\u00e1tico y energ\u00eda de la organizaci\u00f3n <em>Environmental Defence Canada<\/em>, donde aboga por una transici\u00f3n energ\u00e9tica justa para comunidades y personas trabajadoras. Durante su \u00e9poca como estudiante de econom\u00eda en la Universidad de Toronto, cofund\u00f3 y dirigi\u00f3 la agrupaci\u00f3n <em>Fridays for Future Toronto<\/em>, organizaci\u00f3n de base dirigida por j\u00f3venes.<\/p>\n","protected":false},"excerpt":{"rendered":"<p>Activista francocanadiense por la justicia clim\u00e1tica y residente de Toronto, Ali\u00e9nor (Allie) Rougeot se desempe\u00f1a como directora del programa sobre cambio clim\u00e1tico y energ\u00eda de la organizaci\u00f3n Environmental Defence Canada, donde aboga por una transici\u00f3n energ\u00e9tica justa para comunidades y personas trabajadoras. Durante su \u00e9poca como estudiante de econom\u00eda en la Universidad de Toronto, cofund\u00f3 [&hellip;]<\/p>\n","protected":false},"featured_media":55537,"template":"","class_list":["post-55505","speaker","type-speaker","status-publish","has-post-thumbnail","hentry","country-canada-es"],"acf":[],"yoast_head":"<!-- This site is optimized with the Yoast SEO Premium plugin v27.4 (Yoast SEO v27.4) - https:\/\/yoast.com\/product\/yoast-seo-premium-wordpress\/ -->\n<title>Ali\u00e9nor Rougeot &#8211; Comisi\u00f3n para la Cooperaci\u00f3n Ambiental<\/title>\n<meta name=\"robots\" content=\"noindex, follow\" \/>\n<meta property=\"og:locale\" content=\"es_ES\" \/>\n<meta property=\"og:type\" content=\"article\" \/>\n<meta property=\"og:title\" content=\"Ali\u00e9nor Rougeot\" \/>\n<meta property=\"og:description\" content=\"Activista francocanadiense por la justicia clim\u00e1tica y residente de Toronto, Ali\u00e9nor (Allie) Rougeot se desempe\u00f1a como directora del programa sobre cambio clim\u00e1tico y energ\u00eda de la organizaci\u00f3n Environmental Defence Canada, donde aboga por una transici\u00f3n energ\u00e9tica justa para comunidades y personas trabajadoras. Durante su \u00e9poca como estudiante de econom\u00eda en la Universidad de Toronto, cofund\u00f3 [&hellip;]\" \/>\n<meta property=\"og:url\" content=\"https:\/\/www.cec.org\/es\/speaker\/alienor-rougeot\/\" \/>\n<meta property=\"og:site_name\" content=\"Comisi\u00f3n para la Cooperaci\u00f3n Ambiental\" \/>\n<meta property=\"article:publisher\" content=\"https:\/\/www.facebook.com\/CECconnect\" \/>\n<meta property=\"article:modified_time\" content=\"2024-07-11T18:45:39+00:00\" \/>\n<meta property=\"og:image\" content=\"https:\/\/www.cec.org\/wp-content\/uploads\/JPAC_Forum_Wilmington_Speaker_Session_2_Photo_Alienor-Rougeot.webp\" \/>\n\t<meta property=\"og:image:width\" content=\"300\" \/>\n\t<meta property=\"og:image:height\" content=\"300\" \/>\n\t<meta property=\"og:image:type\" content=\"image\/webp\" \/>\n<meta name=\"twitter:card\" content=\"summary_large_image\" \/>\n<meta name=\"twitter:site\" content=\"@CECweb\" \/>\n<script type=\"application\/ld+json\" class=\"yoast-schema-graph\">{\"@context\":\"https:\\\/\\\/schema.org\",\"@graph\":[{\"@type\":\"WebPage\",\"@id\":\"https:\\\/\\\/www.cec.org\\\/es\\\/speaker\\\/alienor-rougeot\\\/\",\"url\":\"https:\\\/\\\/www.cec.org\\\/es\\\/speaker\\\/alienor-rougeot\\\/\",\"name\":\"Ali\u00e9nor Rougeot &#8211; Comisi\u00f3n para la Cooperaci\u00f3n Ambiental\",\"isPartOf\":{\"@id\":\"https:\\\/\\\/www.cec.org\\\/es\\\/#website\"},\"primaryImageOfPage\":{\"@id\":\"https:\\\/\\\/www.cec.org\\\/es\\\/speaker\\\/alienor-rougeot\\\/#primaryimage\"},\"image\":{\"@id\":\"https:\\\/\\\/www.cec.org\\\/es\\\/speaker\\\/alienor-rougeot\\\/#primaryimage\"},\"thumbnailUrl\":\"https:\\\/\\\/www.cec.org\\\/wp-content\\\/uploads\\\/JPAC_Forum_Wilmington_Speaker_Session_2_Photo_Alienor-Rougeot.webp\",\"datePublished\":\"2024-06-10T21:13:24+00:00\",\"dateModified\":\"2024-07-11T18:45:39+00:00\",\"breadcrumb\":{\"@id\":\"https:\\\/\\\/www.cec.org\\\/es\\\/speaker\\\/alienor-rougeot\\\/#breadcrumb\"},\"inLanguage\":\"es\",\"potentialAction\":[{\"@type\":\"ReadAction\",\"target\":[\"https:\\\/\\\/www.cec.org\\\/es\\\/speaker\\\/alienor-rougeot\\\/\"]}]},{\"@type\":\"ImageObject\",\"inLanguage\":\"es\",\"@id\":\"https:\\\/\\\/www.cec.org\\\/es\\\/speaker\\\/alienor-rougeot\\\/#primaryimage\",\"url\":\"https:\\\/\\\/www.cec.org\\\/wp-content\\\/uploads\\\/JPAC_Forum_Wilmington_Speaker_Session_2_Photo_Alienor-Rougeot.webp\",\"contentUrl\":\"https:\\\/\\\/www.cec.org\\\/wp-content\\\/uploads\\\/JPAC_Forum_Wilmington_Speaker_Session_2_Photo_Alienor-Rougeot.webp\",\"width\":300,\"height\":300},{\"@type\":\"BreadcrumbList\",\"@id\":\"https:\\\/\\\/www.cec.org\\\/es\\\/speaker\\\/alienor-rougeot\\\/#breadcrumb\",\"itemListElement\":[{\"@type\":\"ListItem\",\"position\":1,\"name\":\"Inicio\",\"item\":\"https:\\\/\\\/www.cec.org\\\/es\\\/\"},{\"@type\":\"ListItem\",\"position\":2,\"name\":\"Ali\u00e9nor Rougeot\"}]},{\"@type\":\"WebSite\",\"@id\":\"https:\\\/\\\/www.cec.org\\\/es\\\/#website\",\"url\":\"https:\\\/\\\/www.cec.org\\\/es\\\/\",\"name\":\"Commission for Environmental Cooperation\",\"description\":\"Three countries working together to protect our shared environment\",\"alternateName\":\"CEC - CCA -CCE\",\"potentialAction\":[{\"@type\":\"SearchAction\",\"target\":{\"@type\":\"EntryPoint\",\"urlTemplate\":\"https:\\\/\\\/www.cec.org\\\/es\\\/?s={search_term_string}\"},\"query-input\":{\"@type\":\"PropertyValueSpecification\",\"valueRequired\":true,\"valueName\":\"search_term_string\"}}],\"inLanguage\":\"es\"}]}<\/script>\n<!-- \/ Yoast SEO Premium plugin. -->","yoast_head_json":{"title":"Ali\u00e9nor Rougeot &#8211; Comisi\u00f3n para la Cooperaci\u00f3n Ambiental","robots":{"index":"noindex","follow":"follow"},"og_locale":"es_ES","og_type":"article","og_title":"Ali\u00e9nor Rougeot","og_description":"Activista francocanadiense por la justicia clim\u00e1tica y residente de Toronto, Ali\u00e9nor (Allie) Rougeot se desempe\u00f1a como directora del programa sobre cambio clim\u00e1tico y energ\u00eda de la organizaci\u00f3n Environmental Defence Canada, donde aboga por una transici\u00f3n energ\u00e9tica justa para comunidades y personas trabajadoras. Durante su \u00e9poca como estudiante de econom\u00eda en la Universidad de Toronto, cofund\u00f3 [&hellip;]","og_url":"https:\/\/www.cec.org\/es\/speaker\/alienor-rougeot\/","og_site_name":"Comisi\u00f3n para la Cooperaci\u00f3n Ambiental","article_publisher":"https:\/\/www.facebook.com\/CECconnect","article_modified_time":"2024-07-11T18:45:39+00:00","og_image":[{"width":300,"height":300,"url":"https:\/\/www.cec.org\/wp-content\/uploads\/JPAC_Forum_Wilmington_Speaker_Session_2_Photo_Alienor-Rougeot.webp","type":"image\/webp"}],"twitter_card":"summary_large_image","twitter_site":"@CECweb","schema":{"@context":"https:\/\/schema.org","@graph":[{"@type":"WebPage","@id":"https:\/\/www.cec.org\/es\/speaker\/alienor-rougeot\/","url":"https:\/\/www.cec.org\/es\/speaker\/alienor-rougeot\/","name":"Ali\u00e9nor Rougeot &#8211; Comisi\u00f3n para la Cooperaci\u00f3n Ambiental","isPartOf":{"@id":"https:\/\/www.cec.org\/es\/#website"},"primaryImageOfPage":{"@id":"https:\/\/www.cec.org\/es\/speaker\/alienor-rougeot\/#primaryimage"},"image":{"@id":"https:\/\/www.cec.org\/es\/speaker\/alienor-rougeot\/#primaryimage"},"thumbnailUrl":"https:\/\/www.cec.org\/wp-content\/uploads\/JPAC_Forum_Wilmington_Speaker_Session_2_Photo_Alienor-Rougeot.webp","datePublished":"2024-06-10T21:13:24+00:00","dateModified":"2024-07-11T18:45:39+00:00","breadcrumb":{"@id":"https:\/\/www.cec.org\/es\/speaker\/alienor-rougeot\/#breadcrumb"},"inLanguage":"es","potentialAction":[{"@type":"ReadAction","target":["https:\/\/www.cec.org\/es\/speaker\/alienor-rougeot\/"]}]},{"@type":"ImageObject","inLanguage":"es","@id":"https:\/\/www.cec.org\/es\/speaker\/alienor-rougeot\/#primaryimage","url":"https:\/\/www.cec.org\/wp-content\/uploads\/JPAC_Forum_Wilmington_Speaker_Session_2_Photo_Alienor-Rougeot.webp","contentUrl":"https:\/\/www.cec.org\/wp-content\/uploads\/JPAC_Forum_Wilmington_Speaker_Session_2_Photo_Alienor-Rougeot.webp","width":300,"height":300},{"@type":"BreadcrumbList","@id":"https:\/\/www.cec.org\/es\/speaker\/alienor-rougeot\/#breadcrumb","itemListElement":[{"@type":"ListItem","position":1,"name":"Inicio","item":"https:\/\/www.cec.org\/es\/"},{"@type":"ListItem","position":2,"name":"Ali\u00e9nor Rougeot"}]},{"@type":"WebSite","@id":"https:\/\/www.cec.org\/es\/#website","url":"https:\/\/www.cec.org\/es\/","name":"Commission for Environmental Cooperation","description":"Three countries working together to protect our shared environment","alternateName":"CEC - CCA -CCE","potentialAction":[{"@type":"SearchAction","target":{"@type":"EntryPoint","urlTemplate":"https:\/\/www.cec.org\/es\/?s={search_term_string}"},"query-input":{"@type":"PropertyValueSpecification","valueRequired":true,"valueName":"search_term_string"}}],"inLanguage":"es"}]}},"_links":{"self":[{"href":"https:\/\/www.cec.org\/es\/wp-json\/wp\/v2\/speaker\/55505","targetHints":{"allow":["GET"]}}],"collection":[{"href":"https:\/\/www.cec.org\/es\/wp-json\/wp\/v2\/speaker"}],"about":[{"href":"https:\/\/www.cec.org\/es\/wp-json\/wp\/v2\/types\/speaker"}],"wp:featuredmedia":[{"embeddable":true,"href":"https:\/\/www.cec.org\/es\/wp-json\/wp\/v2\/media\/55537"}],"wp:attachment":[{"href":"https:\/\/www.cec.org\/es\/wp-json\/wp\/v2\/media?parent=55505"}],"curies":[{"name":"wp","href":"https:\/\/api.w.org\/{rel}","templated":true}]}}

Aliénor Rougeot

<p>Activista francocanadiense por la justicia climática y residente de Toronto, Aliénor (Allie) Rougeot se desempeña como directora del programa sobre cambio climático y energía de la organización <em>Environmental Defence Canada</em>, donde aboga por una transición energética justa para comunidades y personas trabajadoras. Durante su época como estudiante de economía en la Universidad de Toronto, cofundó y dirigió la agrupación <em>Fridays for Future Toronto</em>, organización de base dirigida por jóvenes.</p>

<p>Activista francocanadiense por la justicia climática y residente de Toronto, Aliénor (Allie) Rougeot se desempeña como directora del programa sobre cambio climático y energía de la organización Environmental Defence Canada, donde aboga por una transición energética justa para comunidades y personas trabajadoras. Durante su época como estudiante de economía en la Universidad de Toronto, cofundó [&hellip;]</p>

<!-- This site is optimized with the Yoast SEO Premium plugin v27.4 (Yoast SEO v27.4) - https://yoast.com/product/yoast-seo-premium-wordpress/ -->
<title>Aliénor Rougeot &#8211; Comisión para la Cooperación Ambiental</title>
<meta name="robots" content="noindex, follow" />
<meta property="og:locale" content="es_ES" />
<meta property="og:type" content="article" />
<meta property="og:title" content="Aliénor Rougeot" />
<meta property="og:description" content="Activista francocanadiense por la justicia climática y residente de Toronto, Aliénor (Allie) Rougeot se desempeña como directora del programa sobre cambio climático y energía de la organización Environmental Defence Canada, donde aboga por una transición energética justa para comunidades y personas trabajadoras. Durante su época como estudiante de economía en la Universidad de Toronto, cofundó [&hellip;]" />
<meta property="og:url" content="https://www.cec.org/es/speaker/alienor-rougeot/" />
<meta property="og:site_name" content="Comisión para la Cooperación Ambiental" />
<meta property="article:publisher" content="https://www.facebook.com/CECconnect" />
<meta property="article:modified_time" content="2024-07-11T18:45:39+00:00" />
<meta property="og:image" content="https://www.cec.org/wp-content/uploads/JPAC_Forum_Wilmington_Speaker_Session_2_Photo_Alienor-Rougeot.webp" />
	<meta property="og:image:width" content="300" />
	<meta property="og:image:height" content="300" />
	<meta property="og:image:type" content="image/webp" />
<meta name="twitter:card" content="summary_large_image" />
<meta name="twitter:site" content="@CECweb" />
<script type="application/ld+json" class="yoast-schema-graph">{"@context":"https:\/\/schema.org","@graph":[{"@type":"WebPage","@id":"https:\/\/www.cec.org\/es\/speaker\/alienor-rougeot\/","url":"https:\/\/www.cec.org\/es\/speaker\/alienor-rougeot\/","name":"Aliénor Rougeot &#8211; Comisión para la Cooperación Ambiental","isPartOf":{"@id":"https:\/\/www.cec.org\/es\/#website"},"primaryImageOfPage":{"@id":"https:\/\/www.cec.org\/es\/speaker\/alienor-rougeot\/#primaryimage"},"image":{"@id":"https:\/\/www.cec.org\/es\/speaker\/alienor-rougeot\/#primaryimage"},"thumbnailUrl":"https:\/\/www.cec.org\/wp-content\/uploads\/JPAC_Forum_Wilmington_Speaker_Session_2_Photo_Alienor-Rougeot.webp","datePublished":"2024-06-10T21:13:24+00:00","dateModified":"2024-07-11T18:45:39+00:00","breadcrumb":{"@id":"https:\/\/www.cec.org\/es\/speaker\/alienor-rougeot\/#breadcrumb"},"inLanguage":"es","potentialAction":[{"@type":"ReadAction","target":["https:\/\/www.cec.org\/es\/speaker\/alienor-rougeot\/"]}]},{"@type":"ImageObject","inLanguage":"es","@id":"https:\/\/www.cec.org\/es\/speaker\/alienor-rougeot\/#primaryimage","url":"https:\/\/www.cec.org\/wp-content\/uploads\/JPAC_Forum_Wilmington_Speaker_Session_2_Photo_Alienor-Rougeot.webp","contentUrl":"https:\/\/www.cec.org\/wp-content\/uploads\/JPAC_Forum_Wilmington_Speaker_Session_2_Photo_Alienor-Rougeot.webp","width":300,"height":300},{"@type":"BreadcrumbList","@id":"https:\/\/www.cec.org\/es\/speaker\/alienor-rougeot\/#breadcrumb","itemListElement":[{"@type":"ListItem","position":1,"name":"Inicio","item":"https:\/\/www.cec.org\/es\/"},{"@type":"ListItem","position":2,"name":"Aliénor Rougeot"}]},{"@type":"WebSite","@id":"https:\/\/www.cec.org\/es\/#website","url":"https:\/\/www.cec.org\/es\/","name":"Commission for Environmental Cooperation","description":"Three countries working together to protect our shared environment","alternateName":"CEC - CCA -CCE","potentialAction":[{"@type":"SearchAction","target":{"@type":"EntryPoint","urlTemplate":"https:\/\/www.cec.org\/es\/?s={search_term_string}"},"query-input":{"@type":"PropertyValueSpecification","valueRequired":true,"valueName":"search_term_string"}}],"inLanguage":"es"}]}</script>
<!-- / Yoast SEO Premium plugin. -->

Aliénor Rougeot &#8211; Comisión para la Cooperación Ambiental

Activista francocanadiense por la justicia climática y residente de Toronto, Aliénor (Allie) Rougeot se desempeña como directora del programa sobre cambio climático y energía de la organización Environmental Defence Canada, donde aboga por una transición energética justa para comunidades y personas trabajadoras. Durante su época como estudiante de economía en la Universidad de Toronto, cofundó [&hellip;]

Comisión para la Cooperación Ambiental
