{"id":55504,"date":"2024-06-10T17:12:32","date_gmt":"2024-06-10T21:12:32","guid":{"rendered":"http:\/\/www.cec.org\/speaker\/diandra-marizet-esparza\/"},"modified":"2024-07-11T14:45:40","modified_gmt":"2024-07-11T18:45:40","slug":"diandra-marizet-esparza","status":"publish","type":"speaker","link":"https:\/\/www.cec.org\/es\/speaker\/diandra-marizet-esparza\/","title":{"rendered":"Diandra Marizet Esparza"},"content":{"rendered":"<p>Estratega de desarrollo organizativo, escritora publicada, poeta y cofundadora de la organizaci\u00f3n <em>Intersectional Environmentalist<\/em>, donde se desempe\u00f1a como directora ejecutiva, Diandra Marizet Esparza busca ayudar a ambientalistas de todo el mundo a reconocer la cultura como expresi\u00f3n de nuestra relaci\u00f3n con la tierra. En ese sentido, y como parte de su labor, aboga por la accesibilidad de historias y relatos diversos para las generaciones futuras. Marizet Esparza contribuy\u00f3 a la escritura de <a href=\"https:\/\/can01.safelinks.protection.outlook.com\/?url=https%3A%2F%2Fwww.indiebound.org%2Fbook%2F9780316279291&amp;data=05%7C02%7Cmbeltran%40cec.org%7Ce67224e4a029497a3e0308dc78b00f47%7C618b72ad8ac44d6b810ed4b3b5182b9a%7C0%7C0%7C638517945537768549%7CUnknown%7CTWFpbGZsb3d8eyJWIjoiMC4wLjAwMDAiLCJQIjoiV2luMzIiLCJBTiI6Ik1haWwiLCJXVCI6Mn0%3D%7C40000%7C%7C%7C&amp;sdata=xU6BHLAwusxR6gCZoJOF%2BhNog1zp%2FCIJdN9GtVFU9rs%3D&amp;reserved=0\"><em>The Intersectional Environmentalist: How to Dismantle Systems of Oppression to Protect People + Planet<\/em><\/a> [El ambientalista interseccional: c\u00f3mo desmantelar los sistemas de opresi\u00f3n para proteger a las personas y el planeta], libro que goza de reconocimiento a aprobaci\u00f3n en la esfera acad\u00e9mica.<\/p>\n","protected":false},"excerpt":{"rendered":"<p>Estratega de desarrollo organizativo, escritora publicada, poeta y cofundadora de la organizaci\u00f3n Intersectional Environmentalist, donde se desempe\u00f1a como directora ejecutiva, Diandra Marizet Esparza busca ayudar a ambientalistas de todo el mundo a reconocer la cultura como expresi\u00f3n de nuestra relaci\u00f3n con la tierra. En ese sentido, y como parte de su labor, aboga por la [&hellip;]<\/p>\n","protected":false},"featured_media":55534,"template":"","class_list":["post-55504","speaker","type-speaker","status-publish","has-post-thumbnail","hentry","country-estados-unidos"],"acf":[],"yoast_head":"<!-- This site is optimized with the Yoast SEO Premium plugin v27.4 (Yoast SEO v27.4) - https:\/\/yoast.com\/product\/yoast-seo-premium-wordpress\/ -->\n<title>Diandra Marizet Esparza &#8211; Comisi\u00f3n para la Cooperaci\u00f3n Ambiental<\/title>\n<meta name=\"robots\" content=\"noindex, follow\" \/>\n<meta property=\"og:locale\" content=\"es_ES\" \/>\n<meta property=\"og:type\" content=\"article\" \/>\n<meta property=\"og:title\" content=\"Diandra Marizet Esparza\" \/>\n<meta property=\"og:description\" content=\"Estratega de desarrollo organizativo, escritora publicada, poeta y cofundadora de la organizaci\u00f3n Intersectional Environmentalist, donde se desempe\u00f1a como directora ejecutiva, Diandra Marizet Esparza busca ayudar a ambientalistas de todo el mundo a reconocer la cultura como expresi\u00f3n de nuestra relaci\u00f3n con la tierra. En ese sentido, y como parte de su labor, aboga por la [&hellip;]\" \/>\n<meta property=\"og:url\" content=\"https:\/\/www.cec.org\/es\/speaker\/diandra-marizet-esparza\/\" \/>\n<meta property=\"og:site_name\" content=\"Comisi\u00f3n para la Cooperaci\u00f3n Ambiental\" \/>\n<meta property=\"article:publisher\" content=\"https:\/\/www.facebook.com\/CECconnect\" \/>\n<meta property=\"article:modified_time\" content=\"2024-07-11T18:45:40+00:00\" \/>\n<meta property=\"og:image\" content=\"https:\/\/www.cec.org\/wp-content\/uploads\/JPAC_Forum_Wilmington_Keynote-Speaker_Session_1__Photo_Diandra-Esparza-by-Sanetra-Longno.webp\" \/>\n\t<meta property=\"og:image:width\" content=\"300\" \/>\n\t<meta property=\"og:image:height\" content=\"300\" \/>\n\t<meta property=\"og:image:type\" content=\"image\/webp\" \/>\n<meta name=\"twitter:card\" content=\"summary_large_image\" \/>\n<meta name=\"twitter:site\" content=\"@CECweb\" \/>\n<script type=\"application\/ld+json\" class=\"yoast-schema-graph\">{\"@context\":\"https:\\\/\\\/schema.org\",\"@graph\":[{\"@type\":\"WebPage\",\"@id\":\"https:\\\/\\\/www.cec.org\\\/es\\\/speaker\\\/diandra-marizet-esparza\\\/\",\"url\":\"https:\\\/\\\/www.cec.org\\\/es\\\/speaker\\\/diandra-marizet-esparza\\\/\",\"name\":\"Diandra Marizet Esparza &#8211; Comisi\u00f3n para la Cooperaci\u00f3n Ambiental\",\"isPartOf\":{\"@id\":\"https:\\\/\\\/www.cec.org\\\/es\\\/#website\"},\"primaryImageOfPage\":{\"@id\":\"https:\\\/\\\/www.cec.org\\\/es\\\/speaker\\\/diandra-marizet-esparza\\\/#primaryimage\"},\"image\":{\"@id\":\"https:\\\/\\\/www.cec.org\\\/es\\\/speaker\\\/diandra-marizet-esparza\\\/#primaryimage\"},\"thumbnailUrl\":\"https:\\\/\\\/www.cec.org\\\/wp-content\\\/uploads\\\/JPAC_Forum_Wilmington_Keynote-Speaker_Session_1__Photo_Diandra-Esparza-by-Sanetra-Longno.webp\",\"datePublished\":\"2024-06-10T21:12:32+00:00\",\"dateModified\":\"2024-07-11T18:45:40+00:00\",\"breadcrumb\":{\"@id\":\"https:\\\/\\\/www.cec.org\\\/es\\\/speaker\\\/diandra-marizet-esparza\\\/#breadcrumb\"},\"inLanguage\":\"es\",\"potentialAction\":[{\"@type\":\"ReadAction\",\"target\":[\"https:\\\/\\\/www.cec.org\\\/es\\\/speaker\\\/diandra-marizet-esparza\\\/\"]}]},{\"@type\":\"ImageObject\",\"inLanguage\":\"es\",\"@id\":\"https:\\\/\\\/www.cec.org\\\/es\\\/speaker\\\/diandra-marizet-esparza\\\/#primaryimage\",\"url\":\"https:\\\/\\\/www.cec.org\\\/wp-content\\\/uploads\\\/JPAC_Forum_Wilmington_Keynote-Speaker_Session_1__Photo_Diandra-Esparza-by-Sanetra-Longno.webp\",\"contentUrl\":\"https:\\\/\\\/www.cec.org\\\/wp-content\\\/uploads\\\/JPAC_Forum_Wilmington_Keynote-Speaker_Session_1__Photo_Diandra-Esparza-by-Sanetra-Longno.webp\",\"width\":300,\"height\":300},{\"@type\":\"BreadcrumbList\",\"@id\":\"https:\\\/\\\/www.cec.org\\\/es\\\/speaker\\\/diandra-marizet-esparza\\\/#breadcrumb\",\"itemListElement\":[{\"@type\":\"ListItem\",\"position\":1,\"name\":\"Inicio\",\"item\":\"https:\\\/\\\/www.cec.org\\\/es\\\/\"},{\"@type\":\"ListItem\",\"position\":2,\"name\":\"Diandra Marizet Esparza\"}]},{\"@type\":\"WebSite\",\"@id\":\"https:\\\/\\\/www.cec.org\\\/es\\\/#website\",\"url\":\"https:\\\/\\\/www.cec.org\\\/es\\\/\",\"name\":\"Commission for Environmental Cooperation\",\"description\":\"Three countries working together to protect our shared environment\",\"alternateName\":\"CEC - CCA -CCE\",\"potentialAction\":[{\"@type\":\"SearchAction\",\"target\":{\"@type\":\"EntryPoint\",\"urlTemplate\":\"https:\\\/\\\/www.cec.org\\\/es\\\/?s={search_term_string}\"},\"query-input\":{\"@type\":\"PropertyValueSpecification\",\"valueRequired\":true,\"valueName\":\"search_term_string\"}}],\"inLanguage\":\"es\"}]}<\/script>\n<!-- \/ Yoast SEO Premium plugin. -->","yoast_head_json":{"title":"Diandra Marizet Esparza &#8211; Comisi\u00f3n para la Cooperaci\u00f3n Ambiental","robots":{"index":"noindex","follow":"follow"},"og_locale":"es_ES","og_type":"article","og_title":"Diandra Marizet Esparza","og_description":"Estratega de desarrollo organizativo, escritora publicada, poeta y cofundadora de la organizaci\u00f3n Intersectional Environmentalist, donde se desempe\u00f1a como directora ejecutiva, Diandra Marizet Esparza busca ayudar a ambientalistas de todo el mundo a reconocer la cultura como expresi\u00f3n de nuestra relaci\u00f3n con la tierra. En ese sentido, y como parte de su labor, aboga por la [&hellip;]","og_url":"https:\/\/www.cec.org\/es\/speaker\/diandra-marizet-esparza\/","og_site_name":"Comisi\u00f3n para la Cooperaci\u00f3n Ambiental","article_publisher":"https:\/\/www.facebook.com\/CECconnect","article_modified_time":"2024-07-11T18:45:40+00:00","og_image":[{"width":300,"height":300,"url":"https:\/\/www.cec.org\/wp-content\/uploads\/JPAC_Forum_Wilmington_Keynote-Speaker_Session_1__Photo_Diandra-Esparza-by-Sanetra-Longno.webp","type":"image\/webp"}],"twitter_card":"summary_large_image","twitter_site":"@CECweb","schema":{"@context":"https:\/\/schema.org","@graph":[{"@type":"WebPage","@id":"https:\/\/www.cec.org\/es\/speaker\/diandra-marizet-esparza\/","url":"https:\/\/www.cec.org\/es\/speaker\/diandra-marizet-esparza\/","name":"Diandra Marizet Esparza &#8211; Comisi\u00f3n para la Cooperaci\u00f3n Ambiental","isPartOf":{"@id":"https:\/\/www.cec.org\/es\/#website"},"primaryImageOfPage":{"@id":"https:\/\/www.cec.org\/es\/speaker\/diandra-marizet-esparza\/#primaryimage"},"image":{"@id":"https:\/\/www.cec.org\/es\/speaker\/diandra-marizet-esparza\/#primaryimage"},"thumbnailUrl":"https:\/\/www.cec.org\/wp-content\/uploads\/JPAC_Forum_Wilmington_Keynote-Speaker_Session_1__Photo_Diandra-Esparza-by-Sanetra-Longno.webp","datePublished":"2024-06-10T21:12:32+00:00","dateModified":"2024-07-11T18:45:40+00:00","breadcrumb":{"@id":"https:\/\/www.cec.org\/es\/speaker\/diandra-marizet-esparza\/#breadcrumb"},"inLanguage":"es","potentialAction":[{"@type":"ReadAction","target":["https:\/\/www.cec.org\/es\/speaker\/diandra-marizet-esparza\/"]}]},{"@type":"ImageObject","inLanguage":"es","@id":"https:\/\/www.cec.org\/es\/speaker\/diandra-marizet-esparza\/#primaryimage","url":"https:\/\/www.cec.org\/wp-content\/uploads\/JPAC_Forum_Wilmington_Keynote-Speaker_Session_1__Photo_Diandra-Esparza-by-Sanetra-Longno.webp","contentUrl":"https:\/\/www.cec.org\/wp-content\/uploads\/JPAC_Forum_Wilmington_Keynote-Speaker_Session_1__Photo_Diandra-Esparza-by-Sanetra-Longno.webp","width":300,"height":300},{"@type":"BreadcrumbList","@id":"https:\/\/www.cec.org\/es\/speaker\/diandra-marizet-esparza\/#breadcrumb","itemListElement":[{"@type":"ListItem","position":1,"name":"Inicio","item":"https:\/\/www.cec.org\/es\/"},{"@type":"ListItem","position":2,"name":"Diandra Marizet Esparza"}]},{"@type":"WebSite","@id":"https:\/\/www.cec.org\/es\/#website","url":"https:\/\/www.cec.org\/es\/","name":"Commission for Environmental Cooperation","description":"Three countries working together to protect our shared environment","alternateName":"CEC - CCA -CCE","potentialAction":[{"@type":"SearchAction","target":{"@type":"EntryPoint","urlTemplate":"https:\/\/www.cec.org\/es\/?s={search_term_string}"},"query-input":{"@type":"PropertyValueSpecification","valueRequired":true,"valueName":"search_term_string"}}],"inLanguage":"es"}]}},"_links":{"self":[{"href":"https:\/\/www.cec.org\/es\/wp-json\/wp\/v2\/speaker\/55504","targetHints":{"allow":["GET"]}}],"collection":[{"href":"https:\/\/www.cec.org\/es\/wp-json\/wp\/v2\/speaker"}],"about":[{"href":"https:\/\/www.cec.org\/es\/wp-json\/wp\/v2\/types\/speaker"}],"wp:featuredmedia":[{"embeddable":true,"href":"https:\/\/www.cec.org\/es\/wp-json\/wp\/v2\/media\/55534"}],"wp:attachment":[{"href":"https:\/\/www.cec.org\/es\/wp-json\/wp\/v2\/media?parent=55504"}],"curies":[{"name":"wp","href":"https:\/\/api.w.org\/{rel}","templated":true}]}}

<p>Estratega de desarrollo organizativo, escritora publicada, poeta y cofundadora de la organización <em>Intersectional Environmentalist</em>, donde se desempeña como directora ejecutiva, Diandra Marizet Esparza busca ayudar a ambientalistas de todo el mundo a reconocer la cultura como expresión de nuestra relación con la tierra. En ese sentido, y como parte de su labor, aboga por la accesibilidad de historias y relatos diversos para las generaciones futuras. Marizet Esparza contribuyó a la escritura de <a href="https://can01.safelinks.protection.outlook.com/?url=https%3A%2F%2Fwww.indiebound.org%2Fbook%2F9780316279291&amp;data=05%7C02%7Cmbeltran%40cec.org%7Ce67224e4a029497a3e0308dc78b00f47%7C618b72ad8ac44d6b810ed4b3b5182b9a%7C0%7C0%7C638517945537768549%7CUnknown%7CTWFpbGZsb3d8eyJWIjoiMC4wLjAwMDAiLCJQIjoiV2luMzIiLCJBTiI6Ik1haWwiLCJXVCI6Mn0%3D%7C40000%7C%7C%7C&amp;sdata=xU6BHLAwusxR6gCZoJOF%2BhNog1zp%2FCIJdN9GtVFU9rs%3D&amp;reserved=0"><em>The Intersectional Environmentalist: How to Dismantle Systems of Oppression to Protect People + Planet</em></a> [El ambientalista interseccional: cómo desmantelar los sistemas de opresión para proteger a las personas y el planeta], libro que goza de reconocimiento a aprobación en la esfera académica.</p>

<p>Estratega de desarrollo organizativo, escritora publicada, poeta y cofundadora de la organización Intersectional Environmentalist, donde se desempeña como directora ejecutiva, Diandra Marizet Esparza busca ayudar a ambientalistas de todo el mundo a reconocer la cultura como expresión de nuestra relación con la tierra. En ese sentido, y como parte de su labor, aboga por la [&hellip;]</p>

<!-- This site is optimized with the Yoast SEO Premium plugin v27.4 (Yoast SEO v27.4) - https://yoast.com/product/yoast-seo-premium-wordpress/ -->
<title>Diandra Marizet Esparza &#8211; Comisión para la Cooperación Ambiental</title>
<meta name="robots" content="noindex, follow" />
<meta property="og:locale" content="es_ES" />
<meta property="og:type" content="article" />
<meta property="og:title" content="Diandra Marizet Esparza" />
<meta property="og:description" content="Estratega de desarrollo organizativo, escritora publicada, poeta y cofundadora de la organización Intersectional Environmentalist, donde se desempeña como directora ejecutiva, Diandra Marizet Esparza busca ayudar a ambientalistas de todo el mundo a reconocer la cultura como expresión de nuestra relación con la tierra. En ese sentido, y como parte de su labor, aboga por la [&hellip;]" />
<meta property="og:url" content="https://www.cec.org/es/speaker/diandra-marizet-esparza/" />
<meta property="og:site_name" content="Comisión para la Cooperación Ambiental" />
<meta property="article:publisher" content="https://www.facebook.com/CECconnect" />
<meta property="article:modified_time" content="2024-07-11T18:45:40+00:00" />
<meta property="og:image" content="https://www.cec.org/wp-content/uploads/JPAC_Forum_Wilmington_Keynote-Speaker_Session_1__Photo_Diandra-Esparza-by-Sanetra-Longno.webp" />
	<meta property="og:image:width" content="300" />
	<meta property="og:image:height" content="300" />
	<meta property="og:image:type" content="image/webp" />
<meta name="twitter:card" content="summary_large_image" />
<meta name="twitter:site" content="@CECweb" />
<script type="application/ld+json" class="yoast-schema-graph">{"@context":"https:\/\/schema.org","@graph":[{"@type":"WebPage","@id":"https:\/\/www.cec.org\/es\/speaker\/diandra-marizet-esparza\/","url":"https:\/\/www.cec.org\/es\/speaker\/diandra-marizet-esparza\/","name":"Diandra Marizet Esparza &#8211; Comisión para la Cooperación Ambiental","isPartOf":{"@id":"https:\/\/www.cec.org\/es\/#website"},"primaryImageOfPage":{"@id":"https:\/\/www.cec.org\/es\/speaker\/diandra-marizet-esparza\/#primaryimage"},"image":{"@id":"https:\/\/www.cec.org\/es\/speaker\/diandra-marizet-esparza\/#primaryimage"},"thumbnailUrl":"https:\/\/www.cec.org\/wp-content\/uploads\/JPAC_Forum_Wilmington_Keynote-Speaker_Session_1__Photo_Diandra-Esparza-by-Sanetra-Longno.webp","datePublished":"2024-06-10T21:12:32+00:00","dateModified":"2024-07-11T18:45:40+00:00","breadcrumb":{"@id":"https:\/\/www.cec.org\/es\/speaker\/diandra-marizet-esparza\/#breadcrumb"},"inLanguage":"es","potentialAction":[{"@type":"ReadAction","target":["https:\/\/www.cec.org\/es\/speaker\/diandra-marizet-esparza\/"]}]},{"@type":"ImageObject","inLanguage":"es","@id":"https:\/\/www.cec.org\/es\/speaker\/diandra-marizet-esparza\/#primaryimage","url":"https:\/\/www.cec.org\/wp-content\/uploads\/JPAC_Forum_Wilmington_Keynote-Speaker_Session_1__Photo_Diandra-Esparza-by-Sanetra-Longno.webp","contentUrl":"https:\/\/www.cec.org\/wp-content\/uploads\/JPAC_Forum_Wilmington_Keynote-Speaker_Session_1__Photo_Diandra-Esparza-by-Sanetra-Longno.webp","width":300,"height":300},{"@type":"BreadcrumbList","@id":"https:\/\/www.cec.org\/es\/speaker\/diandra-marizet-esparza\/#breadcrumb","itemListElement":[{"@type":"ListItem","position":1,"name":"Inicio","item":"https:\/\/www.cec.org\/es\/"},{"@type":"ListItem","position":2,"name":"Diandra Marizet Esparza"}]},{"@type":"WebSite","@id":"https:\/\/www.cec.org\/es\/#website","url":"https:\/\/www.cec.org\/es\/","name":"Commission for Environmental Cooperation","description":"Three countries working together to protect our shared environment","alternateName":"CEC - CCA -CCE","potentialAction":[{"@type":"SearchAction","target":{"@type":"EntryPoint","urlTemplate":"https:\/\/www.cec.org\/es\/?s={search_term_string}"},"query-input":{"@type":"PropertyValueSpecification","valueRequired":true,"valueName":"search_term_string"}}],"inLanguage":"es"}]}</script>
<!-- / Yoast SEO Premium plugin. -->

Diandra Marizet Esparza &#8211; Comisión para la Cooperación Ambiental

Estratega de desarrollo organizativo, escritora publicada, poeta y cofundadora de la organización Intersectional Environmentalist, donde se desempeña como directora ejecutiva, Diandra Marizet Esparza busca ayudar a ambientalistas de todo el mundo a reconocer la cultura como expresión de nuestra relación con la tierra. En ese sentido, y como parte de su labor, aboga por la [&hellip;]

Comisión para la Cooperación Ambiental
