{"id":53791,"date":"2023-11-30T17:12:35","date_gmt":"2023-11-30T22:12:35","guid":{"rendered":"http:\/\/www.cec.org\/speaker\/marina-brock\/"},"modified":"2024-07-11T14:46:04","modified_gmt":"2024-07-11T18:46:04","slug":"marina-brock","status":"publish","type":"speaker","link":"https:\/\/www.cec.org\/es\/speaker\/marina-brock\/","title":{"rendered":"Marina Brock"},"content":{"rendered":"<p>Especialista principal de la Divisi\u00f3n de Salud y Medio Ambiente del Departamento de Salud y Medio Ambiente del condado de Barnstable y profesora adjunta en la Academia Mar\u00edtima de Massachusetts, Marina Brock ha centrado su labor profesional en la relaci\u00f3n entre salud p\u00fablica y medio ambiente, y el manejo de emergencias, riesgos y seguridad asociados. Adem\u00e1s, tiene particular inter\u00e9s en los factores ambientales y gen\u00e9ticos \u2014individuales\u2014 que inciden en la exposici\u00f3n y los efectos en la salud, tanto p\u00fablica como ambiental. Es autora y coautora de numerosos art\u00edculos relacionados con estos temas, as\u00ed como conferencista y asesora en todas las entidades federativas que conforman la regi\u00f3n de Nueva Inglaterra. Ha recibido m\u00faltiples galardones, entre los que destacan el Premio a la Excelencia Ambiental de la Agencia de Protecci\u00f3n Ambiental (Environmental Protection Agency, EPA) de Estados Unidos, en el a\u00f1o 2000, y el Premio del Gobernador [de Massachusetts] por el dise\u00f1o y la instrumentaci\u00f3n de una innovadora iniciativa de prevenci\u00f3n de la contaminaci\u00f3n y reducci\u00f3n en el uso de sustancias t\u00f3xicas en el sector p\u00fablico. Su trabajo en este campo sirvi\u00f3 de modelo para un emprendimiento a escala nacional que centra la atenci\u00f3n en la seguridad de las sustancias qu\u00edmicas en el \u00e1mbito escolar. Asimismo, en virtud de su labor impulsora de acciones conjuntas entre dependencias gubernamentales locales, regionales, estatales y federales, fue nominada para el premio Innovations in Government Award, otorgado por la Escuela de Gobierno de la Universidad de Harvard.<\/p>\n<p>Brock es egresada del Colegio de Estudios Superiores y Tecnol\u00f3gicos Simmons, con maestr\u00eda en ingenier\u00eda en salud y seguridad en el trabajo y manejo de emergencias. Actualmente cursa estudios doctorales (iniciados en 2018) en pol\u00edtica de salud p\u00fablica y manejo de emergencias.<\/p>\n","protected":false},"excerpt":{"rendered":"<p>Especialista principal de la Divisi\u00f3n de Salud y Medio Ambiente del Departamento de Salud y Medio Ambiente del condado de Barnstable y profesora adjunta en la Academia Mar\u00edtima de Massachusetts, Marina Brock ha centrado su labor profesional en la relaci\u00f3n entre salud p\u00fablica y medio ambiente, y el manejo de emergencias, riesgos y seguridad asociados. [&hellip;]<\/p>\n","protected":false},"featured_media":49594,"template":"","class_list":["post-53791","speaker","type-speaker","status-publish","has-post-thumbnail","hentry","speakertype-presidenta-del-comite-consultivo-gubernamental-ccg-de-estados-unidos"],"acf":[],"yoast_head":"<!-- This site is optimized with the Yoast SEO Premium plugin v27.4 (Yoast SEO v27.4) - https:\/\/yoast.com\/product\/yoast-seo-premium-wordpress\/ -->\n<title>Marina Brock &#8211; Comisi\u00f3n para la Cooperaci\u00f3n Ambiental<\/title>\n<meta name=\"robots\" content=\"noindex, follow\" \/>\n<meta property=\"og:locale\" content=\"es_ES\" \/>\n<meta property=\"og:type\" content=\"article\" \/>\n<meta property=\"og:title\" content=\"Marina Brock\" \/>\n<meta property=\"og:description\" content=\"Especialista principal de la Divisi\u00f3n de Salud y Medio Ambiente del Departamento de Salud y Medio Ambiente del condado de Barnstable y profesora adjunta en la Academia Mar\u00edtima de Massachusetts, Marina Brock ha centrado su labor profesional en la relaci\u00f3n entre salud p\u00fablica y medio ambiente, y el manejo de emergencias, riesgos y seguridad asociados. [&hellip;]\" \/>\n<meta property=\"og:url\" content=\"https:\/\/www.cec.org\/es\/speaker\/marina-brock\/\" \/>\n<meta property=\"og:site_name\" content=\"Comisi\u00f3n para la Cooperaci\u00f3n Ambiental\" \/>\n<meta property=\"article:publisher\" content=\"https:\/\/www.facebook.com\/CECconnect\" \/>\n<meta property=\"article:modified_time\" content=\"2024-07-11T18:46:04+00:00\" \/>\n<meta property=\"og:image\" content=\"https:\/\/www.cec.org\/wp-content\/uploads\/Marina-Brock.jpg\" \/>\n\t<meta property=\"og:image:width\" content=\"450\" \/>\n\t<meta property=\"og:image:height\" content=\"450\" \/>\n\t<meta property=\"og:image:type\" content=\"image\/jpeg\" \/>\n<meta name=\"twitter:card\" content=\"summary_large_image\" \/>\n<meta name=\"twitter:site\" content=\"@CECweb\" \/>\n<script type=\"application\/ld+json\" class=\"yoast-schema-graph\">{\"@context\":\"https:\\\/\\\/schema.org\",\"@graph\":[{\"@type\":\"WebPage\",\"@id\":\"https:\\\/\\\/www.cec.org\\\/es\\\/speaker\\\/marina-brock\\\/\",\"url\":\"https:\\\/\\\/www.cec.org\\\/es\\\/speaker\\\/marina-brock\\\/\",\"name\":\"Marina Brock &#8211; Comisi\u00f3n para la Cooperaci\u00f3n Ambiental\",\"isPartOf\":{\"@id\":\"https:\\\/\\\/www.cec.org\\\/es\\\/#website\"},\"primaryImageOfPage\":{\"@id\":\"https:\\\/\\\/www.cec.org\\\/es\\\/speaker\\\/marina-brock\\\/#primaryimage\"},\"image\":{\"@id\":\"https:\\\/\\\/www.cec.org\\\/es\\\/speaker\\\/marina-brock\\\/#primaryimage\"},\"thumbnailUrl\":\"https:\\\/\\\/www.cec.org\\\/wp-content\\\/uploads\\\/Marina-Brock.jpg\",\"datePublished\":\"2023-11-30T22:12:35+00:00\",\"dateModified\":\"2024-07-11T18:46:04+00:00\",\"breadcrumb\":{\"@id\":\"https:\\\/\\\/www.cec.org\\\/es\\\/speaker\\\/marina-brock\\\/#breadcrumb\"},\"inLanguage\":\"es\",\"potentialAction\":[{\"@type\":\"ReadAction\",\"target\":[\"https:\\\/\\\/www.cec.org\\\/es\\\/speaker\\\/marina-brock\\\/\"]}]},{\"@type\":\"ImageObject\",\"inLanguage\":\"es\",\"@id\":\"https:\\\/\\\/www.cec.org\\\/es\\\/speaker\\\/marina-brock\\\/#primaryimage\",\"url\":\"https:\\\/\\\/www.cec.org\\\/wp-content\\\/uploads\\\/Marina-Brock.jpg\",\"contentUrl\":\"https:\\\/\\\/www.cec.org\\\/wp-content\\\/uploads\\\/Marina-Brock.jpg\",\"width\":450,\"height\":450,\"caption\":\"Profile Photo\"},{\"@type\":\"BreadcrumbList\",\"@id\":\"https:\\\/\\\/www.cec.org\\\/es\\\/speaker\\\/marina-brock\\\/#breadcrumb\",\"itemListElement\":[{\"@type\":\"ListItem\",\"position\":1,\"name\":\"Inicio\",\"item\":\"https:\\\/\\\/www.cec.org\\\/es\\\/\"},{\"@type\":\"ListItem\",\"position\":2,\"name\":\"Marina Brock\"}]},{\"@type\":\"WebSite\",\"@id\":\"https:\\\/\\\/www.cec.org\\\/es\\\/#website\",\"url\":\"https:\\\/\\\/www.cec.org\\\/es\\\/\",\"name\":\"Commission for Environmental Cooperation\",\"description\":\"Three countries working together to protect our shared environment\",\"alternateName\":\"CEC - CCA -CCE\",\"potentialAction\":[{\"@type\":\"SearchAction\",\"target\":{\"@type\":\"EntryPoint\",\"urlTemplate\":\"https:\\\/\\\/www.cec.org\\\/es\\\/?s={search_term_string}\"},\"query-input\":{\"@type\":\"PropertyValueSpecification\",\"valueRequired\":true,\"valueName\":\"search_term_string\"}}],\"inLanguage\":\"es\"}]}<\/script>\n<!-- \/ Yoast SEO Premium plugin. -->","yoast_head_json":{"title":"Marina Brock &#8211; Comisi\u00f3n para la Cooperaci\u00f3n Ambiental","robots":{"index":"noindex","follow":"follow"},"og_locale":"es_ES","og_type":"article","og_title":"Marina Brock","og_description":"Especialista principal de la Divisi\u00f3n de Salud y Medio Ambiente del Departamento de Salud y Medio Ambiente del condado de Barnstable y profesora adjunta en la Academia Mar\u00edtima de Massachusetts, Marina Brock ha centrado su labor profesional en la relaci\u00f3n entre salud p\u00fablica y medio ambiente, y el manejo de emergencias, riesgos y seguridad asociados. [&hellip;]","og_url":"https:\/\/www.cec.org\/es\/speaker\/marina-brock\/","og_site_name":"Comisi\u00f3n para la Cooperaci\u00f3n Ambiental","article_publisher":"https:\/\/www.facebook.com\/CECconnect","article_modified_time":"2024-07-11T18:46:04+00:00","og_image":[{"width":450,"height":450,"url":"https:\/\/www.cec.org\/wp-content\/uploads\/Marina-Brock.jpg","type":"image\/jpeg"}],"twitter_card":"summary_large_image","twitter_site":"@CECweb","schema":{"@context":"https:\/\/schema.org","@graph":[{"@type":"WebPage","@id":"https:\/\/www.cec.org\/es\/speaker\/marina-brock\/","url":"https:\/\/www.cec.org\/es\/speaker\/marina-brock\/","name":"Marina Brock &#8211; Comisi\u00f3n para la Cooperaci\u00f3n Ambiental","isPartOf":{"@id":"https:\/\/www.cec.org\/es\/#website"},"primaryImageOfPage":{"@id":"https:\/\/www.cec.org\/es\/speaker\/marina-brock\/#primaryimage"},"image":{"@id":"https:\/\/www.cec.org\/es\/speaker\/marina-brock\/#primaryimage"},"thumbnailUrl":"https:\/\/www.cec.org\/wp-content\/uploads\/Marina-Brock.jpg","datePublished":"2023-11-30T22:12:35+00:00","dateModified":"2024-07-11T18:46:04+00:00","breadcrumb":{"@id":"https:\/\/www.cec.org\/es\/speaker\/marina-brock\/#breadcrumb"},"inLanguage":"es","potentialAction":[{"@type":"ReadAction","target":["https:\/\/www.cec.org\/es\/speaker\/marina-brock\/"]}]},{"@type":"ImageObject","inLanguage":"es","@id":"https:\/\/www.cec.org\/es\/speaker\/marina-brock\/#primaryimage","url":"https:\/\/www.cec.org\/wp-content\/uploads\/Marina-Brock.jpg","contentUrl":"https:\/\/www.cec.org\/wp-content\/uploads\/Marina-Brock.jpg","width":450,"height":450,"caption":"Profile Photo"},{"@type":"BreadcrumbList","@id":"https:\/\/www.cec.org\/es\/speaker\/marina-brock\/#breadcrumb","itemListElement":[{"@type":"ListItem","position":1,"name":"Inicio","item":"https:\/\/www.cec.org\/es\/"},{"@type":"ListItem","position":2,"name":"Marina Brock"}]},{"@type":"WebSite","@id":"https:\/\/www.cec.org\/es\/#website","url":"https:\/\/www.cec.org\/es\/","name":"Commission for Environmental Cooperation","description":"Three countries working together to protect our shared environment","alternateName":"CEC - CCA -CCE","potentialAction":[{"@type":"SearchAction","target":{"@type":"EntryPoint","urlTemplate":"https:\/\/www.cec.org\/es\/?s={search_term_string}"},"query-input":{"@type":"PropertyValueSpecification","valueRequired":true,"valueName":"search_term_string"}}],"inLanguage":"es"}]}},"_links":{"self":[{"href":"https:\/\/www.cec.org\/es\/wp-json\/wp\/v2\/speaker\/53791","targetHints":{"allow":["GET"]}}],"collection":[{"href":"https:\/\/www.cec.org\/es\/wp-json\/wp\/v2\/speaker"}],"about":[{"href":"https:\/\/www.cec.org\/es\/wp-json\/wp\/v2\/types\/speaker"}],"wp:featuredmedia":[{"embeddable":true,"href":"https:\/\/www.cec.org\/es\/wp-json\/wp\/v2\/media\/49594"}],"wp:attachment":[{"href":"https:\/\/www.cec.org\/es\/wp-json\/wp\/v2\/media?parent=53791"}],"curies":[{"name":"wp","href":"https:\/\/api.w.org\/{rel}","templated":true}]}}

<p>Especialista principal de la División de Salud y Medio Ambiente del Departamento de Salud y Medio Ambiente del condado de Barnstable y profesora adjunta en la Academia Marítima de Massachusetts, Marina Brock ha centrado su labor profesional en la relación entre salud pública y medio ambiente, y el manejo de emergencias, riesgos y seguridad asociados. Además, tiene particular interés en los factores ambientales y genéticos —individuales— que inciden en la exposición y los efectos en la salud, tanto pública como ambiental. Es autora y coautora de numerosos artículos relacionados con estos temas, así como conferencista y asesora en todas las entidades federativas que conforman la región de Nueva Inglaterra. Ha recibido múltiples galardones, entre los que destacan el Premio a la Excelencia Ambiental de la Agencia de Protección Ambiental (Environmental Protection Agency, EPA) de Estados Unidos, en el año 2000, y el Premio del Gobernador [de Massachusetts] por el diseño y la instrumentación de una innovadora iniciativa de prevención de la contaminación y reducción en el uso de sustancias tóxicas en el sector público. Su trabajo en este campo sirvió de modelo para un emprendimiento a escala nacional que centra la atención en la seguridad de las sustancias químicas en el ámbito escolar. Asimismo, en virtud de su labor impulsora de acciones conjuntas entre dependencias gubernamentales locales, regionales, estatales y federales, fue nominada para el premio Innovations in Government Award, otorgado por la Escuela de Gobierno de la Universidad de Harvard.</p>
<p>Brock es egresada del Colegio de Estudios Superiores y Tecnológicos Simmons, con maestría en ingeniería en salud y seguridad en el trabajo y manejo de emergencias. Actualmente cursa estudios doctorales (iniciados en 2018) en política de salud pública y manejo de emergencias.</p>

<p>Especialista principal de la División de Salud y Medio Ambiente del Departamento de Salud y Medio Ambiente del condado de Barnstable y profesora adjunta en la Academia Marítima de Massachusetts, Marina Brock ha centrado su labor profesional en la relación entre salud pública y medio ambiente, y el manejo de emergencias, riesgos y seguridad asociados. [&hellip;]</p>

<!-- This site is optimized with the Yoast SEO Premium plugin v27.4 (Yoast SEO v27.4) - https://yoast.com/product/yoast-seo-premium-wordpress/ -->
<title>Marina Brock &#8211; Comisión para la Cooperación Ambiental</title>
<meta name="robots" content="noindex, follow" />
<meta property="og:locale" content="es_ES" />
<meta property="og:type" content="article" />
<meta property="og:title" content="Marina Brock" />
<meta property="og:description" content="Especialista principal de la División de Salud y Medio Ambiente del Departamento de Salud y Medio Ambiente del condado de Barnstable y profesora adjunta en la Academia Marítima de Massachusetts, Marina Brock ha centrado su labor profesional en la relación entre salud pública y medio ambiente, y el manejo de emergencias, riesgos y seguridad asociados. [&hellip;]" />
<meta property="og:url" content="https://www.cec.org/es/speaker/marina-brock/" />
<meta property="og:site_name" content="Comisión para la Cooperación Ambiental" />
<meta property="article:publisher" content="https://www.facebook.com/CECconnect" />
<meta property="article:modified_time" content="2024-07-11T18:46:04+00:00" />
<meta property="og:image" content="https://www.cec.org/wp-content/uploads/Marina-Brock.jpg" />
	<meta property="og:image:width" content="450" />
	<meta property="og:image:height" content="450" />
	<meta property="og:image:type" content="image/jpeg" />
<meta name="twitter:card" content="summary_large_image" />
<meta name="twitter:site" content="@CECweb" />
<script type="application/ld+json" class="yoast-schema-graph">{"@context":"https:\/\/schema.org","@graph":[{"@type":"WebPage","@id":"https:\/\/www.cec.org\/es\/speaker\/marina-brock\/","url":"https:\/\/www.cec.org\/es\/speaker\/marina-brock\/","name":"Marina Brock &#8211; Comisión para la Cooperación Ambiental","isPartOf":{"@id":"https:\/\/www.cec.org\/es\/#website"},"primaryImageOfPage":{"@id":"https:\/\/www.cec.org\/es\/speaker\/marina-brock\/#primaryimage"},"image":{"@id":"https:\/\/www.cec.org\/es\/speaker\/marina-brock\/#primaryimage"},"thumbnailUrl":"https:\/\/www.cec.org\/wp-content\/uploads\/Marina-Brock.jpg","datePublished":"2023-11-30T22:12:35+00:00","dateModified":"2024-07-11T18:46:04+00:00","breadcrumb":{"@id":"https:\/\/www.cec.org\/es\/speaker\/marina-brock\/#breadcrumb"},"inLanguage":"es","potentialAction":[{"@type":"ReadAction","target":["https:\/\/www.cec.org\/es\/speaker\/marina-brock\/"]}]},{"@type":"ImageObject","inLanguage":"es","@id":"https:\/\/www.cec.org\/es\/speaker\/marina-brock\/#primaryimage","url":"https:\/\/www.cec.org\/wp-content\/uploads\/Marina-Brock.jpg","contentUrl":"https:\/\/www.cec.org\/wp-content\/uploads\/Marina-Brock.jpg","width":450,"height":450,"caption":"Profile Photo"},{"@type":"BreadcrumbList","@id":"https:\/\/www.cec.org\/es\/speaker\/marina-brock\/#breadcrumb","itemListElement":[{"@type":"ListItem","position":1,"name":"Inicio","item":"https:\/\/www.cec.org\/es\/"},{"@type":"ListItem","position":2,"name":"Marina Brock"}]},{"@type":"WebSite","@id":"https:\/\/www.cec.org\/es\/#website","url":"https:\/\/www.cec.org\/es\/","name":"Commission for Environmental Cooperation","description":"Three countries working together to protect our shared environment","alternateName":"CEC - CCA -CCE","potentialAction":[{"@type":"SearchAction","target":{"@type":"EntryPoint","urlTemplate":"https:\/\/www.cec.org\/es\/?s={search_term_string}"},"query-input":{"@type":"PropertyValueSpecification","valueRequired":true,"valueName":"search_term_string"}}],"inLanguage":"es"}]}</script>
<!-- / Yoast SEO Premium plugin. -->

Marina Brock &#8211; Comisión para la Cooperación Ambiental

Especialista principal de la División de Salud y Medio Ambiente del Departamento de Salud y Medio Ambiente del condado de Barnstable y profesora adjunta en la Academia Marítima de Massachusetts, Marina Brock ha centrado su labor profesional en la relación entre salud pública y medio ambiente, y el manejo de emergencias, riesgos y seguridad asociados. [&hellip;]

Comisión para la Cooperación Ambiental
