{"id":53788,"date":"2023-11-30T17:09:34","date_gmt":"2023-11-30T22:09:34","guid":{"rendered":"http:\/\/www.cec.org\/speaker\/andy-carey\/"},"modified":"2024-07-11T14:46:05","modified_gmt":"2024-07-11T18:46:05","slug":"andy-carey","status":"publish","type":"speaker","link":"https:\/\/www.cec.org\/es\/speaker\/andy-carey\/","title":{"rendered":"Andy Carey"},"content":{"rendered":"<p>Director ejecutivo (desde 2008) de la Alianza Fronteriza de Filantrop\u00eda M\u00e9xico-Estados Unidos (AFF), organizaci\u00f3n binacional con sede en San Diego, California, que apoya una red de casi 400 organizaciones dedicadas a construir prosperidad mediante el liderazgo, la colaboraci\u00f3n y la filantrop\u00eda en esta regi\u00f3n fronteriza, Andy Carey es tambi\u00e9n profesor adjunto de la Escuela de Liderazgo y Ciencias de la Educaci\u00f3n en la Universidad de San Diego, facultad en la que imparte cursos de posgrado en administraci\u00f3n de entidades internacionales sin \u00e1nimo de lucro y de la que fue nombrado\u00a0<em>profesor adjunto del a\u00f1o<\/em>\u00a0en 2017-2018.<\/p>\n<p>Carey cuenta con estudios de licenciatura y maestr\u00eda en artes por la Universidad Purdue. Antes de asumir la estafeta de la AFF, prest\u00f3 sus servicios durante 15 a\u00f1os en la organizaci\u00f3n Kiwanis International, a cargo de la movilizaci\u00f3n de voluntarios y la recaudaci\u00f3n de fondos en todo el mundo. Actualmente desempe\u00f1a numerosos cargos honorarios, de car\u00e1cter c\u00edvico: es presidente del Comit\u00e9 Consultivo Nacional de la Agencia de Protecci\u00f3n Ambiental (<em>Environmental Protection Agency<\/em>) de Estados Unidos y miembro del consejo de administraci\u00f3n de la Fundaci\u00f3n M\u00e9xico-Estados Unidos para la Ciencia; asimismo, forma parte de la junta de consejo de la Escuela de Estudios de Paz y Justicia Kroc de la Universidad de San Diego, de la Independent Districting Commission de Escondido, California, y del consejo asesor de la Escuela Cat\u00f3lica St. Mary en Escondido. En 2018, la Secretar\u00eda de Relaciones Exteriores de M\u00e9xico le otorg\u00f3 el reconocimiento Ohtli por su compromiso y atenci\u00f3n permanentes a las necesidades e intereses de la comunidad mexicana residente en Estados Unidos.<\/p>\n","protected":false},"excerpt":{"rendered":"<p>Director ejecutivo (desde 2008) de la Alianza Fronteriza de Filantrop\u00eda M\u00e9xico-Estados Unidos (AFF), organizaci\u00f3n binacional con sede en San Diego, California, que apoya una red de casi 400 organizaciones dedicadas a construir prosperidad mediante el liderazgo, la colaboraci\u00f3n y la filantrop\u00eda en esta regi\u00f3n fronteriza, Andy Carey es tambi\u00e9n profesor adjunto de la Escuela de [&hellip;]<\/p>\n","protected":false},"featured_media":49582,"template":"","class_list":["post-53788","speaker","type-speaker","status-publish","has-post-thumbnail","hentry","speakertype-presidente-del-comite-consultivo-nacional-ccn-de-estados-unidos"],"acf":[],"yoast_head":"<!-- This site is optimized with the Yoast SEO Premium plugin v27.4 (Yoast SEO v27.4) - https:\/\/yoast.com\/product\/yoast-seo-premium-wordpress\/ -->\n<title>Andy Carey &#8211; Comisi\u00f3n para la Cooperaci\u00f3n Ambiental<\/title>\n<meta name=\"robots\" content=\"noindex, follow\" \/>\n<meta property=\"og:locale\" content=\"es_ES\" \/>\n<meta property=\"og:type\" content=\"article\" \/>\n<meta property=\"og:title\" content=\"Andy Carey\" \/>\n<meta property=\"og:description\" content=\"Director ejecutivo (desde 2008) de la Alianza Fronteriza de Filantrop\u00eda M\u00e9xico-Estados Unidos (AFF), organizaci\u00f3n binacional con sede en San Diego, California, que apoya una red de casi 400 organizaciones dedicadas a construir prosperidad mediante el liderazgo, la colaboraci\u00f3n y la filantrop\u00eda en esta regi\u00f3n fronteriza, Andy Carey es tambi\u00e9n profesor adjunto de la Escuela de [&hellip;]\" \/>\n<meta property=\"og:url\" content=\"https:\/\/www.cec.org\/es\/speaker\/andy-carey\/\" \/>\n<meta property=\"og:site_name\" content=\"Comisi\u00f3n para la Cooperaci\u00f3n Ambiental\" \/>\n<meta property=\"article:publisher\" content=\"https:\/\/www.facebook.com\/CECconnect\" \/>\n<meta property=\"article:modified_time\" content=\"2024-07-11T18:46:05+00:00\" \/>\n<meta property=\"og:image\" content=\"https:\/\/www.cec.org\/wp-content\/uploads\/Carey.jpg\" \/>\n\t<meta property=\"og:image:width\" content=\"250\" \/>\n\t<meta property=\"og:image:height\" content=\"250\" \/>\n\t<meta property=\"og:image:type\" content=\"image\/jpeg\" \/>\n<meta name=\"twitter:card\" content=\"summary_large_image\" \/>\n<meta name=\"twitter:site\" content=\"@CECweb\" \/>\n<script type=\"application\/ld+json\" class=\"yoast-schema-graph\">{\"@context\":\"https:\\\/\\\/schema.org\",\"@graph\":[{\"@type\":\"WebPage\",\"@id\":\"https:\\\/\\\/www.cec.org\\\/es\\\/speaker\\\/andy-carey\\\/\",\"url\":\"https:\\\/\\\/www.cec.org\\\/es\\\/speaker\\\/andy-carey\\\/\",\"name\":\"Andy Carey &#8211; Comisi\u00f3n para la Cooperaci\u00f3n Ambiental\",\"isPartOf\":{\"@id\":\"https:\\\/\\\/www.cec.org\\\/es\\\/#website\"},\"primaryImageOfPage\":{\"@id\":\"https:\\\/\\\/www.cec.org\\\/es\\\/speaker\\\/andy-carey\\\/#primaryimage\"},\"image\":{\"@id\":\"https:\\\/\\\/www.cec.org\\\/es\\\/speaker\\\/andy-carey\\\/#primaryimage\"},\"thumbnailUrl\":\"https:\\\/\\\/www.cec.org\\\/wp-content\\\/uploads\\\/Carey.jpg\",\"datePublished\":\"2023-11-30T22:09:34+00:00\",\"dateModified\":\"2024-07-11T18:46:05+00:00\",\"breadcrumb\":{\"@id\":\"https:\\\/\\\/www.cec.org\\\/es\\\/speaker\\\/andy-carey\\\/#breadcrumb\"},\"inLanguage\":\"es\",\"potentialAction\":[{\"@type\":\"ReadAction\",\"target\":[\"https:\\\/\\\/www.cec.org\\\/es\\\/speaker\\\/andy-carey\\\/\"]}]},{\"@type\":\"ImageObject\",\"inLanguage\":\"es\",\"@id\":\"https:\\\/\\\/www.cec.org\\\/es\\\/speaker\\\/andy-carey\\\/#primaryimage\",\"url\":\"https:\\\/\\\/www.cec.org\\\/wp-content\\\/uploads\\\/Carey.jpg\",\"contentUrl\":\"https:\\\/\\\/www.cec.org\\\/wp-content\\\/uploads\\\/Carey.jpg\",\"width\":250,\"height\":250,\"caption\":\"Profile Photo\"},{\"@type\":\"BreadcrumbList\",\"@id\":\"https:\\\/\\\/www.cec.org\\\/es\\\/speaker\\\/andy-carey\\\/#breadcrumb\",\"itemListElement\":[{\"@type\":\"ListItem\",\"position\":1,\"name\":\"Inicio\",\"item\":\"https:\\\/\\\/www.cec.org\\\/es\\\/\"},{\"@type\":\"ListItem\",\"position\":2,\"name\":\"Andy Carey\"}]},{\"@type\":\"WebSite\",\"@id\":\"https:\\\/\\\/www.cec.org\\\/es\\\/#website\",\"url\":\"https:\\\/\\\/www.cec.org\\\/es\\\/\",\"name\":\"Commission for Environmental Cooperation\",\"description\":\"Three countries working together to protect our shared environment\",\"alternateName\":\"CEC - CCA -CCE\",\"potentialAction\":[{\"@type\":\"SearchAction\",\"target\":{\"@type\":\"EntryPoint\",\"urlTemplate\":\"https:\\\/\\\/www.cec.org\\\/es\\\/?s={search_term_string}\"},\"query-input\":{\"@type\":\"PropertyValueSpecification\",\"valueRequired\":true,\"valueName\":\"search_term_string\"}}],\"inLanguage\":\"es\"}]}<\/script>\n<!-- \/ Yoast SEO Premium plugin. -->","yoast_head_json":{"title":"Andy Carey &#8211; Comisi\u00f3n para la Cooperaci\u00f3n Ambiental","robots":{"index":"noindex","follow":"follow"},"og_locale":"es_ES","og_type":"article","og_title":"Andy Carey","og_description":"Director ejecutivo (desde 2008) de la Alianza Fronteriza de Filantrop\u00eda M\u00e9xico-Estados Unidos (AFF), organizaci\u00f3n binacional con sede en San Diego, California, que apoya una red de casi 400 organizaciones dedicadas a construir prosperidad mediante el liderazgo, la colaboraci\u00f3n y la filantrop\u00eda en esta regi\u00f3n fronteriza, Andy Carey es tambi\u00e9n profesor adjunto de la Escuela de [&hellip;]","og_url":"https:\/\/www.cec.org\/es\/speaker\/andy-carey\/","og_site_name":"Comisi\u00f3n para la Cooperaci\u00f3n Ambiental","article_publisher":"https:\/\/www.facebook.com\/CECconnect","article_modified_time":"2024-07-11T18:46:05+00:00","og_image":[{"width":250,"height":250,"url":"https:\/\/www.cec.org\/wp-content\/uploads\/Carey.jpg","type":"image\/jpeg"}],"twitter_card":"summary_large_image","twitter_site":"@CECweb","schema":{"@context":"https:\/\/schema.org","@graph":[{"@type":"WebPage","@id":"https:\/\/www.cec.org\/es\/speaker\/andy-carey\/","url":"https:\/\/www.cec.org\/es\/speaker\/andy-carey\/","name":"Andy Carey &#8211; Comisi\u00f3n para la Cooperaci\u00f3n Ambiental","isPartOf":{"@id":"https:\/\/www.cec.org\/es\/#website"},"primaryImageOfPage":{"@id":"https:\/\/www.cec.org\/es\/speaker\/andy-carey\/#primaryimage"},"image":{"@id":"https:\/\/www.cec.org\/es\/speaker\/andy-carey\/#primaryimage"},"thumbnailUrl":"https:\/\/www.cec.org\/wp-content\/uploads\/Carey.jpg","datePublished":"2023-11-30T22:09:34+00:00","dateModified":"2024-07-11T18:46:05+00:00","breadcrumb":{"@id":"https:\/\/www.cec.org\/es\/speaker\/andy-carey\/#breadcrumb"},"inLanguage":"es","potentialAction":[{"@type":"ReadAction","target":["https:\/\/www.cec.org\/es\/speaker\/andy-carey\/"]}]},{"@type":"ImageObject","inLanguage":"es","@id":"https:\/\/www.cec.org\/es\/speaker\/andy-carey\/#primaryimage","url":"https:\/\/www.cec.org\/wp-content\/uploads\/Carey.jpg","contentUrl":"https:\/\/www.cec.org\/wp-content\/uploads\/Carey.jpg","width":250,"height":250,"caption":"Profile Photo"},{"@type":"BreadcrumbList","@id":"https:\/\/www.cec.org\/es\/speaker\/andy-carey\/#breadcrumb","itemListElement":[{"@type":"ListItem","position":1,"name":"Inicio","item":"https:\/\/www.cec.org\/es\/"},{"@type":"ListItem","position":2,"name":"Andy Carey"}]},{"@type":"WebSite","@id":"https:\/\/www.cec.org\/es\/#website","url":"https:\/\/www.cec.org\/es\/","name":"Commission for Environmental Cooperation","description":"Three countries working together to protect our shared environment","alternateName":"CEC - CCA -CCE","potentialAction":[{"@type":"SearchAction","target":{"@type":"EntryPoint","urlTemplate":"https:\/\/www.cec.org\/es\/?s={search_term_string}"},"query-input":{"@type":"PropertyValueSpecification","valueRequired":true,"valueName":"search_term_string"}}],"inLanguage":"es"}]}},"_links":{"self":[{"href":"https:\/\/www.cec.org\/es\/wp-json\/wp\/v2\/speaker\/53788","targetHints":{"allow":["GET"]}}],"collection":[{"href":"https:\/\/www.cec.org\/es\/wp-json\/wp\/v2\/speaker"}],"about":[{"href":"https:\/\/www.cec.org\/es\/wp-json\/wp\/v2\/types\/speaker"}],"wp:featuredmedia":[{"embeddable":true,"href":"https:\/\/www.cec.org\/es\/wp-json\/wp\/v2\/media\/49582"}],"wp:attachment":[{"href":"https:\/\/www.cec.org\/es\/wp-json\/wp\/v2\/media?parent=53788"}],"curies":[{"name":"wp","href":"https:\/\/api.w.org\/{rel}","templated":true}]}}

<p>Director ejecutivo (desde 2008) de la Alianza Fronteriza de Filantropía México-Estados Unidos (AFF), organización binacional con sede en San Diego, California, que apoya una red de casi 400 organizaciones dedicadas a construir prosperidad mediante el liderazgo, la colaboración y la filantropía en esta región fronteriza, Andy Carey es también profesor adjunto de la Escuela de Liderazgo y Ciencias de la Educación en la Universidad de San Diego, facultad en la que imparte cursos de posgrado en administración de entidades internacionales sin ánimo de lucro y de la que fue nombrado <em>profesor adjunto del año</em> en 2017-2018.</p>
<p>Carey cuenta con estudios de licenciatura y maestría en artes por la Universidad Purdue. Antes de asumir la estafeta de la AFF, prestó sus servicios durante 15 años en la organización Kiwanis International, a cargo de la movilización de voluntarios y la recaudación de fondos en todo el mundo. Actualmente desempeña numerosos cargos honorarios, de carácter cívico: es presidente del Comité Consultivo Nacional de la Agencia de Protección Ambiental (<em>Environmental Protection Agency</em>) de Estados Unidos y miembro del consejo de administración de la Fundación México-Estados Unidos para la Ciencia; asimismo, forma parte de la junta de consejo de la Escuela de Estudios de Paz y Justicia Kroc de la Universidad de San Diego, de la Independent Districting Commission de Escondido, California, y del consejo asesor de la Escuela Católica St. Mary en Escondido. En 2018, la Secretaría de Relaciones Exteriores de México le otorgó el reconocimiento Ohtli por su compromiso y atención permanentes a las necesidades e intereses de la comunidad mexicana residente en Estados Unidos.</p>

<p>Director ejecutivo (desde 2008) de la Alianza Fronteriza de Filantropía México-Estados Unidos (AFF), organización binacional con sede en San Diego, California, que apoya una red de casi 400 organizaciones dedicadas a construir prosperidad mediante el liderazgo, la colaboración y la filantropía en esta región fronteriza, Andy Carey es también profesor adjunto de la Escuela de [&hellip;]</p>

<!-- This site is optimized with the Yoast SEO Premium plugin v27.4 (Yoast SEO v27.4) - https://yoast.com/product/yoast-seo-premium-wordpress/ -->
<title>Andy Carey &#8211; Comisión para la Cooperación Ambiental</title>
<meta name="robots" content="noindex, follow" />
<meta property="og:locale" content="es_ES" />
<meta property="og:type" content="article" />
<meta property="og:title" content="Andy Carey" />
<meta property="og:description" content="Director ejecutivo (desde 2008) de la Alianza Fronteriza de Filantropía México-Estados Unidos (AFF), organización binacional con sede en San Diego, California, que apoya una red de casi 400 organizaciones dedicadas a construir prosperidad mediante el liderazgo, la colaboración y la filantropía en esta región fronteriza, Andy Carey es también profesor adjunto de la Escuela de [&hellip;]" />
<meta property="og:url" content="https://www.cec.org/es/speaker/andy-carey/" />
<meta property="og:site_name" content="Comisión para la Cooperación Ambiental" />
<meta property="article:publisher" content="https://www.facebook.com/CECconnect" />
<meta property="article:modified_time" content="2024-07-11T18:46:05+00:00" />
<meta property="og:image" content="https://www.cec.org/wp-content/uploads/Carey.jpg" />
	<meta property="og:image:width" content="250" />
	<meta property="og:image:height" content="250" />
	<meta property="og:image:type" content="image/jpeg" />
<meta name="twitter:card" content="summary_large_image" />
<meta name="twitter:site" content="@CECweb" />
<script type="application/ld+json" class="yoast-schema-graph">{"@context":"https:\/\/schema.org","@graph":[{"@type":"WebPage","@id":"https:\/\/www.cec.org\/es\/speaker\/andy-carey\/","url":"https:\/\/www.cec.org\/es\/speaker\/andy-carey\/","name":"Andy Carey &#8211; Comisión para la Cooperación Ambiental","isPartOf":{"@id":"https:\/\/www.cec.org\/es\/#website"},"primaryImageOfPage":{"@id":"https:\/\/www.cec.org\/es\/speaker\/andy-carey\/#primaryimage"},"image":{"@id":"https:\/\/www.cec.org\/es\/speaker\/andy-carey\/#primaryimage"},"thumbnailUrl":"https:\/\/www.cec.org\/wp-content\/uploads\/Carey.jpg","datePublished":"2023-11-30T22:09:34+00:00","dateModified":"2024-07-11T18:46:05+00:00","breadcrumb":{"@id":"https:\/\/www.cec.org\/es\/speaker\/andy-carey\/#breadcrumb"},"inLanguage":"es","potentialAction":[{"@type":"ReadAction","target":["https:\/\/www.cec.org\/es\/speaker\/andy-carey\/"]}]},{"@type":"ImageObject","inLanguage":"es","@id":"https:\/\/www.cec.org\/es\/speaker\/andy-carey\/#primaryimage","url":"https:\/\/www.cec.org\/wp-content\/uploads\/Carey.jpg","contentUrl":"https:\/\/www.cec.org\/wp-content\/uploads\/Carey.jpg","width":250,"height":250,"caption":"Profile Photo"},{"@type":"BreadcrumbList","@id":"https:\/\/www.cec.org\/es\/speaker\/andy-carey\/#breadcrumb","itemListElement":[{"@type":"ListItem","position":1,"name":"Inicio","item":"https:\/\/www.cec.org\/es\/"},{"@type":"ListItem","position":2,"name":"Andy Carey"}]},{"@type":"WebSite","@id":"https:\/\/www.cec.org\/es\/#website","url":"https:\/\/www.cec.org\/es\/","name":"Commission for Environmental Cooperation","description":"Three countries working together to protect our shared environment","alternateName":"CEC - CCA -CCE","potentialAction":[{"@type":"SearchAction","target":{"@type":"EntryPoint","urlTemplate":"https:\/\/www.cec.org\/es\/?s={search_term_string}"},"query-input":{"@type":"PropertyValueSpecification","valueRequired":true,"valueName":"search_term_string"}}],"inLanguage":"es"}]}</script>
<!-- / Yoast SEO Premium plugin. -->

Andy Carey &#8211; Comisión para la Cooperación Ambiental

Director ejecutivo (desde 2008) de la Alianza Fronteriza de Filantropía México-Estados Unidos (AFF), organización binacional con sede en San Diego, California, que apoya una red de casi 400 organizaciones dedicadas a construir prosperidad mediante el liderazgo, la colaboración y la filantropía en esta región fronteriza, Andy Carey es también profesor adjunto de la Escuela de [&hellip;]

Comisión para la Cooperación Ambiental
