{"id":48389,"date":"2021-03-01T14:16:25","date_gmt":"2021-03-01T19:16:25","guid":{"rendered":"http:\/\/www.cec.org\/north-american-environmental-atlas\/perdida-de-cubierta-forestal-en-el-parque-nacional-de-los-glaciares\/"},"modified":"2024-10-02T18:25:50","modified_gmt":"2024-10-02T22:25:50","slug":"perdida-de-cubierta-forestal-en-el-parque-nacional-de-los-glaciares","status":"publish","type":"mapmonday","link":"https:\/\/www.cec.org\/es\/mapmonday\/perdida-de-cubierta-forestal-en-el-parque-nacional-de-los-glaciares\/","title":{"rendered":"P\u00e9rdida de cubierta forestal en el Parque Nacional de los Glaciares"},"content":{"rendered":"<p>Como parte de nuestras actividades cartogr\u00e1ficas, nos topamos con una notoria p\u00e9rdida de cubierta forestal en el Parque Nacional de los Glaciares, registrada entre 2010 y 2015. Luego de una mayor investigaci\u00f3n, descubrimos que todo se debi\u00f3 al incendio Thompson de 2015, y ello nos remite al tema de la coordinaci\u00f3n y la respuesta a emergencias.<\/p>\n<p>Aunque han pasado varios a\u00f1os desde ese incendio de 2015, quedan vestigios de las acciones de respuesta a la emergencia, como ejemplos de la perdurable e importante labor que bomberos, administradores forestales y medios de comunicaci\u00f3n locales cumplen en la respuesta ante un incendio.<\/p>\n<p>Adem\u00e1s de ayudarnos a explorar el mundo que nos rodea, los mapas tienen tambi\u00e9n capacidad de archivo y nos recuerdan las historias de los seres humanos y el medio ambiente que no debemos olvidar.<\/p>\n<p>Visita el enlace en nuestro perfil y conoce m\u00e1s acerca de las experiencias locales de este cambio y el arduo trabajo que se realiza cuando el fuego llega a nuestros bosques.<\/p>\n","protected":false},"excerpt":{"rendered":"<p>Como parte de nuestras actividades cartogr\u00e1ficas, nos topamos con una notoria p\u00e9rdida de cubierta forestal en el Parque Nacional de los Glaciares, registrada entre 2010 y 2015. Luego de una mayor investigaci\u00f3n, descubrimos que todo se debi\u00f3 al incendio Thompson de 2015, y ello nos remite al tema de la coordinaci\u00f3n y la respuesta a [&hellip;]<\/p>\n","protected":false},"featured_media":48379,"template":"","class_list":["post-48389","mapmonday","type-mapmonday","status-publish","has-post-thumbnail","hentry","map_keyword-cobertura-del-suelo"],"acf":[],"yoast_head":"<!-- This site is optimized with the Yoast SEO Premium plugin v27.4 (Yoast SEO v27.4) - https:\/\/yoast.com\/product\/yoast-seo-premium-wordpress\/ -->\n<title>P\u00e9rdida de cubierta forestal en el Parque Nacional de los Glaciares<\/title>\n<meta name=\"description\" content=\"Como parte de nuestras actividades cartogr\u00e1ficas, nos topamos con una notoria p\u00e9rdida de cubierta forestal en el Parque Nacional de los Glaciares @GlacierNPS.\" \/>\n<meta name=\"robots\" content=\"index, follow, max-snippet:-1, max-image-preview:large, max-video-preview:-1\" \/>\n<link rel=\"canonical\" href=\"https:\/\/www.cec.org\/es\/mapmonday\/perdida-de-cubierta-forestal-en-el-parque-nacional-de-los-glaciares\/\" \/>\n<meta property=\"og:locale\" content=\"es_ES\" \/>\n<meta property=\"og:type\" content=\"article\" \/>\n<meta property=\"og:title\" content=\"P\u00e9rdida de cubierta forestal en el Parque Nacional de los Glaciares\" \/>\n<meta property=\"og:description\" content=\"Como parte de nuestras actividades cartogr\u00e1ficas, nos topamos con una notoria p\u00e9rdida de cubierta forestal en el Parque Nacional de los Glaciares,\" \/>\n<meta property=\"og:url\" content=\"https:\/\/www.cec.org\/es\/mapmonday\/perdida-de-cubierta-forestal-en-el-parque-nacional-de-los-glaciares\/\" \/>\n<meta property=\"og:site_name\" content=\"Comisi\u00f3n para la Cooperaci\u00f3n Ambiental\" \/>\n<meta property=\"article:publisher\" content=\"https:\/\/www.facebook.com\/CECconnect\" \/>\n<meta property=\"article:modified_time\" content=\"2024-10-02T22:25:50+00:00\" \/>\n<meta property=\"og:image\" content=\"https:\/\/www.cec.org\/wp-content\/uploads\/CEC_Map-Monday-Es-Instagram-1080x1080-210222-1.jpg\" \/>\n\t<meta property=\"og:image:width\" content=\"1000\" \/>\n\t<meta property=\"og:image:height\" content=\"1000\" \/>\n\t<meta property=\"og:image:type\" content=\"image\/jpeg\" \/>\n<meta name=\"twitter:card\" content=\"summary_large_image\" \/>\n<meta name=\"twitter:site\" content=\"@CECweb\" \/>\n<script type=\"application\/ld+json\" class=\"yoast-schema-graph\">{\"@context\":\"https:\\\/\\\/schema.org\",\"@graph\":[{\"@type\":\"WebPage\",\"@id\":\"https:\\\/\\\/www.cec.org\\\/es\\\/mapmonday\\\/perdida-de-cubierta-forestal-en-el-parque-nacional-de-los-glaciares\\\/\",\"url\":\"https:\\\/\\\/www.cec.org\\\/es\\\/mapmonday\\\/perdida-de-cubierta-forestal-en-el-parque-nacional-de-los-glaciares\\\/\",\"name\":\"P\u00e9rdida de cubierta forestal en el Parque Nacional de los Glaciares\",\"isPartOf\":{\"@id\":\"https:\\\/\\\/www.cec.org\\\/es\\\/#website\"},\"primaryImageOfPage\":{\"@id\":\"https:\\\/\\\/www.cec.org\\\/es\\\/mapmonday\\\/perdida-de-cubierta-forestal-en-el-parque-nacional-de-los-glaciares\\\/#primaryimage\"},\"image\":{\"@id\":\"https:\\\/\\\/www.cec.org\\\/es\\\/mapmonday\\\/perdida-de-cubierta-forestal-en-el-parque-nacional-de-los-glaciares\\\/#primaryimage\"},\"thumbnailUrl\":\"https:\\\/\\\/www.cec.org\\\/wp-content\\\/uploads\\\/CEC_Map-Monday-Es-Instagram-1080x1080-210222-1.jpg\",\"datePublished\":\"2021-03-01T19:16:25+00:00\",\"dateModified\":\"2024-10-02T22:25:50+00:00\",\"description\":\"Como parte de nuestras actividades cartogr\u00e1ficas, nos topamos con una notoria p\u00e9rdida de cubierta forestal en el Parque Nacional de los Glaciares @GlacierNPS.\",\"breadcrumb\":{\"@id\":\"https:\\\/\\\/www.cec.org\\\/es\\\/mapmonday\\\/perdida-de-cubierta-forestal-en-el-parque-nacional-de-los-glaciares\\\/#breadcrumb\"},\"inLanguage\":\"es\",\"potentialAction\":[{\"@type\":\"ReadAction\",\"target\":[\"https:\\\/\\\/www.cec.org\\\/es\\\/mapmonday\\\/perdida-de-cubierta-forestal-en-el-parque-nacional-de-los-glaciares\\\/\"]}]},{\"@type\":\"ImageObject\",\"inLanguage\":\"es\",\"@id\":\"https:\\\/\\\/www.cec.org\\\/es\\\/mapmonday\\\/perdida-de-cubierta-forestal-en-el-parque-nacional-de-los-glaciares\\\/#primaryimage\",\"url\":\"https:\\\/\\\/www.cec.org\\\/wp-content\\\/uploads\\\/CEC_Map-Monday-Es-Instagram-1080x1080-210222-1.jpg\",\"contentUrl\":\"https:\\\/\\\/www.cec.org\\\/wp-content\\\/uploads\\\/CEC_Map-Monday-Es-Instagram-1080x1080-210222-1.jpg\",\"width\":1000,\"height\":1000,\"caption\":\"P\u00e9rdida de cubierta forestal en el Parque Nacional de los Glaciares\"},{\"@type\":\"BreadcrumbList\",\"@id\":\"https:\\\/\\\/www.cec.org\\\/es\\\/mapmonday\\\/perdida-de-cubierta-forestal-en-el-parque-nacional-de-los-glaciares\\\/#breadcrumb\",\"itemListElement\":[{\"@type\":\"ListItem\",\"position\":1,\"name\":\"Inicio\",\"item\":\"https:\\\/\\\/www.cec.org\\\/es\\\/\"},{\"@type\":\"ListItem\",\"position\":2,\"name\":\"P\u00e9rdida de cubierta forestal en el Parque Nacional de los Glaciares\"}]},{\"@type\":\"WebSite\",\"@id\":\"https:\\\/\\\/www.cec.org\\\/es\\\/#website\",\"url\":\"https:\\\/\\\/www.cec.org\\\/es\\\/\",\"name\":\"Commission for Environmental Cooperation\",\"description\":\"Three countries working together to protect our shared environment\",\"alternateName\":\"CEC - CCA -CCE\",\"potentialAction\":[{\"@type\":\"SearchAction\",\"target\":{\"@type\":\"EntryPoint\",\"urlTemplate\":\"https:\\\/\\\/www.cec.org\\\/es\\\/?s={search_term_string}\"},\"query-input\":{\"@type\":\"PropertyValueSpecification\",\"valueRequired\":true,\"valueName\":\"search_term_string\"}}],\"inLanguage\":\"es\"}]}<\/script>\n<!-- \/ Yoast SEO Premium plugin. -->","yoast_head_json":{"title":"P\u00e9rdida de cubierta forestal en el Parque Nacional de los Glaciares","description":"Como parte de nuestras actividades cartogr\u00e1ficas, nos topamos con una notoria p\u00e9rdida de cubierta forestal en el Parque Nacional de los Glaciares @GlacierNPS.","robots":{"index":"index","follow":"follow","max-snippet":"max-snippet:-1","max-image-preview":"max-image-preview:large","max-video-preview":"max-video-preview:-1"},"canonical":"https:\/\/www.cec.org\/es\/mapmonday\/perdida-de-cubierta-forestal-en-el-parque-nacional-de-los-glaciares\/","og_locale":"es_ES","og_type":"article","og_title":"P\u00e9rdida de cubierta forestal en el Parque Nacional de los Glaciares","og_description":"Como parte de nuestras actividades cartogr\u00e1ficas, nos topamos con una notoria p\u00e9rdida de cubierta forestal en el Parque Nacional de los Glaciares,","og_url":"https:\/\/www.cec.org\/es\/mapmonday\/perdida-de-cubierta-forestal-en-el-parque-nacional-de-los-glaciares\/","og_site_name":"Comisi\u00f3n para la Cooperaci\u00f3n Ambiental","article_publisher":"https:\/\/www.facebook.com\/CECconnect","article_modified_time":"2024-10-02T22:25:50+00:00","og_image":[{"width":1000,"height":1000,"url":"https:\/\/www.cec.org\/wp-content\/uploads\/CEC_Map-Monday-Es-Instagram-1080x1080-210222-1.jpg","type":"image\/jpeg"}],"twitter_card":"summary_large_image","twitter_site":"@CECweb","schema":{"@context":"https:\/\/schema.org","@graph":[{"@type":"WebPage","@id":"https:\/\/www.cec.org\/es\/mapmonday\/perdida-de-cubierta-forestal-en-el-parque-nacional-de-los-glaciares\/","url":"https:\/\/www.cec.org\/es\/mapmonday\/perdida-de-cubierta-forestal-en-el-parque-nacional-de-los-glaciares\/","name":"P\u00e9rdida de cubierta forestal en el Parque Nacional de los Glaciares","isPartOf":{"@id":"https:\/\/www.cec.org\/es\/#website"},"primaryImageOfPage":{"@id":"https:\/\/www.cec.org\/es\/mapmonday\/perdida-de-cubierta-forestal-en-el-parque-nacional-de-los-glaciares\/#primaryimage"},"image":{"@id":"https:\/\/www.cec.org\/es\/mapmonday\/perdida-de-cubierta-forestal-en-el-parque-nacional-de-los-glaciares\/#primaryimage"},"thumbnailUrl":"https:\/\/www.cec.org\/wp-content\/uploads\/CEC_Map-Monday-Es-Instagram-1080x1080-210222-1.jpg","datePublished":"2021-03-01T19:16:25+00:00","dateModified":"2024-10-02T22:25:50+00:00","description":"Como parte de nuestras actividades cartogr\u00e1ficas, nos topamos con una notoria p\u00e9rdida de cubierta forestal en el Parque Nacional de los Glaciares @GlacierNPS.","breadcrumb":{"@id":"https:\/\/www.cec.org\/es\/mapmonday\/perdida-de-cubierta-forestal-en-el-parque-nacional-de-los-glaciares\/#breadcrumb"},"inLanguage":"es","potentialAction":[{"@type":"ReadAction","target":["https:\/\/www.cec.org\/es\/mapmonday\/perdida-de-cubierta-forestal-en-el-parque-nacional-de-los-glaciares\/"]}]},{"@type":"ImageObject","inLanguage":"es","@id":"https:\/\/www.cec.org\/es\/mapmonday\/perdida-de-cubierta-forestal-en-el-parque-nacional-de-los-glaciares\/#primaryimage","url":"https:\/\/www.cec.org\/wp-content\/uploads\/CEC_Map-Monday-Es-Instagram-1080x1080-210222-1.jpg","contentUrl":"https:\/\/www.cec.org\/wp-content\/uploads\/CEC_Map-Monday-Es-Instagram-1080x1080-210222-1.jpg","width":1000,"height":1000,"caption":"P\u00e9rdida de cubierta forestal en el Parque Nacional de los Glaciares"},{"@type":"BreadcrumbList","@id":"https:\/\/www.cec.org\/es\/mapmonday\/perdida-de-cubierta-forestal-en-el-parque-nacional-de-los-glaciares\/#breadcrumb","itemListElement":[{"@type":"ListItem","position":1,"name":"Inicio","item":"https:\/\/www.cec.org\/es\/"},{"@type":"ListItem","position":2,"name":"P\u00e9rdida de cubierta forestal en el Parque Nacional de los Glaciares"}]},{"@type":"WebSite","@id":"https:\/\/www.cec.org\/es\/#website","url":"https:\/\/www.cec.org\/es\/","name":"Commission for Environmental Cooperation","description":"Three countries working together to protect our shared environment","alternateName":"CEC - CCA -CCE","potentialAction":[{"@type":"SearchAction","target":{"@type":"EntryPoint","urlTemplate":"https:\/\/www.cec.org\/es\/?s={search_term_string}"},"query-input":{"@type":"PropertyValueSpecification","valueRequired":true,"valueName":"search_term_string"}}],"inLanguage":"es"}]}},"_links":{"self":[{"href":"https:\/\/www.cec.org\/es\/wp-json\/wp\/v2\/mapmonday\/48389","targetHints":{"allow":["GET"]}}],"collection":[{"href":"https:\/\/www.cec.org\/es\/wp-json\/wp\/v2\/mapmonday"}],"about":[{"href":"https:\/\/www.cec.org\/es\/wp-json\/wp\/v2\/types\/mapmonday"}],"wp:featuredmedia":[{"embeddable":true,"href":"https:\/\/www.cec.org\/es\/wp-json\/wp\/v2\/media\/48379"}],"wp:attachment":[{"href":"https:\/\/www.cec.org\/es\/wp-json\/wp\/v2\/media?parent=48389"}],"curies":[{"name":"wp","href":"https:\/\/api.w.org\/{rel}","templated":true}]}}

Pérdida de cubierta forestal en el Parque Nacional de los Glaciares

<p>Como parte de nuestras actividades cartográficas, nos topamos con una notoria pérdida de cubierta forestal en el Parque Nacional de los Glaciares, registrada entre 2010 y 2015. Luego de una mayor investigación, descubrimos que todo se debió al incendio Thompson de 2015, y ello nos remite al tema de la coordinación y la respuesta a emergencias.</p>
<p>Aunque han pasado varios años desde ese incendio de 2015, quedan vestigios de las acciones de respuesta a la emergencia, como ejemplos de la perdurable e importante labor que bomberos, administradores forestales y medios de comunicación locales cumplen en la respuesta ante un incendio.</p>
<p>Además de ayudarnos a explorar el mundo que nos rodea, los mapas tienen también capacidad de archivo y nos recuerdan las historias de los seres humanos y el medio ambiente que no debemos olvidar.</p>
<p>Visita el enlace en nuestro perfil y conoce más acerca de las experiencias locales de este cambio y el arduo trabajo que se realiza cuando el fuego llega a nuestros bosques.</p>

<p>Como parte de nuestras actividades cartográficas, nos topamos con una notoria pérdida de cubierta forestal en el Parque Nacional de los Glaciares, registrada entre 2010 y 2015. Luego de una mayor investigación, descubrimos que todo se debió al incendio Thompson de 2015, y ello nos remite al tema de la coordinación y la respuesta a [&hellip;]</p>

<!-- This site is optimized with the Yoast SEO Premium plugin v27.4 (Yoast SEO v27.4) - https://yoast.com/product/yoast-seo-premium-wordpress/ -->
<title>Pérdida de cubierta forestal en el Parque Nacional de los Glaciares</title>
<meta name="description" content="Como parte de nuestras actividades cartográficas, nos topamos con una notoria pérdida de cubierta forestal en el Parque Nacional de los Glaciares @GlacierNPS." />
<meta name="robots" content="index, follow, max-snippet:-1, max-image-preview:large, max-video-preview:-1" />
<link rel="canonical" href="https://www.cec.org/es/mapmonday/perdida-de-cubierta-forestal-en-el-parque-nacional-de-los-glaciares/" />
<meta property="og:locale" content="es_ES" />
<meta property="og:type" content="article" />
<meta property="og:title" content="Pérdida de cubierta forestal en el Parque Nacional de los Glaciares" />
<meta property="og:description" content="Como parte de nuestras actividades cartográficas, nos topamos con una notoria pérdida de cubierta forestal en el Parque Nacional de los Glaciares," />
<meta property="og:url" content="https://www.cec.org/es/mapmonday/perdida-de-cubierta-forestal-en-el-parque-nacional-de-los-glaciares/" />
<meta property="og:site_name" content="Comisión para la Cooperación Ambiental" />
<meta property="article:publisher" content="https://www.facebook.com/CECconnect" />
<meta property="article:modified_time" content="2024-10-02T22:25:50+00:00" />
<meta property="og:image" content="https://www.cec.org/wp-content/uploads/CEC_Map-Monday-Es-Instagram-1080x1080-210222-1.jpg" />
	<meta property="og:image:width" content="1000" />
	<meta property="og:image:height" content="1000" />
	<meta property="og:image:type" content="image/jpeg" />
<meta name="twitter:card" content="summary_large_image" />
<meta name="twitter:site" content="@CECweb" />
<script type="application/ld+json" class="yoast-schema-graph">{"@context":"https:\/\/schema.org","@graph":[{"@type":"WebPage","@id":"https:\/\/www.cec.org\/es\/mapmonday\/perdida-de-cubierta-forestal-en-el-parque-nacional-de-los-glaciares\/","url":"https:\/\/www.cec.org\/es\/mapmonday\/perdida-de-cubierta-forestal-en-el-parque-nacional-de-los-glaciares\/","name":"Pérdida de cubierta forestal en el Parque Nacional de los Glaciares","isPartOf":{"@id":"https:\/\/www.cec.org\/es\/#website"},"primaryImageOfPage":{"@id":"https:\/\/www.cec.org\/es\/mapmonday\/perdida-de-cubierta-forestal-en-el-parque-nacional-de-los-glaciares\/#primaryimage"},"image":{"@id":"https:\/\/www.cec.org\/es\/mapmonday\/perdida-de-cubierta-forestal-en-el-parque-nacional-de-los-glaciares\/#primaryimage"},"thumbnailUrl":"https:\/\/www.cec.org\/wp-content\/uploads\/CEC_Map-Monday-Es-Instagram-1080x1080-210222-1.jpg","datePublished":"2021-03-01T19:16:25+00:00","dateModified":"2024-10-02T22:25:50+00:00","description":"Como parte de nuestras actividades cartográficas, nos topamos con una notoria pérdida de cubierta forestal en el Parque Nacional de los Glaciares @GlacierNPS.","breadcrumb":{"@id":"https:\/\/www.cec.org\/es\/mapmonday\/perdida-de-cubierta-forestal-en-el-parque-nacional-de-los-glaciares\/#breadcrumb"},"inLanguage":"es","potentialAction":[{"@type":"ReadAction","target":["https:\/\/www.cec.org\/es\/mapmonday\/perdida-de-cubierta-forestal-en-el-parque-nacional-de-los-glaciares\/"]}]},{"@type":"ImageObject","inLanguage":"es","@id":"https:\/\/www.cec.org\/es\/mapmonday\/perdida-de-cubierta-forestal-en-el-parque-nacional-de-los-glaciares\/#primaryimage","url":"https:\/\/www.cec.org\/wp-content\/uploads\/CEC_Map-Monday-Es-Instagram-1080x1080-210222-1.jpg","contentUrl":"https:\/\/www.cec.org\/wp-content\/uploads\/CEC_Map-Monday-Es-Instagram-1080x1080-210222-1.jpg","width":1000,"height":1000,"caption":"Pérdida de cubierta forestal en el Parque Nacional de los Glaciares"},{"@type":"BreadcrumbList","@id":"https:\/\/www.cec.org\/es\/mapmonday\/perdida-de-cubierta-forestal-en-el-parque-nacional-de-los-glaciares\/#breadcrumb","itemListElement":[{"@type":"ListItem","position":1,"name":"Inicio","item":"https:\/\/www.cec.org\/es\/"},{"@type":"ListItem","position":2,"name":"Pérdida de cubierta forestal en el Parque Nacional de los Glaciares"}]},{"@type":"WebSite","@id":"https:\/\/www.cec.org\/es\/#website","url":"https:\/\/www.cec.org\/es\/","name":"Commission for Environmental Cooperation","description":"Three countries working together to protect our shared environment","alternateName":"CEC - CCA -CCE","potentialAction":[{"@type":"SearchAction","target":{"@type":"EntryPoint","urlTemplate":"https:\/\/www.cec.org\/es\/?s={search_term_string}"},"query-input":{"@type":"PropertyValueSpecification","valueRequired":true,"valueName":"search_term_string"}}],"inLanguage":"es"}]}</script>
<!-- / Yoast SEO Premium plugin. -->

Como parte de nuestras actividades cartográficas, nos topamos con una notoria pérdida de cubierta forestal en el Parque Nacional de los Glaciares @GlacierNPS.

Como parte de nuestras actividades cartográficas, nos topamos con una notoria pérdida de cubierta forestal en el Parque Nacional de los Glaciares,

Comisión para la Cooperación Ambiental
