{"id":57412,"date":"2024-11-07T10:40:01","date_gmt":"2024-11-07T15:40:01","guid":{"rendered":"http:\/\/www.cec.org\/events\/presentacion-del-plan-de-integracion-de-las-ciencias-sociales-en-los-pastizales-centrales\/"},"modified":"2025-06-20T12:59:06","modified_gmt":"2025-06-20T16:59:06","slug":"presentacion-del-plan-de-integracion-de-las-ciencias-sociales-en-los-pastizales-centrales","status":"publish","type":"events","link":"https:\/\/www.cec.org\/es\/eventos\/presentacion-del-plan-de-integracion-de-las-ciencias-sociales-en-los-pastizales-centrales\/","title":{"rendered":"Presentaci\u00f3n del Plan de Integraci\u00f3n de las Ciencias Sociales en los Pastizales Centrales"},"content":{"rendered":"<p>Esta presentaci\u00f3n se organiz\u00f3 como parte del proyecto trilateral \u00ab<a href=\"https:\/\/www.cec.org\/es\/conservacion-de-pastizales-y-aves-migratorias\/\">Conservaci\u00f3n de pastizales y aves migratorias<\/a>\u00bb con el objetivo de compartir las conclusiones del informe de s\u00edntesis sobre las ciencias sociales y las dimensiones humanas relacionadas con los esfuerzos de conservaci\u00f3n de los Pastizales Centrales.<\/p>\n","protected":false},"excerpt":{"rendered":"<p>Esta presentaci\u00f3n se organiz\u00f3 como parte del proyecto trilateral \u00abConservaci\u00f3n de pastizales y aves migratorias\u00bb con el objetivo de compartir las conclusiones del informe de s\u00edntesis sobre las ciencias sociales y las dimensiones humanas relacionadas con los esfuerzos de conservaci\u00f3n de los Pastizales Centrales.<\/p>\n","protected":false},"featured_media":47100,"template":"","class_list":["post-57412","events","type-events","status-publish","has-post-thumbnail","hentry","participation-por-invitacion-solamente","themes-ecosistemas"],"acf":[],"yoast_head":"<!-- This site is optimized with the Yoast SEO Premium plugin v27.4 (Yoast SEO v27.4) - https:\/\/yoast.com\/product\/yoast-seo-premium-wordpress\/ -->\n<title>Presentaci\u00f3n del Plan de Integraci\u00f3n de las Ciencias Sociales en los Pastizales Centrales<\/title>\n<meta name=\"description\" content=\"Esta presentaci\u00f3n se organiz\u00f3 como parte del proyecto trilateral \u00abConservaci\u00f3n de pastizales y aves migratorias\u00bb con el objetivo de compartir las\" \/>\n<meta name=\"robots\" content=\"index, follow, max-snippet:-1, max-image-preview:large, max-video-preview:-1\" \/>\n<link rel=\"canonical\" href=\"https:\/\/www.cec.org\/es\/eventos\/presentacion-del-plan-de-integracion-de-las-ciencias-sociales-en-los-pastizales-centrales\/\" \/>\n<meta property=\"og:locale\" content=\"es_ES\" \/>\n<meta property=\"og:type\" content=\"article\" \/>\n<meta property=\"og:title\" content=\"Presentaci\u00f3n del Plan de Integraci\u00f3n de las Ciencias Sociales en los Pastizales Centrales\" \/>\n<meta property=\"og:description\" content=\"CEC events range from large public consultations to small, expert meetings on specific environmental issues.\" \/>\n<meta property=\"og:url\" content=\"https:\/\/www.cec.org\/es\/eventos\/presentacion-del-plan-de-integracion-de-las-ciencias-sociales-en-los-pastizales-centrales\/\" \/>\n<meta property=\"og:site_name\" content=\"Comisi\u00f3n para la Cooperaci\u00f3n Ambiental\" \/>\n<meta property=\"article:publisher\" content=\"https:\/\/www.facebook.com\/CECconnect\" \/>\n<meta property=\"article:modified_time\" content=\"2025-06-20T16:59:06+00:00\" \/>\n<meta property=\"og:image\" content=\"https:\/\/www.cec.org\/wp-content\/uploads\/Grasslands-Conservation-and-Migratory-Birds.jpg\" \/>\n\t<meta property=\"og:image:width\" content=\"600\" \/>\n\t<meta property=\"og:image:height\" content=\"342\" \/>\n\t<meta property=\"og:image:type\" content=\"image\/jpeg\" \/>\n<meta name=\"twitter:card\" content=\"summary_large_image\" \/>\n<meta name=\"twitter:site\" content=\"@CECweb\" \/>\n<script type=\"application\/ld+json\" class=\"yoast-schema-graph\">{\"@context\":\"https:\\\/\\\/schema.org\",\"@graph\":[{\"@type\":\"WebPage\",\"@id\":\"https:\\\/\\\/www.cec.org\\\/es\\\/eventos\\\/presentacion-del-plan-de-integracion-de-las-ciencias-sociales-en-los-pastizales-centrales\\\/\",\"url\":\"https:\\\/\\\/www.cec.org\\\/es\\\/eventos\\\/presentacion-del-plan-de-integracion-de-las-ciencias-sociales-en-los-pastizales-centrales\\\/\",\"name\":\"Presentaci\u00f3n del Plan de Integraci\u00f3n de las Ciencias Sociales en los Pastizales Centrales\",\"isPartOf\":{\"@id\":\"https:\\\/\\\/www.cec.org\\\/es\\\/#website\"},\"primaryImageOfPage\":{\"@id\":\"https:\\\/\\\/www.cec.org\\\/es\\\/eventos\\\/presentacion-del-plan-de-integracion-de-las-ciencias-sociales-en-los-pastizales-centrales\\\/#primaryimage\"},\"image\":{\"@id\":\"https:\\\/\\\/www.cec.org\\\/es\\\/eventos\\\/presentacion-del-plan-de-integracion-de-las-ciencias-sociales-en-los-pastizales-centrales\\\/#primaryimage\"},\"thumbnailUrl\":\"https:\\\/\\\/www.cec.org\\\/wp-content\\\/uploads\\\/Grasslands-Conservation-and-Migratory-Birds.jpg\",\"datePublished\":\"2024-11-07T15:40:01+00:00\",\"dateModified\":\"2025-06-20T16:59:06+00:00\",\"description\":\"Esta presentaci\u00f3n se organiz\u00f3 como parte del proyecto trilateral \u00abConservaci\u00f3n de pastizales y aves migratorias\u00bb con el objetivo de compartir las\",\"breadcrumb\":{\"@id\":\"https:\\\/\\\/www.cec.org\\\/es\\\/eventos\\\/presentacion-del-plan-de-integracion-de-las-ciencias-sociales-en-los-pastizales-centrales\\\/#breadcrumb\"},\"inLanguage\":\"es\",\"potentialAction\":[{\"@type\":\"ReadAction\",\"target\":[\"https:\\\/\\\/www.cec.org\\\/es\\\/eventos\\\/presentacion-del-plan-de-integracion-de-las-ciencias-sociales-en-los-pastizales-centrales\\\/\"]}]},{\"@type\":\"ImageObject\",\"inLanguage\":\"es\",\"@id\":\"https:\\\/\\\/www.cec.org\\\/es\\\/eventos\\\/presentacion-del-plan-de-integracion-de-las-ciencias-sociales-en-los-pastizales-centrales\\\/#primaryimage\",\"url\":\"https:\\\/\\\/www.cec.org\\\/wp-content\\\/uploads\\\/Grasslands-Conservation-and-Migratory-Birds.jpg\",\"contentUrl\":\"https:\\\/\\\/www.cec.org\\\/wp-content\\\/uploads\\\/Grasslands-Conservation-and-Migratory-Birds.jpg\",\"width\":600,\"height\":342,\"caption\":\"grasslands conservation - grandes planicies\"},{\"@type\":\"BreadcrumbList\",\"@id\":\"https:\\\/\\\/www.cec.org\\\/es\\\/eventos\\\/presentacion-del-plan-de-integracion-de-las-ciencias-sociales-en-los-pastizales-centrales\\\/#breadcrumb\",\"itemListElement\":[{\"@type\":\"ListItem\",\"position\":1,\"name\":\"Inicio\",\"item\":\"https:\\\/\\\/www.cec.org\\\/es\\\/\"},{\"@type\":\"ListItem\",\"position\":2,\"name\":\"Eventos\",\"item\":\"https:\\\/\\\/www.cec.org\\\/es\\\/eventos\\\/\"},{\"@type\":\"ListItem\",\"position\":3,\"name\":\"Presentaci\u00f3n del Plan de Integraci\u00f3n de las Ciencias Sociales en los Pastizales Centrales\"}]},{\"@type\":\"WebSite\",\"@id\":\"https:\\\/\\\/www.cec.org\\\/es\\\/#website\",\"url\":\"https:\\\/\\\/www.cec.org\\\/es\\\/\",\"name\":\"Commission for Environmental Cooperation\",\"description\":\"Three countries working together to protect our shared environment\",\"alternateName\":\"CEC - CCA -CCE\",\"potentialAction\":[{\"@type\":\"SearchAction\",\"target\":{\"@type\":\"EntryPoint\",\"urlTemplate\":\"https:\\\/\\\/www.cec.org\\\/es\\\/?s={search_term_string}\"},\"query-input\":{\"@type\":\"PropertyValueSpecification\",\"valueRequired\":true,\"valueName\":\"search_term_string\"}}],\"inLanguage\":\"es\"}]}<\/script>\n<!-- \/ Yoast SEO Premium plugin. -->","yoast_head_json":{"title":"Presentaci\u00f3n del Plan de Integraci\u00f3n de las Ciencias Sociales en los Pastizales Centrales","description":"Esta presentaci\u00f3n se organiz\u00f3 como parte del proyecto trilateral \u00abConservaci\u00f3n de pastizales y aves migratorias\u00bb con el objetivo de compartir las","robots":{"index":"index","follow":"follow","max-snippet":"max-snippet:-1","max-image-preview":"max-image-preview:large","max-video-preview":"max-video-preview:-1"},"canonical":"https:\/\/www.cec.org\/es\/eventos\/presentacion-del-plan-de-integracion-de-las-ciencias-sociales-en-los-pastizales-centrales\/","og_locale":"es_ES","og_type":"article","og_title":"Presentaci\u00f3n del Plan de Integraci\u00f3n de las Ciencias Sociales en los Pastizales Centrales","og_description":"CEC events range from large public consultations to small, expert meetings on specific environmental issues.","og_url":"https:\/\/www.cec.org\/es\/eventos\/presentacion-del-plan-de-integracion-de-las-ciencias-sociales-en-los-pastizales-centrales\/","og_site_name":"Comisi\u00f3n para la Cooperaci\u00f3n Ambiental","article_publisher":"https:\/\/www.facebook.com\/CECconnect","article_modified_time":"2025-06-20T16:59:06+00:00","og_image":[{"width":600,"height":342,"url":"https:\/\/www.cec.org\/wp-content\/uploads\/Grasslands-Conservation-and-Migratory-Birds.jpg","type":"image\/jpeg"}],"twitter_card":"summary_large_image","twitter_site":"@CECweb","schema":{"@context":"https:\/\/schema.org","@graph":[{"@type":"WebPage","@id":"https:\/\/www.cec.org\/es\/eventos\/presentacion-del-plan-de-integracion-de-las-ciencias-sociales-en-los-pastizales-centrales\/","url":"https:\/\/www.cec.org\/es\/eventos\/presentacion-del-plan-de-integracion-de-las-ciencias-sociales-en-los-pastizales-centrales\/","name":"Presentaci\u00f3n del Plan de Integraci\u00f3n de las Ciencias Sociales en los Pastizales Centrales","isPartOf":{"@id":"https:\/\/www.cec.org\/es\/#website"},"primaryImageOfPage":{"@id":"https:\/\/www.cec.org\/es\/eventos\/presentacion-del-plan-de-integracion-de-las-ciencias-sociales-en-los-pastizales-centrales\/#primaryimage"},"image":{"@id":"https:\/\/www.cec.org\/es\/eventos\/presentacion-del-plan-de-integracion-de-las-ciencias-sociales-en-los-pastizales-centrales\/#primaryimage"},"thumbnailUrl":"https:\/\/www.cec.org\/wp-content\/uploads\/Grasslands-Conservation-and-Migratory-Birds.jpg","datePublished":"2024-11-07T15:40:01+00:00","dateModified":"2025-06-20T16:59:06+00:00","description":"Esta presentaci\u00f3n se organiz\u00f3 como parte del proyecto trilateral \u00abConservaci\u00f3n de pastizales y aves migratorias\u00bb con el objetivo de compartir las","breadcrumb":{"@id":"https:\/\/www.cec.org\/es\/eventos\/presentacion-del-plan-de-integracion-de-las-ciencias-sociales-en-los-pastizales-centrales\/#breadcrumb"},"inLanguage":"es","potentialAction":[{"@type":"ReadAction","target":["https:\/\/www.cec.org\/es\/eventos\/presentacion-del-plan-de-integracion-de-las-ciencias-sociales-en-los-pastizales-centrales\/"]}]},{"@type":"ImageObject","inLanguage":"es","@id":"https:\/\/www.cec.org\/es\/eventos\/presentacion-del-plan-de-integracion-de-las-ciencias-sociales-en-los-pastizales-centrales\/#primaryimage","url":"https:\/\/www.cec.org\/wp-content\/uploads\/Grasslands-Conservation-and-Migratory-Birds.jpg","contentUrl":"https:\/\/www.cec.org\/wp-content\/uploads\/Grasslands-Conservation-and-Migratory-Birds.jpg","width":600,"height":342,"caption":"grasslands conservation - grandes planicies"},{"@type":"BreadcrumbList","@id":"https:\/\/www.cec.org\/es\/eventos\/presentacion-del-plan-de-integracion-de-las-ciencias-sociales-en-los-pastizales-centrales\/#breadcrumb","itemListElement":[{"@type":"ListItem","position":1,"name":"Inicio","item":"https:\/\/www.cec.org\/es\/"},{"@type":"ListItem","position":2,"name":"Eventos","item":"https:\/\/www.cec.org\/es\/eventos\/"},{"@type":"ListItem","position":3,"name":"Presentaci\u00f3n del Plan de Integraci\u00f3n de las Ciencias Sociales en los Pastizales Centrales"}]},{"@type":"WebSite","@id":"https:\/\/www.cec.org\/es\/#website","url":"https:\/\/www.cec.org\/es\/","name":"Commission for Environmental Cooperation","description":"Three countries working together to protect our shared environment","alternateName":"CEC - CCA -CCE","potentialAction":[{"@type":"SearchAction","target":{"@type":"EntryPoint","urlTemplate":"https:\/\/www.cec.org\/es\/?s={search_term_string}"},"query-input":{"@type":"PropertyValueSpecification","valueRequired":true,"valueName":"search_term_string"}}],"inLanguage":"es"}]}},"_links":{"self":[{"href":"https:\/\/www.cec.org\/es\/wp-json\/wp\/v2\/events\/57412","targetHints":{"allow":["GET"]}}],"collection":[{"href":"https:\/\/www.cec.org\/es\/wp-json\/wp\/v2\/events"}],"about":[{"href":"https:\/\/www.cec.org\/es\/wp-json\/wp\/v2\/types\/events"}],"wp:featuredmedia":[{"embeddable":true,"href":"https:\/\/www.cec.org\/es\/wp-json\/wp\/v2\/media\/47100"}],"wp:attachment":[{"href":"https:\/\/www.cec.org\/es\/wp-json\/wp\/v2\/media?parent=57412"}],"curies":[{"name":"wp","href":"https:\/\/api.w.org\/{rel}","templated":true}]}}

Presentación del Plan de Integración de las Ciencias Sociales en los Pastizales Centrales

<p>Esta presentación se organizó como parte del proyecto trilateral «<a href="https://www.cec.org/es/conservacion-de-pastizales-y-aves-migratorias/">Conservación de pastizales y aves migratorias</a>» con el objetivo de compartir las conclusiones del informe de síntesis sobre las ciencias sociales y las dimensiones humanas relacionadas con los esfuerzos de conservación de los Pastizales Centrales.</p>

<p>Esta presentación se organizó como parte del proyecto trilateral «Conservación de pastizales y aves migratorias» con el objetivo de compartir las conclusiones del informe de síntesis sobre las ciencias sociales y las dimensiones humanas relacionadas con los esfuerzos de conservación de los Pastizales Centrales.</p>

<!-- This site is optimized with the Yoast SEO Premium plugin v27.4 (Yoast SEO v27.4) - https://yoast.com/product/yoast-seo-premium-wordpress/ -->
<title>Presentación del Plan de Integración de las Ciencias Sociales en los Pastizales Centrales</title>
<meta name="description" content="Esta presentación se organizó como parte del proyecto trilateral «Conservación de pastizales y aves migratorias» con el objetivo de compartir las" />
<meta name="robots" content="index, follow, max-snippet:-1, max-image-preview:large, max-video-preview:-1" />
<link rel="canonical" href="https://www.cec.org/es/eventos/presentacion-del-plan-de-integracion-de-las-ciencias-sociales-en-los-pastizales-centrales/" />
<meta property="og:locale" content="es_ES" />
<meta property="og:type" content="article" />
<meta property="og:title" content="Presentación del Plan de Integración de las Ciencias Sociales en los Pastizales Centrales" />
<meta property="og:description" content="CEC events range from large public consultations to small, expert meetings on specific environmental issues." />
<meta property="og:url" content="https://www.cec.org/es/eventos/presentacion-del-plan-de-integracion-de-las-ciencias-sociales-en-los-pastizales-centrales/" />
<meta property="og:site_name" content="Comisión para la Cooperación Ambiental" />
<meta property="article:publisher" content="https://www.facebook.com/CECconnect" />
<meta property="article:modified_time" content="2025-06-20T16:59:06+00:00" />
<meta property="og:image" content="https://www.cec.org/wp-content/uploads/Grasslands-Conservation-and-Migratory-Birds.jpg" />
	<meta property="og:image:width" content="600" />
	<meta property="og:image:height" content="342" />
	<meta property="og:image:type" content="image/jpeg" />
<meta name="twitter:card" content="summary_large_image" />
<meta name="twitter:site" content="@CECweb" />
<script type="application/ld+json" class="yoast-schema-graph">{"@context":"https:\/\/schema.org","@graph":[{"@type":"WebPage","@id":"https:\/\/www.cec.org\/es\/eventos\/presentacion-del-plan-de-integracion-de-las-ciencias-sociales-en-los-pastizales-centrales\/","url":"https:\/\/www.cec.org\/es\/eventos\/presentacion-del-plan-de-integracion-de-las-ciencias-sociales-en-los-pastizales-centrales\/","name":"Presentación del Plan de Integración de las Ciencias Sociales en los Pastizales Centrales","isPartOf":{"@id":"https:\/\/www.cec.org\/es\/#website"},"primaryImageOfPage":{"@id":"https:\/\/www.cec.org\/es\/eventos\/presentacion-del-plan-de-integracion-de-las-ciencias-sociales-en-los-pastizales-centrales\/#primaryimage"},"image":{"@id":"https:\/\/www.cec.org\/es\/eventos\/presentacion-del-plan-de-integracion-de-las-ciencias-sociales-en-los-pastizales-centrales\/#primaryimage"},"thumbnailUrl":"https:\/\/www.cec.org\/wp-content\/uploads\/Grasslands-Conservation-and-Migratory-Birds.jpg","datePublished":"2024-11-07T15:40:01+00:00","dateModified":"2025-06-20T16:59:06+00:00","description":"Esta presentación se organizó como parte del proyecto trilateral «Conservación de pastizales y aves migratorias» con el objetivo de compartir las","breadcrumb":{"@id":"https:\/\/www.cec.org\/es\/eventos\/presentacion-del-plan-de-integracion-de-las-ciencias-sociales-en-los-pastizales-centrales\/#breadcrumb"},"inLanguage":"es","potentialAction":[{"@type":"ReadAction","target":["https:\/\/www.cec.org\/es\/eventos\/presentacion-del-plan-de-integracion-de-las-ciencias-sociales-en-los-pastizales-centrales\/"]}]},{"@type":"ImageObject","inLanguage":"es","@id":"https:\/\/www.cec.org\/es\/eventos\/presentacion-del-plan-de-integracion-de-las-ciencias-sociales-en-los-pastizales-centrales\/#primaryimage","url":"https:\/\/www.cec.org\/wp-content\/uploads\/Grasslands-Conservation-and-Migratory-Birds.jpg","contentUrl":"https:\/\/www.cec.org\/wp-content\/uploads\/Grasslands-Conservation-and-Migratory-Birds.jpg","width":600,"height":342,"caption":"grasslands conservation - grandes planicies"},{"@type":"BreadcrumbList","@id":"https:\/\/www.cec.org\/es\/eventos\/presentacion-del-plan-de-integracion-de-las-ciencias-sociales-en-los-pastizales-centrales\/#breadcrumb","itemListElement":[{"@type":"ListItem","position":1,"name":"Inicio","item":"https:\/\/www.cec.org\/es\/"},{"@type":"ListItem","position":2,"name":"Eventos","item":"https:\/\/www.cec.org\/es\/eventos\/"},{"@type":"ListItem","position":3,"name":"Presentación del Plan de Integración de las Ciencias Sociales en los Pastizales Centrales"}]},{"@type":"WebSite","@id":"https:\/\/www.cec.org\/es\/#website","url":"https:\/\/www.cec.org\/es\/","name":"Commission for Environmental Cooperation","description":"Three countries working together to protect our shared environment","alternateName":"CEC - CCA -CCE","potentialAction":[{"@type":"SearchAction","target":{"@type":"EntryPoint","urlTemplate":"https:\/\/www.cec.org\/es\/?s={search_term_string}"},"query-input":{"@type":"PropertyValueSpecification","valueRequired":true,"valueName":"search_term_string"}}],"inLanguage":"es"}]}</script>
<!-- / Yoast SEO Premium plugin. -->

Esta presentación se organizó como parte del proyecto trilateral «Conservación de pastizales y aves migratorias» con el objetivo de compartir las

Comisión para la Cooperación Ambiental
