{"id":33815,"date":"2009-09-24T17:52:25","date_gmt":"2009-09-24T21:52:25","guid":{"rendered":"http:\/\/www.cec.org\/events\/sesion-09-02-del-ccpc\/"},"modified":"2025-06-20T12:43:38","modified_gmt":"2025-06-20T16:43:38","slug":"sesion-09-02-del-ccpc","status":"publish","type":"events","link":"https:\/\/www.cec.org\/es\/eventos\/sesion-09-02-del-ccpc\/","title":{"rendered":"Sesi\u00f3n 09-02 del CCPC"},"content":{"rendered":"<p>El CCPC se reuni\u00f3 con los funcionarios a cargo de los programas del Secretariado en septiembre de 2009, en Montreal, Canad\u00e1, a fin de analizar los borradores de las propuestas preliminares de proyectos para el Plan Operativo de la CCA correspondiente a 2010.<\/p>\n","protected":false},"excerpt":{"rendered":"<p>El CCPC se reuni\u00f3 con los funcionarios a cargo de los programas del Secretariado en septiembre de 2009, en Montreal, Canad\u00e1, a fin de analizar los borradores de las propuestas preliminares de proyectos para el Plan Operativo de la CCA correspondiente a 2010.<\/p>\n","protected":false},"featured_media":31654,"template":"","class_list":["post-33815","events","type-events","status-publish","has-post-thumbnail","hentry","event_category-sesion-del-ccpc","country-canada-es","participation-cerrado-es"],"acf":[],"yoast_head":"<!-- This site is optimized with the Yoast SEO Premium plugin v27.4 (Yoast SEO v27.4) - https:\/\/yoast.com\/product\/yoast-seo-premium-wordpress\/ -->\n<title>Sesi\u00f3n 09-02 del CCPC<\/title>\n<meta name=\"description\" content=\"El CCPC se reuni\u00f3 con los funcionarios a cargo de los programas del Secretariado en septiembre de 2009, en Montreal, Canad\u00e1, a fin de analizar los\" \/>\n<meta name=\"robots\" content=\"index, follow, max-snippet:-1, max-image-preview:large, max-video-preview:-1\" \/>\n<link rel=\"canonical\" href=\"https:\/\/www.cec.org\/es\/eventos\/sesion-09-02-del-ccpc\/\" \/>\n<meta property=\"og:locale\" content=\"es_ES\" \/>\n<meta property=\"og:type\" content=\"article\" \/>\n<meta property=\"og:title\" content=\"Sesi\u00f3n 09-02 del CCPC\" \/>\n<meta property=\"og:description\" content=\"CEC events range from large public consultations to small, expert meetings on specific environmental issues.\" \/>\n<meta property=\"og:url\" content=\"https:\/\/www.cec.org\/es\/eventos\/sesion-09-02-del-ccpc\/\" \/>\n<meta property=\"og:site_name\" content=\"Comisi\u00f3n para la Cooperaci\u00f3n Ambiental\" \/>\n<meta property=\"article:publisher\" content=\"https:\/\/www.facebook.com\/CECconnect\" \/>\n<meta property=\"article:modified_time\" content=\"2025-06-20T16:43:38+00:00\" \/>\n<meta property=\"og:image\" content=\"https:\/\/www.cec.org\/wp-content\/uploads\/2020\/06\/sp1.jpg\" \/>\n\t<meta property=\"og:image:width\" content=\"600\" \/>\n\t<meta property=\"og:image:height\" content=\"342\" \/>\n\t<meta property=\"og:image:type\" content=\"image\/jpeg\" \/>\n<meta name=\"twitter:card\" content=\"summary_large_image\" \/>\n<meta name=\"twitter:site\" content=\"@CECweb\" \/>\n<script type=\"application\/ld+json\" class=\"yoast-schema-graph\">{\"@context\":\"https:\\\/\\\/schema.org\",\"@graph\":[{\"@type\":\"WebPage\",\"@id\":\"https:\\\/\\\/www.cec.org\\\/es\\\/eventos\\\/sesion-09-02-del-ccpc\\\/\",\"url\":\"https:\\\/\\\/www.cec.org\\\/es\\\/eventos\\\/sesion-09-02-del-ccpc\\\/\",\"name\":\"Sesi\u00f3n 09-02 del CCPC\",\"isPartOf\":{\"@id\":\"https:\\\/\\\/www.cec.org\\\/es\\\/#website\"},\"primaryImageOfPage\":{\"@id\":\"https:\\\/\\\/www.cec.org\\\/es\\\/eventos\\\/sesion-09-02-del-ccpc\\\/#primaryimage\"},\"image\":{\"@id\":\"https:\\\/\\\/www.cec.org\\\/es\\\/eventos\\\/sesion-09-02-del-ccpc\\\/#primaryimage\"},\"thumbnailUrl\":\"https:\\\/\\\/www.cec.org\\\/wp-content\\\/uploads\\\/2020\\\/06\\\/sp1.jpg\",\"datePublished\":\"2009-09-24T21:52:25+00:00\",\"dateModified\":\"2025-06-20T16:43:38+00:00\",\"description\":\"El CCPC se reuni\u00f3 con los funcionarios a cargo de los programas del Secretariado en septiembre de 2009, en Montreal, Canad\u00e1, a fin de analizar los\",\"breadcrumb\":{\"@id\":\"https:\\\/\\\/www.cec.org\\\/es\\\/eventos\\\/sesion-09-02-del-ccpc\\\/#breadcrumb\"},\"inLanguage\":\"es\",\"potentialAction\":[{\"@type\":\"ReadAction\",\"target\":[\"https:\\\/\\\/www.cec.org\\\/es\\\/eventos\\\/sesion-09-02-del-ccpc\\\/\"]}]},{\"@type\":\"ImageObject\",\"inLanguage\":\"es\",\"@id\":\"https:\\\/\\\/www.cec.org\\\/es\\\/eventos\\\/sesion-09-02-del-ccpc\\\/#primaryimage\",\"url\":\"https:\\\/\\\/www.cec.org\\\/wp-content\\\/uploads\\\/2020\\\/06\\\/sp1.jpg\",\"contentUrl\":\"https:\\\/\\\/www.cec.org\\\/wp-content\\\/uploads\\\/2020\\\/06\\\/sp1.jpg\",\"width\":600,\"height\":342,\"caption\":\"Consulta p\u00fablica\"},{\"@type\":\"BreadcrumbList\",\"@id\":\"https:\\\/\\\/www.cec.org\\\/es\\\/eventos\\\/sesion-09-02-del-ccpc\\\/#breadcrumb\",\"itemListElement\":[{\"@type\":\"ListItem\",\"position\":1,\"name\":\"Inicio\",\"item\":\"https:\\\/\\\/www.cec.org\\\/es\\\/\"},{\"@type\":\"ListItem\",\"position\":2,\"name\":\"Eventos\",\"item\":\"https:\\\/\\\/www.cec.org\\\/es\\\/eventos\\\/\"},{\"@type\":\"ListItem\",\"position\":3,\"name\":\"Sesi\u00f3n 09-02 del CCPC\"}]},{\"@type\":\"WebSite\",\"@id\":\"https:\\\/\\\/www.cec.org\\\/es\\\/#website\",\"url\":\"https:\\\/\\\/www.cec.org\\\/es\\\/\",\"name\":\"Commission for Environmental Cooperation\",\"description\":\"Three countries working together to protect our shared environment\",\"alternateName\":\"CEC - CCA -CCE\",\"potentialAction\":[{\"@type\":\"SearchAction\",\"target\":{\"@type\":\"EntryPoint\",\"urlTemplate\":\"https:\\\/\\\/www.cec.org\\\/es\\\/?s={search_term_string}\"},\"query-input\":{\"@type\":\"PropertyValueSpecification\",\"valueRequired\":true,\"valueName\":\"search_term_string\"}}],\"inLanguage\":\"es\"}]}<\/script>\n<!-- \/ Yoast SEO Premium plugin. -->","yoast_head_json":{"title":"Sesi\u00f3n 09-02 del CCPC","description":"El CCPC se reuni\u00f3 con los funcionarios a cargo de los programas del Secretariado en septiembre de 2009, en Montreal, Canad\u00e1, a fin de analizar los","robots":{"index":"index","follow":"follow","max-snippet":"max-snippet:-1","max-image-preview":"max-image-preview:large","max-video-preview":"max-video-preview:-1"},"canonical":"https:\/\/www.cec.org\/es\/eventos\/sesion-09-02-del-ccpc\/","og_locale":"es_ES","og_type":"article","og_title":"Sesi\u00f3n 09-02 del CCPC","og_description":"CEC events range from large public consultations to small, expert meetings on specific environmental issues.","og_url":"https:\/\/www.cec.org\/es\/eventos\/sesion-09-02-del-ccpc\/","og_site_name":"Comisi\u00f3n para la Cooperaci\u00f3n Ambiental","article_publisher":"https:\/\/www.facebook.com\/CECconnect","article_modified_time":"2025-06-20T16:43:38+00:00","og_image":[{"width":600,"height":342,"url":"https:\/\/www.cec.org\/wp-content\/uploads\/2020\/06\/sp1.jpg","type":"image\/jpeg"}],"twitter_card":"summary_large_image","twitter_site":"@CECweb","schema":{"@context":"https:\/\/schema.org","@graph":[{"@type":"WebPage","@id":"https:\/\/www.cec.org\/es\/eventos\/sesion-09-02-del-ccpc\/","url":"https:\/\/www.cec.org\/es\/eventos\/sesion-09-02-del-ccpc\/","name":"Sesi\u00f3n 09-02 del CCPC","isPartOf":{"@id":"https:\/\/www.cec.org\/es\/#website"},"primaryImageOfPage":{"@id":"https:\/\/www.cec.org\/es\/eventos\/sesion-09-02-del-ccpc\/#primaryimage"},"image":{"@id":"https:\/\/www.cec.org\/es\/eventos\/sesion-09-02-del-ccpc\/#primaryimage"},"thumbnailUrl":"https:\/\/www.cec.org\/wp-content\/uploads\/2020\/06\/sp1.jpg","datePublished":"2009-09-24T21:52:25+00:00","dateModified":"2025-06-20T16:43:38+00:00","description":"El CCPC se reuni\u00f3 con los funcionarios a cargo de los programas del Secretariado en septiembre de 2009, en Montreal, Canad\u00e1, a fin de analizar los","breadcrumb":{"@id":"https:\/\/www.cec.org\/es\/eventos\/sesion-09-02-del-ccpc\/#breadcrumb"},"inLanguage":"es","potentialAction":[{"@type":"ReadAction","target":["https:\/\/www.cec.org\/es\/eventos\/sesion-09-02-del-ccpc\/"]}]},{"@type":"ImageObject","inLanguage":"es","@id":"https:\/\/www.cec.org\/es\/eventos\/sesion-09-02-del-ccpc\/#primaryimage","url":"https:\/\/www.cec.org\/wp-content\/uploads\/2020\/06\/sp1.jpg","contentUrl":"https:\/\/www.cec.org\/wp-content\/uploads\/2020\/06\/sp1.jpg","width":600,"height":342,"caption":"Consulta p\u00fablica"},{"@type":"BreadcrumbList","@id":"https:\/\/www.cec.org\/es\/eventos\/sesion-09-02-del-ccpc\/#breadcrumb","itemListElement":[{"@type":"ListItem","position":1,"name":"Inicio","item":"https:\/\/www.cec.org\/es\/"},{"@type":"ListItem","position":2,"name":"Eventos","item":"https:\/\/www.cec.org\/es\/eventos\/"},{"@type":"ListItem","position":3,"name":"Sesi\u00f3n 09-02 del CCPC"}]},{"@type":"WebSite","@id":"https:\/\/www.cec.org\/es\/#website","url":"https:\/\/www.cec.org\/es\/","name":"Commission for Environmental Cooperation","description":"Three countries working together to protect our shared environment","alternateName":"CEC - CCA -CCE","potentialAction":[{"@type":"SearchAction","target":{"@type":"EntryPoint","urlTemplate":"https:\/\/www.cec.org\/es\/?s={search_term_string}"},"query-input":{"@type":"PropertyValueSpecification","valueRequired":true,"valueName":"search_term_string"}}],"inLanguage":"es"}]}},"_links":{"self":[{"href":"https:\/\/www.cec.org\/es\/wp-json\/wp\/v2\/events\/33815","targetHints":{"allow":["GET"]}}],"collection":[{"href":"https:\/\/www.cec.org\/es\/wp-json\/wp\/v2\/events"}],"about":[{"href":"https:\/\/www.cec.org\/es\/wp-json\/wp\/v2\/types\/events"}],"wp:featuredmedia":[{"embeddable":true,"href":"https:\/\/www.cec.org\/es\/wp-json\/wp\/v2\/media\/31654"}],"wp:attachment":[{"href":"https:\/\/www.cec.org\/es\/wp-json\/wp\/v2\/media?parent=33815"}],"curies":[{"name":"wp","href":"https:\/\/api.w.org\/{rel}","templated":true}]}}

Sesión 09-02 del CCPC

<p>El CCPC se reunió con los funcionarios a cargo de los programas del Secretariado en septiembre de 2009, en Montreal, Canadá, a fin de analizar los borradores de las propuestas preliminares de proyectos para el Plan Operativo de la CCA correspondiente a 2010.</p>

<!-- This site is optimized with the Yoast SEO Premium plugin v27.4 (Yoast SEO v27.4) - https://yoast.com/product/yoast-seo-premium-wordpress/ -->
<title>Sesión 09-02 del CCPC</title>
<meta name="description" content="El CCPC se reunió con los funcionarios a cargo de los programas del Secretariado en septiembre de 2009, en Montreal, Canadá, a fin de analizar los" />
<meta name="robots" content="index, follow, max-snippet:-1, max-image-preview:large, max-video-preview:-1" />
<link rel="canonical" href="https://www.cec.org/es/eventos/sesion-09-02-del-ccpc/" />
<meta property="og:locale" content="es_ES" />
<meta property="og:type" content="article" />
<meta property="og:title" content="Sesión 09-02 del CCPC" />
<meta property="og:description" content="CEC events range from large public consultations to small, expert meetings on specific environmental issues." />
<meta property="og:url" content="https://www.cec.org/es/eventos/sesion-09-02-del-ccpc/" />
<meta property="og:site_name" content="Comisión para la Cooperación Ambiental" />
<meta property="article:publisher" content="https://www.facebook.com/CECconnect" />
<meta property="article:modified_time" content="2025-06-20T16:43:38+00:00" />
<meta property="og:image" content="https://www.cec.org/wp-content/uploads/2020/06/sp1.jpg" />
	<meta property="og:image:width" content="600" />
	<meta property="og:image:height" content="342" />
	<meta property="og:image:type" content="image/jpeg" />
<meta name="twitter:card" content="summary_large_image" />
<meta name="twitter:site" content="@CECweb" />
<script type="application/ld+json" class="yoast-schema-graph">{"@context":"https:\/\/schema.org","@graph":[{"@type":"WebPage","@id":"https:\/\/www.cec.org\/es\/eventos\/sesion-09-02-del-ccpc\/","url":"https:\/\/www.cec.org\/es\/eventos\/sesion-09-02-del-ccpc\/","name":"Sesión 09-02 del CCPC","isPartOf":{"@id":"https:\/\/www.cec.org\/es\/#website"},"primaryImageOfPage":{"@id":"https:\/\/www.cec.org\/es\/eventos\/sesion-09-02-del-ccpc\/#primaryimage"},"image":{"@id":"https:\/\/www.cec.org\/es\/eventos\/sesion-09-02-del-ccpc\/#primaryimage"},"thumbnailUrl":"https:\/\/www.cec.org\/wp-content\/uploads\/2020\/06\/sp1.jpg","datePublished":"2009-09-24T21:52:25+00:00","dateModified":"2025-06-20T16:43:38+00:00","description":"El CCPC se reunió con los funcionarios a cargo de los programas del Secretariado en septiembre de 2009, en Montreal, Canadá, a fin de analizar los","breadcrumb":{"@id":"https:\/\/www.cec.org\/es\/eventos\/sesion-09-02-del-ccpc\/#breadcrumb"},"inLanguage":"es","potentialAction":[{"@type":"ReadAction","target":["https:\/\/www.cec.org\/es\/eventos\/sesion-09-02-del-ccpc\/"]}]},{"@type":"ImageObject","inLanguage":"es","@id":"https:\/\/www.cec.org\/es\/eventos\/sesion-09-02-del-ccpc\/#primaryimage","url":"https:\/\/www.cec.org\/wp-content\/uploads\/2020\/06\/sp1.jpg","contentUrl":"https:\/\/www.cec.org\/wp-content\/uploads\/2020\/06\/sp1.jpg","width":600,"height":342,"caption":"Consulta pública"},{"@type":"BreadcrumbList","@id":"https:\/\/www.cec.org\/es\/eventos\/sesion-09-02-del-ccpc\/#breadcrumb","itemListElement":[{"@type":"ListItem","position":1,"name":"Inicio","item":"https:\/\/www.cec.org\/es\/"},{"@type":"ListItem","position":2,"name":"Eventos","item":"https:\/\/www.cec.org\/es\/eventos\/"},{"@type":"ListItem","position":3,"name":"Sesión 09-02 del CCPC"}]},{"@type":"WebSite","@id":"https:\/\/www.cec.org\/es\/#website","url":"https:\/\/www.cec.org\/es\/","name":"Commission for Environmental Cooperation","description":"Three countries working together to protect our shared environment","alternateName":"CEC - CCA -CCE","potentialAction":[{"@type":"SearchAction","target":{"@type":"EntryPoint","urlTemplate":"https:\/\/www.cec.org\/es\/?s={search_term_string}"},"query-input":{"@type":"PropertyValueSpecification","valueRequired":true,"valueName":"search_term_string"}}],"inLanguage":"es"}]}</script>
<!-- / Yoast SEO Premium plugin. -->

El CCPC se reunió con los funcionarios a cargo de los programas del Secretariado en septiembre de 2009, en Montreal, Canadá, a fin de analizar los

Comisión para la Cooperación Ambiental

Consulta pública
