{"id":13836,"date":"1996-07-18T00:00:00","date_gmt":"1996-07-18T04:00:00","guid":{"rendered":"http:\/\/www.cec.org\/events\/comite-consultivo-publico-conjunto-sesion-no-96-03\/"},"modified":"2025-06-20T12:44:32","modified_gmt":"2025-06-20T16:44:32","slug":"comite-consultivo-publico-conjunto-sesion-no-96-03","status":"publish","type":"events","link":"https:\/\/www.cec.org\/es\/eventos\/comite-consultivo-publico-conjunto-sesion-no-96-03\/","title":{"rendered":"Comit\u00e9 Consultivo P\u00fablico Conjunto Sesi\u00f3n No. 96-03"},"content":{"rendered":"<p>La Presidencia hizo una actualizaci\u00f3n sobre las actividades de planeaci\u00f3n para esta sesi\u00f3n, en la reuni\u00f3n p\u00fablica preparatoria del 19 de julio en San Diego, y la Sesi\u00f3n P\u00fablica del Consejo se sostendr\u00e1 el 1 de agosto en Toronto.<\/p>\n","protected":false},"excerpt":{"rendered":"<p>La Presidencia hizo una actualizaci\u00f3n sobre las actividades de planeaci\u00f3n para esta sesi\u00f3n, en la reuni\u00f3n p\u00fablica preparatoria del 19 de julio en San Diego, y la Sesi\u00f3n P\u00fablica del Consejo se sostendr\u00e1 el 1 de agosto en Toronto.<\/p>\n","protected":false},"featured_media":4792,"template":"","class_list":["post-13836","events","type-events","status-publish","has-post-thumbnail","hentry","event_category-sesion-del-ccpc","event_category-reunion","country-estados-unidos","participation-abierto-al-publico-es","themes-aplicacion-de-la-legislacion"],"acf":[],"yoast_head":"<!-- This site is optimized with the Yoast SEO Premium plugin v27.4 (Yoast SEO v27.4) - https:\/\/yoast.com\/product\/yoast-seo-premium-wordpress\/ -->\n<title>Comit\u00e9 Consultivo P\u00fablico Conjunto Sesi\u00f3n No. 96-03<\/title>\n<meta name=\"description\" content=\"La Presidencia hizo una actualizaci\u00f3n sobre las actividades de planeaci\u00f3n para esta sesi\u00f3n, en la reuni\u00f3n p\u00fablica preparatoria del 19 de julio en San\" \/>\n<meta name=\"robots\" content=\"index, follow, max-snippet:-1, max-image-preview:large, max-video-preview:-1\" \/>\n<link rel=\"canonical\" href=\"https:\/\/www.cec.org\/es\/eventos\/comite-consultivo-publico-conjunto-sesion-no-96-03\/\" \/>\n<meta property=\"og:locale\" content=\"es_ES\" \/>\n<meta property=\"og:type\" content=\"article\" \/>\n<meta property=\"og:title\" content=\"Comit\u00e9 Consultivo P\u00fablico Conjunto Sesi\u00f3n No. 96-03\" \/>\n<meta property=\"og:description\" content=\"CEC events range from large public consultations to small, expert meetings on specific environmental issues.\" \/>\n<meta property=\"og:url\" content=\"https:\/\/www.cec.org\/es\/eventos\/comite-consultivo-publico-conjunto-sesion-no-96-03\/\" \/>\n<meta property=\"og:site_name\" content=\"Comisi\u00f3n para la Cooperaci\u00f3n Ambiental\" \/>\n<meta property=\"article:publisher\" content=\"https:\/\/www.facebook.com\/CECconnect\" \/>\n<meta property=\"article:modified_time\" content=\"2025-06-20T16:44:32+00:00\" \/>\n<meta property=\"og:image\" content=\"https:\/\/www.cec.org\/wp-content\/uploads\/2019\/10\/cc_greening_transport.png\" \/>\n\t<meta property=\"og:image:width\" content=\"600\" \/>\n\t<meta property=\"og:image:height\" content=\"342\" \/>\n\t<meta property=\"og:image:type\" content=\"image\/png\" \/>\n<meta name=\"twitter:card\" content=\"summary_large_image\" \/>\n<meta name=\"twitter:site\" content=\"@CECweb\" \/>\n<script type=\"application\/ld+json\" class=\"yoast-schema-graph\">{\"@context\":\"https:\\\/\\\/schema.org\",\"@graph\":[{\"@type\":\"WebPage\",\"@id\":\"https:\\\/\\\/www.cec.org\\\/es\\\/eventos\\\/comite-consultivo-publico-conjunto-sesion-no-96-03\\\/\",\"url\":\"https:\\\/\\\/www.cec.org\\\/es\\\/eventos\\\/comite-consultivo-publico-conjunto-sesion-no-96-03\\\/\",\"name\":\"Comit\u00e9 Consultivo P\u00fablico Conjunto Sesi\u00f3n No. 96-03\",\"isPartOf\":{\"@id\":\"https:\\\/\\\/www.cec.org\\\/es\\\/#website\"},\"primaryImageOfPage\":{\"@id\":\"https:\\\/\\\/www.cec.org\\\/es\\\/eventos\\\/comite-consultivo-publico-conjunto-sesion-no-96-03\\\/#primaryimage\"},\"image\":{\"@id\":\"https:\\\/\\\/www.cec.org\\\/es\\\/eventos\\\/comite-consultivo-publico-conjunto-sesion-no-96-03\\\/#primaryimage\"},\"thumbnailUrl\":\"https:\\\/\\\/www.cec.org\\\/wp-content\\\/uploads\\\/2019\\\/10\\\/cc_greening_transport.png\",\"datePublished\":\"1996-07-18T04:00:00+00:00\",\"dateModified\":\"2025-06-20T16:44:32+00:00\",\"description\":\"La Presidencia hizo una actualizaci\u00f3n sobre las actividades de planeaci\u00f3n para esta sesi\u00f3n, en la reuni\u00f3n p\u00fablica preparatoria del 19 de julio en San\",\"breadcrumb\":{\"@id\":\"https:\\\/\\\/www.cec.org\\\/es\\\/eventos\\\/comite-consultivo-publico-conjunto-sesion-no-96-03\\\/#breadcrumb\"},\"inLanguage\":\"es\",\"potentialAction\":[{\"@type\":\"ReadAction\",\"target\":[\"https:\\\/\\\/www.cec.org\\\/es\\\/eventos\\\/comite-consultivo-publico-conjunto-sesion-no-96-03\\\/\"]}]},{\"@type\":\"ImageObject\",\"inLanguage\":\"es\",\"@id\":\"https:\\\/\\\/www.cec.org\\\/es\\\/eventos\\\/comite-consultivo-publico-conjunto-sesion-no-96-03\\\/#primaryimage\",\"url\":\"https:\\\/\\\/www.cec.org\\\/wp-content\\\/uploads\\\/2019\\\/10\\\/cc_greening_transport.png\",\"contentUrl\":\"https:\\\/\\\/www.cec.org\\\/wp-content\\\/uploads\\\/2019\\\/10\\\/cc_greening_transport.png\",\"width\":600,\"height\":342,\"caption\":\"Mexico-USA Border:\"},{\"@type\":\"BreadcrumbList\",\"@id\":\"https:\\\/\\\/www.cec.org\\\/es\\\/eventos\\\/comite-consultivo-publico-conjunto-sesion-no-96-03\\\/#breadcrumb\",\"itemListElement\":[{\"@type\":\"ListItem\",\"position\":1,\"name\":\"Inicio\",\"item\":\"https:\\\/\\\/www.cec.org\\\/es\\\/\"},{\"@type\":\"ListItem\",\"position\":2,\"name\":\"Eventos\",\"item\":\"https:\\\/\\\/www.cec.org\\\/es\\\/eventos\\\/\"},{\"@type\":\"ListItem\",\"position\":3,\"name\":\"Comit\u00e9 Consultivo P\u00fablico Conjunto Sesi\u00f3n No. 96-03\"}]},{\"@type\":\"WebSite\",\"@id\":\"https:\\\/\\\/www.cec.org\\\/es\\\/#website\",\"url\":\"https:\\\/\\\/www.cec.org\\\/es\\\/\",\"name\":\"Commission for Environmental Cooperation\",\"description\":\"Three countries working together to protect our shared environment\",\"alternateName\":\"CEC - CCA -CCE\",\"potentialAction\":[{\"@type\":\"SearchAction\",\"target\":{\"@type\":\"EntryPoint\",\"urlTemplate\":\"https:\\\/\\\/www.cec.org\\\/es\\\/?s={search_term_string}\"},\"query-input\":{\"@type\":\"PropertyValueSpecification\",\"valueRequired\":true,\"valueName\":\"search_term_string\"}}],\"inLanguage\":\"es\"}]}<\/script>\n<!-- \/ Yoast SEO Premium plugin. -->","yoast_head_json":{"title":"Comit\u00e9 Consultivo P\u00fablico Conjunto Sesi\u00f3n No. 96-03","description":"La Presidencia hizo una actualizaci\u00f3n sobre las actividades de planeaci\u00f3n para esta sesi\u00f3n, en la reuni\u00f3n p\u00fablica preparatoria del 19 de julio en San","robots":{"index":"index","follow":"follow","max-snippet":"max-snippet:-1","max-image-preview":"max-image-preview:large","max-video-preview":"max-video-preview:-1"},"canonical":"https:\/\/www.cec.org\/es\/eventos\/comite-consultivo-publico-conjunto-sesion-no-96-03\/","og_locale":"es_ES","og_type":"article","og_title":"Comit\u00e9 Consultivo P\u00fablico Conjunto Sesi\u00f3n No. 96-03","og_description":"CEC events range from large public consultations to small, expert meetings on specific environmental issues.","og_url":"https:\/\/www.cec.org\/es\/eventos\/comite-consultivo-publico-conjunto-sesion-no-96-03\/","og_site_name":"Comisi\u00f3n para la Cooperaci\u00f3n Ambiental","article_publisher":"https:\/\/www.facebook.com\/CECconnect","article_modified_time":"2025-06-20T16:44:32+00:00","og_image":[{"width":600,"height":342,"url":"https:\/\/www.cec.org\/wp-content\/uploads\/2019\/10\/cc_greening_transport.png","type":"image\/png"}],"twitter_card":"summary_large_image","twitter_site":"@CECweb","schema":{"@context":"https:\/\/schema.org","@graph":[{"@type":"WebPage","@id":"https:\/\/www.cec.org\/es\/eventos\/comite-consultivo-publico-conjunto-sesion-no-96-03\/","url":"https:\/\/www.cec.org\/es\/eventos\/comite-consultivo-publico-conjunto-sesion-no-96-03\/","name":"Comit\u00e9 Consultivo P\u00fablico Conjunto Sesi\u00f3n No. 96-03","isPartOf":{"@id":"https:\/\/www.cec.org\/es\/#website"},"primaryImageOfPage":{"@id":"https:\/\/www.cec.org\/es\/eventos\/comite-consultivo-publico-conjunto-sesion-no-96-03\/#primaryimage"},"image":{"@id":"https:\/\/www.cec.org\/es\/eventos\/comite-consultivo-publico-conjunto-sesion-no-96-03\/#primaryimage"},"thumbnailUrl":"https:\/\/www.cec.org\/wp-content\/uploads\/2019\/10\/cc_greening_transport.png","datePublished":"1996-07-18T04:00:00+00:00","dateModified":"2025-06-20T16:44:32+00:00","description":"La Presidencia hizo una actualizaci\u00f3n sobre las actividades de planeaci\u00f3n para esta sesi\u00f3n, en la reuni\u00f3n p\u00fablica preparatoria del 19 de julio en San","breadcrumb":{"@id":"https:\/\/www.cec.org\/es\/eventos\/comite-consultivo-publico-conjunto-sesion-no-96-03\/#breadcrumb"},"inLanguage":"es","potentialAction":[{"@type":"ReadAction","target":["https:\/\/www.cec.org\/es\/eventos\/comite-consultivo-publico-conjunto-sesion-no-96-03\/"]}]},{"@type":"ImageObject","inLanguage":"es","@id":"https:\/\/www.cec.org\/es\/eventos\/comite-consultivo-publico-conjunto-sesion-no-96-03\/#primaryimage","url":"https:\/\/www.cec.org\/wp-content\/uploads\/2019\/10\/cc_greening_transport.png","contentUrl":"https:\/\/www.cec.org\/wp-content\/uploads\/2019\/10\/cc_greening_transport.png","width":600,"height":342,"caption":"Mexico-USA Border:"},{"@type":"BreadcrumbList","@id":"https:\/\/www.cec.org\/es\/eventos\/comite-consultivo-publico-conjunto-sesion-no-96-03\/#breadcrumb","itemListElement":[{"@type":"ListItem","position":1,"name":"Inicio","item":"https:\/\/www.cec.org\/es\/"},{"@type":"ListItem","position":2,"name":"Eventos","item":"https:\/\/www.cec.org\/es\/eventos\/"},{"@type":"ListItem","position":3,"name":"Comit\u00e9 Consultivo P\u00fablico Conjunto Sesi\u00f3n No. 96-03"}]},{"@type":"WebSite","@id":"https:\/\/www.cec.org\/es\/#website","url":"https:\/\/www.cec.org\/es\/","name":"Commission for Environmental Cooperation","description":"Three countries working together to protect our shared environment","alternateName":"CEC - CCA -CCE","potentialAction":[{"@type":"SearchAction","target":{"@type":"EntryPoint","urlTemplate":"https:\/\/www.cec.org\/es\/?s={search_term_string}"},"query-input":{"@type":"PropertyValueSpecification","valueRequired":true,"valueName":"search_term_string"}}],"inLanguage":"es"}]}},"_links":{"self":[{"href":"https:\/\/www.cec.org\/es\/wp-json\/wp\/v2\/events\/13836","targetHints":{"allow":["GET"]}}],"collection":[{"href":"https:\/\/www.cec.org\/es\/wp-json\/wp\/v2\/events"}],"about":[{"href":"https:\/\/www.cec.org\/es\/wp-json\/wp\/v2\/types\/events"}],"wp:featuredmedia":[{"embeddable":true,"href":"https:\/\/www.cec.org\/es\/wp-json\/wp\/v2\/media\/4792"}],"wp:attachment":[{"href":"https:\/\/www.cec.org\/es\/wp-json\/wp\/v2\/media?parent=13836"}],"curies":[{"name":"wp","href":"https:\/\/api.w.org\/{rel}","templated":true}]}}

Comité Consultivo Público Conjunto Sesión No. 96-03

<p>La Presidencia hizo una actualización sobre las actividades de planeación para esta sesión, en la reunión pública preparatoria del 19 de julio en San Diego, y la Sesión Pública del Consejo se sostendrá el 1 de agosto en Toronto.</p>

<!-- This site is optimized with the Yoast SEO Premium plugin v27.4 (Yoast SEO v27.4) - https://yoast.com/product/yoast-seo-premium-wordpress/ -->
<title>Comité Consultivo Público Conjunto Sesión No. 96-03</title>
<meta name="description" content="La Presidencia hizo una actualización sobre las actividades de planeación para esta sesión, en la reunión pública preparatoria del 19 de julio en San" />
<meta name="robots" content="index, follow, max-snippet:-1, max-image-preview:large, max-video-preview:-1" />
<link rel="canonical" href="https://www.cec.org/es/eventos/comite-consultivo-publico-conjunto-sesion-no-96-03/" />
<meta property="og:locale" content="es_ES" />
<meta property="og:type" content="article" />
<meta property="og:title" content="Comité Consultivo Público Conjunto Sesión No. 96-03" />
<meta property="og:description" content="CEC events range from large public consultations to small, expert meetings on specific environmental issues." />
<meta property="og:url" content="https://www.cec.org/es/eventos/comite-consultivo-publico-conjunto-sesion-no-96-03/" />
<meta property="og:site_name" content="Comisión para la Cooperación Ambiental" />
<meta property="article:publisher" content="https://www.facebook.com/CECconnect" />
<meta property="article:modified_time" content="2025-06-20T16:44:32+00:00" />
<meta property="og:image" content="https://www.cec.org/wp-content/uploads/2019/10/cc_greening_transport.png" />
	<meta property="og:image:width" content="600" />
	<meta property="og:image:height" content="342" />
	<meta property="og:image:type" content="image/png" />
<meta name="twitter:card" content="summary_large_image" />
<meta name="twitter:site" content="@CECweb" />
<script type="application/ld+json" class="yoast-schema-graph">{"@context":"https:\/\/schema.org","@graph":[{"@type":"WebPage","@id":"https:\/\/www.cec.org\/es\/eventos\/comite-consultivo-publico-conjunto-sesion-no-96-03\/","url":"https:\/\/www.cec.org\/es\/eventos\/comite-consultivo-publico-conjunto-sesion-no-96-03\/","name":"Comité Consultivo Público Conjunto Sesión No. 96-03","isPartOf":{"@id":"https:\/\/www.cec.org\/es\/#website"},"primaryImageOfPage":{"@id":"https:\/\/www.cec.org\/es\/eventos\/comite-consultivo-publico-conjunto-sesion-no-96-03\/#primaryimage"},"image":{"@id":"https:\/\/www.cec.org\/es\/eventos\/comite-consultivo-publico-conjunto-sesion-no-96-03\/#primaryimage"},"thumbnailUrl":"https:\/\/www.cec.org\/wp-content\/uploads\/2019\/10\/cc_greening_transport.png","datePublished":"1996-07-18T04:00:00+00:00","dateModified":"2025-06-20T16:44:32+00:00","description":"La Presidencia hizo una actualización sobre las actividades de planeación para esta sesión, en la reunión pública preparatoria del 19 de julio en San","breadcrumb":{"@id":"https:\/\/www.cec.org\/es\/eventos\/comite-consultivo-publico-conjunto-sesion-no-96-03\/#breadcrumb"},"inLanguage":"es","potentialAction":[{"@type":"ReadAction","target":["https:\/\/www.cec.org\/es\/eventos\/comite-consultivo-publico-conjunto-sesion-no-96-03\/"]}]},{"@type":"ImageObject","inLanguage":"es","@id":"https:\/\/www.cec.org\/es\/eventos\/comite-consultivo-publico-conjunto-sesion-no-96-03\/#primaryimage","url":"https:\/\/www.cec.org\/wp-content\/uploads\/2019\/10\/cc_greening_transport.png","contentUrl":"https:\/\/www.cec.org\/wp-content\/uploads\/2019\/10\/cc_greening_transport.png","width":600,"height":342,"caption":"Mexico-USA Border:"},{"@type":"BreadcrumbList","@id":"https:\/\/www.cec.org\/es\/eventos\/comite-consultivo-publico-conjunto-sesion-no-96-03\/#breadcrumb","itemListElement":[{"@type":"ListItem","position":1,"name":"Inicio","item":"https:\/\/www.cec.org\/es\/"},{"@type":"ListItem","position":2,"name":"Eventos","item":"https:\/\/www.cec.org\/es\/eventos\/"},{"@type":"ListItem","position":3,"name":"Comité Consultivo Público Conjunto Sesión No. 96-03"}]},{"@type":"WebSite","@id":"https:\/\/www.cec.org\/es\/#website","url":"https:\/\/www.cec.org\/es\/","name":"Commission for Environmental Cooperation","description":"Three countries working together to protect our shared environment","alternateName":"CEC - CCA -CCE","potentialAction":[{"@type":"SearchAction","target":{"@type":"EntryPoint","urlTemplate":"https:\/\/www.cec.org\/es\/?s={search_term_string}"},"query-input":{"@type":"PropertyValueSpecification","valueRequired":true,"valueName":"search_term_string"}}],"inLanguage":"es"}]}</script>
<!-- / Yoast SEO Premium plugin. -->

La Presidencia hizo una actualización sobre las actividades de planeación para esta sesión, en la reunión pública preparatoria del 19 de julio en San

Comisión para la Cooperación Ambiental
