{"id":13825,"date":"1998-09-04T00:00:00","date_gmt":"1998-09-04T04:00:00","guid":{"rendered":"http:\/\/www.cec.org\/events\/sesion-98-05-del-comite-consultivo-publico-conjunto\/"},"modified":"2025-06-20T12:44:23","modified_gmt":"2025-06-20T16:44:23","slug":"sesion-98-05-del-comite-consultivo-publico-conjunto","status":"publish","type":"events","link":"https:\/\/www.cec.org\/es\/eventos\/sesion-98-05-del-comite-consultivo-publico-conjunto\/","title":{"rendered":"Sesi\u00f3n 98\u201304 del Comit\u00e9 Consultivo P\u00fablico Conjunto"},"content":{"rendered":"<p>Mary Simon dio la bienvenida a los miembros y subray\u00f3 la importancia de esta reuni\u00f3n y de la oportunidad de dialogar con los Representantes Alternos, particularmente sobre el borrador del plan estrat\u00e9gico trienal. Luego de discutir los motivos por los que esta reuni\u00f3n deb\u00eda celebrarse a puerta cerrada (trat\u00e1ndose de una sesi\u00f3n de trabajo con los Representantes Alternos), se acord\u00f3 que en el futuro todas las reuniones sean abiertas, a menos que los miembros especifiquen anticipadamente lo contrario. Varios de los miembros expresaron su preocupaci\u00f3n de que no exista un lugar espec\u00edfico para que el p\u00fablico exprese su opini\u00f3n sobre el borrador del plan estrat\u00e9gico trienal.<\/p>\n","protected":false},"excerpt":{"rendered":"<p>Mary Simon dio la bienvenida a los miembros y subray\u00f3 la importancia de esta reuni\u00f3n y de la oportunidad de dialogar con los Representantes Alternos, particularmente sobre el borrador del plan estrat\u00e9gico trienal. Luego de discutir los motivos por los que esta reuni\u00f3n deb\u00eda celebrarse a puerta cerrada (trat\u00e1ndose de una sesi\u00f3n de trabajo con [&hellip;]<\/p>\n","protected":false},"featured_media":0,"template":"","class_list":["post-13825","events","type-events","status-publish","hentry","event_category-sesion-del-ccpc","event_category-reunion","country-canada-es","participation-abierto-al-publico-es"],"acf":[],"yoast_head":"<!-- This site is optimized with the Yoast SEO Premium plugin v27.4 (Yoast SEO v27.4) - https:\/\/yoast.com\/product\/yoast-seo-premium-wordpress\/ -->\n<title>Sesi\u00f3n 98\u201304 del Comit\u00e9 Consultivo P\u00fablico Conjunto<\/title>\n<meta name=\"description\" content=\"Mary Simon dio la bienvenida a los miembros y subray\u00f3 la importancia de esta reuni\u00f3n y de la oportunidad de dialogar con los Representantes Alternos,\" \/>\n<meta name=\"robots\" content=\"index, follow, max-snippet:-1, max-image-preview:large, max-video-preview:-1\" \/>\n<link rel=\"canonical\" href=\"https:\/\/www.cec.org\/es\/eventos\/sesion-98-05-del-comite-consultivo-publico-conjunto\/\" \/>\n<meta property=\"og:locale\" content=\"es_ES\" \/>\n<meta property=\"og:type\" content=\"article\" \/>\n<meta property=\"og:title\" content=\"Sesi\u00f3n 98\u201304 del Comit\u00e9 Consultivo P\u00fablico Conjunto\" \/>\n<meta property=\"og:description\" content=\"CEC events range from large public consultations to small, expert meetings on specific environmental issues.\" \/>\n<meta property=\"og:url\" content=\"https:\/\/www.cec.org\/es\/eventos\/sesion-98-05-del-comite-consultivo-publico-conjunto\/\" \/>\n<meta property=\"og:site_name\" content=\"Comisi\u00f3n para la Cooperaci\u00f3n Ambiental\" \/>\n<meta property=\"article:publisher\" content=\"https:\/\/www.facebook.com\/CECconnect\" \/>\n<meta property=\"article:modified_time\" content=\"2025-06-20T16:44:23+00:00\" \/>\n<meta property=\"og:image\" content=\"https:\/\/www.cec.org\/wp-content\/uploads\/2020\/03\/jpac-thumbnail.jpg\" \/>\n\t<meta property=\"og:image:width\" content=\"600\" \/>\n\t<meta property=\"og:image:height\" content=\"342\" \/>\n\t<meta property=\"og:image:type\" content=\"image\/jpeg\" \/>\n<meta name=\"twitter:card\" content=\"summary_large_image\" \/>\n<meta name=\"twitter:site\" content=\"@CECweb\" \/>\n<script type=\"application\/ld+json\" class=\"yoast-schema-graph\">{\"@context\":\"https:\\\/\\\/schema.org\",\"@graph\":[{\"@type\":\"WebPage\",\"@id\":\"https:\\\/\\\/www.cec.org\\\/es\\\/eventos\\\/sesion-98-05-del-comite-consultivo-publico-conjunto\\\/\",\"url\":\"https:\\\/\\\/www.cec.org\\\/es\\\/eventos\\\/sesion-98-05-del-comite-consultivo-publico-conjunto\\\/\",\"name\":\"Sesi\u00f3n 98\u201304 del Comit\u00e9 Consultivo P\u00fablico Conjunto\",\"isPartOf\":{\"@id\":\"https:\\\/\\\/www.cec.org\\\/es\\\/#website\"},\"datePublished\":\"1998-09-04T04:00:00+00:00\",\"dateModified\":\"2025-06-20T16:44:23+00:00\",\"description\":\"Mary Simon dio la bienvenida a los miembros y subray\u00f3 la importancia de esta reuni\u00f3n y de la oportunidad de dialogar con los Representantes Alternos,\",\"breadcrumb\":{\"@id\":\"https:\\\/\\\/www.cec.org\\\/es\\\/eventos\\\/sesion-98-05-del-comite-consultivo-publico-conjunto\\\/#breadcrumb\"},\"inLanguage\":\"es\",\"potentialAction\":[{\"@type\":\"ReadAction\",\"target\":[\"https:\\\/\\\/www.cec.org\\\/es\\\/eventos\\\/sesion-98-05-del-comite-consultivo-publico-conjunto\\\/\"]}]},{\"@type\":\"BreadcrumbList\",\"@id\":\"https:\\\/\\\/www.cec.org\\\/es\\\/eventos\\\/sesion-98-05-del-comite-consultivo-publico-conjunto\\\/#breadcrumb\",\"itemListElement\":[{\"@type\":\"ListItem\",\"position\":1,\"name\":\"Inicio\",\"item\":\"https:\\\/\\\/www.cec.org\\\/es\\\/\"},{\"@type\":\"ListItem\",\"position\":2,\"name\":\"Eventos\",\"item\":\"https:\\\/\\\/www.cec.org\\\/es\\\/eventos\\\/\"},{\"@type\":\"ListItem\",\"position\":3,\"name\":\"Sesi\u00f3n 98\u201304 del Comit\u00e9 Consultivo P\u00fablico Conjunto\"}]},{\"@type\":\"WebSite\",\"@id\":\"https:\\\/\\\/www.cec.org\\\/es\\\/#website\",\"url\":\"https:\\\/\\\/www.cec.org\\\/es\\\/\",\"name\":\"Commission for Environmental Cooperation\",\"description\":\"Three countries working together to protect our shared environment\",\"alternateName\":\"CEC - CCA -CCE\",\"potentialAction\":[{\"@type\":\"SearchAction\",\"target\":{\"@type\":\"EntryPoint\",\"urlTemplate\":\"https:\\\/\\\/www.cec.org\\\/es\\\/?s={search_term_string}\"},\"query-input\":{\"@type\":\"PropertyValueSpecification\",\"valueRequired\":true,\"valueName\":\"search_term_string\"}}],\"inLanguage\":\"es\"}]}<\/script>\n<!-- \/ Yoast SEO Premium plugin. -->","yoast_head_json":{"title":"Sesi\u00f3n 98\u201304 del Comit\u00e9 Consultivo P\u00fablico Conjunto","description":"Mary Simon dio la bienvenida a los miembros y subray\u00f3 la importancia de esta reuni\u00f3n y de la oportunidad de dialogar con los Representantes Alternos,","robots":{"index":"index","follow":"follow","max-snippet":"max-snippet:-1","max-image-preview":"max-image-preview:large","max-video-preview":"max-video-preview:-1"},"canonical":"https:\/\/www.cec.org\/es\/eventos\/sesion-98-05-del-comite-consultivo-publico-conjunto\/","og_locale":"es_ES","og_type":"article","og_title":"Sesi\u00f3n 98\u201304 del Comit\u00e9 Consultivo P\u00fablico Conjunto","og_description":"CEC events range from large public consultations to small, expert meetings on specific environmental issues.","og_url":"https:\/\/www.cec.org\/es\/eventos\/sesion-98-05-del-comite-consultivo-publico-conjunto\/","og_site_name":"Comisi\u00f3n para la Cooperaci\u00f3n Ambiental","article_publisher":"https:\/\/www.facebook.com\/CECconnect","article_modified_time":"2025-06-20T16:44:23+00:00","og_image":[{"width":600,"height":342,"url":"https:\/\/www.cec.org\/wp-content\/uploads\/2020\/03\/jpac-thumbnail.jpg","type":"image\/jpeg"}],"twitter_card":"summary_large_image","twitter_site":"@CECweb","schema":{"@context":"https:\/\/schema.org","@graph":[{"@type":"WebPage","@id":"https:\/\/www.cec.org\/es\/eventos\/sesion-98-05-del-comite-consultivo-publico-conjunto\/","url":"https:\/\/www.cec.org\/es\/eventos\/sesion-98-05-del-comite-consultivo-publico-conjunto\/","name":"Sesi\u00f3n 98\u201304 del Comit\u00e9 Consultivo P\u00fablico Conjunto","isPartOf":{"@id":"https:\/\/www.cec.org\/es\/#website"},"datePublished":"1998-09-04T04:00:00+00:00","dateModified":"2025-06-20T16:44:23+00:00","description":"Mary Simon dio la bienvenida a los miembros y subray\u00f3 la importancia de esta reuni\u00f3n y de la oportunidad de dialogar con los Representantes Alternos,","breadcrumb":{"@id":"https:\/\/www.cec.org\/es\/eventos\/sesion-98-05-del-comite-consultivo-publico-conjunto\/#breadcrumb"},"inLanguage":"es","potentialAction":[{"@type":"ReadAction","target":["https:\/\/www.cec.org\/es\/eventos\/sesion-98-05-del-comite-consultivo-publico-conjunto\/"]}]},{"@type":"BreadcrumbList","@id":"https:\/\/www.cec.org\/es\/eventos\/sesion-98-05-del-comite-consultivo-publico-conjunto\/#breadcrumb","itemListElement":[{"@type":"ListItem","position":1,"name":"Inicio","item":"https:\/\/www.cec.org\/es\/"},{"@type":"ListItem","position":2,"name":"Eventos","item":"https:\/\/www.cec.org\/es\/eventos\/"},{"@type":"ListItem","position":3,"name":"Sesi\u00f3n 98\u201304 del Comit\u00e9 Consultivo P\u00fablico Conjunto"}]},{"@type":"WebSite","@id":"https:\/\/www.cec.org\/es\/#website","url":"https:\/\/www.cec.org\/es\/","name":"Commission for Environmental Cooperation","description":"Three countries working together to protect our shared environment","alternateName":"CEC - CCA -CCE","potentialAction":[{"@type":"SearchAction","target":{"@type":"EntryPoint","urlTemplate":"https:\/\/www.cec.org\/es\/?s={search_term_string}"},"query-input":{"@type":"PropertyValueSpecification","valueRequired":true,"valueName":"search_term_string"}}],"inLanguage":"es"}]}},"_links":{"self":[{"href":"https:\/\/www.cec.org\/es\/wp-json\/wp\/v2\/events\/13825","targetHints":{"allow":["GET"]}}],"collection":[{"href":"https:\/\/www.cec.org\/es\/wp-json\/wp\/v2\/events"}],"about":[{"href":"https:\/\/www.cec.org\/es\/wp-json\/wp\/v2\/types\/events"}],"wp:attachment":[{"href":"https:\/\/www.cec.org\/es\/wp-json\/wp\/v2\/media?parent=13825"}],"curies":[{"name":"wp","href":"https:\/\/api.w.org\/{rel}","templated":true}]}}

Sesión 98–04 del Comité Consultivo Público Conjunto

<p>Mary Simon dio la bienvenida a los miembros y subrayó la importancia de esta reunión y de la oportunidad de dialogar con los Representantes Alternos, particularmente sobre el borrador del plan estratégico trienal. Luego de discutir los motivos por los que esta reunión debía celebrarse a puerta cerrada (tratándose de una sesión de trabajo con los Representantes Alternos), se acordó que en el futuro todas las reuniones sean abiertas, a menos que los miembros especifiquen anticipadamente lo contrario. Varios de los miembros expresaron su preocupación de que no exista un lugar específico para que el público exprese su opinión sobre el borrador del plan estratégico trienal.</p>

<p>Mary Simon dio la bienvenida a los miembros y subrayó la importancia de esta reunión y de la oportunidad de dialogar con los Representantes Alternos, particularmente sobre el borrador del plan estratégico trienal. Luego de discutir los motivos por los que esta reunión debía celebrarse a puerta cerrada (tratándose de una sesión de trabajo con [&hellip;]</p>

<!-- This site is optimized with the Yoast SEO Premium plugin v27.4 (Yoast SEO v27.4) - https://yoast.com/product/yoast-seo-premium-wordpress/ -->
<title>Sesión 98–04 del Comité Consultivo Público Conjunto</title>
<meta name="description" content="Mary Simon dio la bienvenida a los miembros y subrayó la importancia de esta reunión y de la oportunidad de dialogar con los Representantes Alternos," />
<meta name="robots" content="index, follow, max-snippet:-1, max-image-preview:large, max-video-preview:-1" />
<link rel="canonical" href="https://www.cec.org/es/eventos/sesion-98-05-del-comite-consultivo-publico-conjunto/" />
<meta property="og:locale" content="es_ES" />
<meta property="og:type" content="article" />
<meta property="og:title" content="Sesión 98–04 del Comité Consultivo Público Conjunto" />
<meta property="og:description" content="CEC events range from large public consultations to small, expert meetings on specific environmental issues." />
<meta property="og:url" content="https://www.cec.org/es/eventos/sesion-98-05-del-comite-consultivo-publico-conjunto/" />
<meta property="og:site_name" content="Comisión para la Cooperación Ambiental" />
<meta property="article:publisher" content="https://www.facebook.com/CECconnect" />
<meta property="article:modified_time" content="2025-06-20T16:44:23+00:00" />
<meta property="og:image" content="https://www.cec.org/wp-content/uploads/2020/03/jpac-thumbnail.jpg" />
	<meta property="og:image:width" content="600" />
	<meta property="og:image:height" content="342" />
	<meta property="og:image:type" content="image/jpeg" />
<meta name="twitter:card" content="summary_large_image" />
<meta name="twitter:site" content="@CECweb" />
<script type="application/ld+json" class="yoast-schema-graph">{"@context":"https:\/\/schema.org","@graph":[{"@type":"WebPage","@id":"https:\/\/www.cec.org\/es\/eventos\/sesion-98-05-del-comite-consultivo-publico-conjunto\/","url":"https:\/\/www.cec.org\/es\/eventos\/sesion-98-05-del-comite-consultivo-publico-conjunto\/","name":"Sesión 98–04 del Comité Consultivo Público Conjunto","isPartOf":{"@id":"https:\/\/www.cec.org\/es\/#website"},"datePublished":"1998-09-04T04:00:00+00:00","dateModified":"2025-06-20T16:44:23+00:00","description":"Mary Simon dio la bienvenida a los miembros y subrayó la importancia de esta reunión y de la oportunidad de dialogar con los Representantes Alternos,","breadcrumb":{"@id":"https:\/\/www.cec.org\/es\/eventos\/sesion-98-05-del-comite-consultivo-publico-conjunto\/#breadcrumb"},"inLanguage":"es","potentialAction":[{"@type":"ReadAction","target":["https:\/\/www.cec.org\/es\/eventos\/sesion-98-05-del-comite-consultivo-publico-conjunto\/"]}]},{"@type":"BreadcrumbList","@id":"https:\/\/www.cec.org\/es\/eventos\/sesion-98-05-del-comite-consultivo-publico-conjunto\/#breadcrumb","itemListElement":[{"@type":"ListItem","position":1,"name":"Inicio","item":"https:\/\/www.cec.org\/es\/"},{"@type":"ListItem","position":2,"name":"Eventos","item":"https:\/\/www.cec.org\/es\/eventos\/"},{"@type":"ListItem","position":3,"name":"Sesión 98–04 del Comité Consultivo Público Conjunto"}]},{"@type":"WebSite","@id":"https:\/\/www.cec.org\/es\/#website","url":"https:\/\/www.cec.org\/es\/","name":"Commission for Environmental Cooperation","description":"Three countries working together to protect our shared environment","alternateName":"CEC - CCA -CCE","potentialAction":[{"@type":"SearchAction","target":{"@type":"EntryPoint","urlTemplate":"https:\/\/www.cec.org\/es\/?s={search_term_string}"},"query-input":{"@type":"PropertyValueSpecification","valueRequired":true,"valueName":"search_term_string"}}],"inLanguage":"es"}]}</script>
<!-- / Yoast SEO Premium plugin. -->

Mary Simon dio la bienvenida a los miembros y subrayó la importancia de esta reunión y de la oportunidad de dialogar con los Representantes Alternos,

Comisión para la Cooperación Ambiental
