{"id":13819,"date":"2000-10-14T00:00:00","date_gmt":"2000-10-14T04:00:00","guid":{"rendered":"http:\/\/www.cec.org\/events\/sesion-num-00-03-del-comite-consultivo-publico-conjunto\/"},"modified":"2025-06-20T12:44:16","modified_gmt":"2025-06-20T16:44:16","slug":"sesion-num-00-03-del-comite-consultivo-publico-conjunto","status":"publish","type":"events","link":"https:\/\/www.cec.org\/es\/eventos\/sesion-num-00-03-del-comite-consultivo-publico-conjunto\/","title":{"rendered":"Sesi\u00f3n n\u00fam. 00-03 del Comit\u00e9 Consultivo P\u00fablico Conjunto"},"content":{"rendered":"<p>El Comit\u00e9 Consultivo P\u00fablico Conjunto (CCPC) de la Comisi\u00f3n para la Cooperaci\u00f3n Ambiental de Am\u00e9rica del Norte (CCAAN) celebr\u00f3 una sesi\u00f3n ordinaria en Washington DC, los d\u00edas 13 y 14 de octubre de 2000, conjuntamente con el Simposio de Am\u00e9rica del Norte sobre An\u00e1lisis de los V\u00ednculos entre Comercio y Medio Ambiente. Tambi\u00e9n se realiz\u00f3 una sesi\u00f3n p\u00fablica plenaria en torno al Plan-programa y Presupuesto de la CCAAN propuesto para 2001-2003.<\/p>\n","protected":false},"excerpt":{"rendered":"<p>El Comit\u00e9 Consultivo P\u00fablico Conjunto (CCPC) de la Comisi\u00f3n para la Cooperaci\u00f3n Ambiental de Am\u00e9rica del Norte (CCAAN) celebr\u00f3 una sesi\u00f3n ordinaria en Washington DC, los d\u00edas 13 y 14 de octubre de 2000, conjuntamente con el Simposio de Am\u00e9rica del Norte sobre An\u00e1lisis de los V\u00ednculos entre Comercio y Medio Ambiente. Tambi\u00e9n se realiz\u00f3 [&hellip;]<\/p>\n","protected":false},"featured_media":28584,"template":"","class_list":["post-13819","events","type-events","status-publish","has-post-thumbnail","hentry","event_category-sesion-del-ccpc","event_category-reunion","country-estados-unidos","participation-abierto-al-publico-es","themes-vida-y-economias-sustentables"],"acf":[],"yoast_head":"<!-- This site is optimized with the Yoast SEO Premium plugin v27.4 (Yoast SEO v27.4) - https:\/\/yoast.com\/product\/yoast-seo-premium-wordpress\/ -->\n<title>Sesi\u00f3n n\u00fam. 00-03 del Comit\u00e9 Consultivo P\u00fablico Conjunto<\/title>\n<meta name=\"description\" content=\"El Comit\u00e9 Consultivo P\u00fablico Conjunto (CCPC) de la Comisi\u00f3n para la Cooperaci\u00f3n Ambiental de Am\u00e9rica del Norte (CCAAN) celebr\u00f3 una sesi\u00f3n ordinaria en\" \/>\n<meta name=\"robots\" content=\"index, follow, max-snippet:-1, max-image-preview:large, max-video-preview:-1\" \/>\n<link rel=\"canonical\" href=\"https:\/\/www.cec.org\/es\/eventos\/sesion-num-00-03-del-comite-consultivo-publico-conjunto\/\" \/>\n<meta property=\"og:locale\" content=\"es_ES\" \/>\n<meta property=\"og:type\" content=\"article\" \/>\n<meta property=\"og:title\" content=\"Sesi\u00f3n n\u00fam. 00-03 del Comit\u00e9 Consultivo P\u00fablico Conjunto\" \/>\n<meta property=\"og:description\" content=\"CEC events range from large public consultations to small, expert meetings on specific environmental issues.\" \/>\n<meta property=\"og:url\" content=\"https:\/\/www.cec.org\/es\/eventos\/sesion-num-00-03-del-comite-consultivo-publico-conjunto\/\" \/>\n<meta property=\"og:site_name\" content=\"Comisi\u00f3n para la Cooperaci\u00f3n Ambiental\" \/>\n<meta property=\"article:publisher\" content=\"https:\/\/www.facebook.com\/CECconnect\" \/>\n<meta property=\"article:modified_time\" content=\"2025-06-20T16:44:16+00:00\" \/>\n<meta property=\"og:image\" content=\"https:\/\/www.cec.org\/wp-content\/uploads\/2020\/02\/Increasing-Sustainability-in-the-Transportation-Sector-thumbnail-1.jpg\" \/>\n\t<meta property=\"og:image:width\" content=\"600\" \/>\n\t<meta property=\"og:image:height\" content=\"342\" \/>\n\t<meta property=\"og:image:type\" content=\"image\/jpeg\" \/>\n<meta name=\"twitter:card\" content=\"summary_large_image\" \/>\n<meta name=\"twitter:site\" content=\"@CECweb\" \/>\n<script type=\"application\/ld+json\" class=\"yoast-schema-graph\">{\"@context\":\"https:\\\/\\\/schema.org\",\"@graph\":[{\"@type\":\"WebPage\",\"@id\":\"https:\\\/\\\/www.cec.org\\\/es\\\/eventos\\\/sesion-num-00-03-del-comite-consultivo-publico-conjunto\\\/\",\"url\":\"https:\\\/\\\/www.cec.org\\\/es\\\/eventos\\\/sesion-num-00-03-del-comite-consultivo-publico-conjunto\\\/\",\"name\":\"Sesi\u00f3n n\u00fam. 00-03 del Comit\u00e9 Consultivo P\u00fablico Conjunto\",\"isPartOf\":{\"@id\":\"https:\\\/\\\/www.cec.org\\\/es\\\/#website\"},\"primaryImageOfPage\":{\"@id\":\"https:\\\/\\\/www.cec.org\\\/es\\\/eventos\\\/sesion-num-00-03-del-comite-consultivo-publico-conjunto\\\/#primaryimage\"},\"image\":{\"@id\":\"https:\\\/\\\/www.cec.org\\\/es\\\/eventos\\\/sesion-num-00-03-del-comite-consultivo-publico-conjunto\\\/#primaryimage\"},\"thumbnailUrl\":\"https:\\\/\\\/www.cec.org\\\/wp-content\\\/uploads\\\/2020\\\/02\\\/Increasing-Sustainability-in-the-Transportation-Sector-thumbnail-1.jpg\",\"datePublished\":\"2000-10-14T04:00:00+00:00\",\"dateModified\":\"2025-06-20T16:44:16+00:00\",\"description\":\"El Comit\u00e9 Consultivo P\u00fablico Conjunto (CCPC) de la Comisi\u00f3n para la Cooperaci\u00f3n Ambiental de Am\u00e9rica del Norte (CCAAN) celebr\u00f3 una sesi\u00f3n ordinaria en\",\"breadcrumb\":{\"@id\":\"https:\\\/\\\/www.cec.org\\\/es\\\/eventos\\\/sesion-num-00-03-del-comite-consultivo-publico-conjunto\\\/#breadcrumb\"},\"inLanguage\":\"es\",\"potentialAction\":[{\"@type\":\"ReadAction\",\"target\":[\"https:\\\/\\\/www.cec.org\\\/es\\\/eventos\\\/sesion-num-00-03-del-comite-consultivo-publico-conjunto\\\/\"]}]},{\"@type\":\"ImageObject\",\"inLanguage\":\"es\",\"@id\":\"https:\\\/\\\/www.cec.org\\\/es\\\/eventos\\\/sesion-num-00-03-del-comite-consultivo-publico-conjunto\\\/#primaryimage\",\"url\":\"https:\\\/\\\/www.cec.org\\\/wp-content\\\/uploads\\\/2020\\\/02\\\/Increasing-Sustainability-in-the-Transportation-Sector-thumbnail-1.jpg\",\"contentUrl\":\"https:\\\/\\\/www.cec.org\\\/wp-content\\\/uploads\\\/2020\\\/02\\\/Increasing-Sustainability-in-the-Transportation-Sector-thumbnail-1.jpg\",\"width\":600,\"height\":342,\"caption\":\"Freight truck on a road\"},{\"@type\":\"BreadcrumbList\",\"@id\":\"https:\\\/\\\/www.cec.org\\\/es\\\/eventos\\\/sesion-num-00-03-del-comite-consultivo-publico-conjunto\\\/#breadcrumb\",\"itemListElement\":[{\"@type\":\"ListItem\",\"position\":1,\"name\":\"Inicio\",\"item\":\"https:\\\/\\\/www.cec.org\\\/es\\\/\"},{\"@type\":\"ListItem\",\"position\":2,\"name\":\"Eventos\",\"item\":\"https:\\\/\\\/www.cec.org\\\/es\\\/eventos\\\/\"},{\"@type\":\"ListItem\",\"position\":3,\"name\":\"Sesi\u00f3n n\u00fam. 00-03 del Comit\u00e9 Consultivo P\u00fablico Conjunto\"}]},{\"@type\":\"WebSite\",\"@id\":\"https:\\\/\\\/www.cec.org\\\/es\\\/#website\",\"url\":\"https:\\\/\\\/www.cec.org\\\/es\\\/\",\"name\":\"Commission for Environmental Cooperation\",\"description\":\"Three countries working together to protect our shared environment\",\"alternateName\":\"CEC - CCA -CCE\",\"potentialAction\":[{\"@type\":\"SearchAction\",\"target\":{\"@type\":\"EntryPoint\",\"urlTemplate\":\"https:\\\/\\\/www.cec.org\\\/es\\\/?s={search_term_string}\"},\"query-input\":{\"@type\":\"PropertyValueSpecification\",\"valueRequired\":true,\"valueName\":\"search_term_string\"}}],\"inLanguage\":\"es\"}]}<\/script>\n<!-- \/ Yoast SEO Premium plugin. -->","yoast_head_json":{"title":"Sesi\u00f3n n\u00fam. 00-03 del Comit\u00e9 Consultivo P\u00fablico Conjunto","description":"El Comit\u00e9 Consultivo P\u00fablico Conjunto (CCPC) de la Comisi\u00f3n para la Cooperaci\u00f3n Ambiental de Am\u00e9rica del Norte (CCAAN) celebr\u00f3 una sesi\u00f3n ordinaria en","robots":{"index":"index","follow":"follow","max-snippet":"max-snippet:-1","max-image-preview":"max-image-preview:large","max-video-preview":"max-video-preview:-1"},"canonical":"https:\/\/www.cec.org\/es\/eventos\/sesion-num-00-03-del-comite-consultivo-publico-conjunto\/","og_locale":"es_ES","og_type":"article","og_title":"Sesi\u00f3n n\u00fam. 00-03 del Comit\u00e9 Consultivo P\u00fablico Conjunto","og_description":"CEC events range from large public consultations to small, expert meetings on specific environmental issues.","og_url":"https:\/\/www.cec.org\/es\/eventos\/sesion-num-00-03-del-comite-consultivo-publico-conjunto\/","og_site_name":"Comisi\u00f3n para la Cooperaci\u00f3n Ambiental","article_publisher":"https:\/\/www.facebook.com\/CECconnect","article_modified_time":"2025-06-20T16:44:16+00:00","og_image":[{"width":600,"height":342,"url":"https:\/\/www.cec.org\/wp-content\/uploads\/2020\/02\/Increasing-Sustainability-in-the-Transportation-Sector-thumbnail-1.jpg","type":"image\/jpeg"}],"twitter_card":"summary_large_image","twitter_site":"@CECweb","schema":{"@context":"https:\/\/schema.org","@graph":[{"@type":"WebPage","@id":"https:\/\/www.cec.org\/es\/eventos\/sesion-num-00-03-del-comite-consultivo-publico-conjunto\/","url":"https:\/\/www.cec.org\/es\/eventos\/sesion-num-00-03-del-comite-consultivo-publico-conjunto\/","name":"Sesi\u00f3n n\u00fam. 00-03 del Comit\u00e9 Consultivo P\u00fablico Conjunto","isPartOf":{"@id":"https:\/\/www.cec.org\/es\/#website"},"primaryImageOfPage":{"@id":"https:\/\/www.cec.org\/es\/eventos\/sesion-num-00-03-del-comite-consultivo-publico-conjunto\/#primaryimage"},"image":{"@id":"https:\/\/www.cec.org\/es\/eventos\/sesion-num-00-03-del-comite-consultivo-publico-conjunto\/#primaryimage"},"thumbnailUrl":"https:\/\/www.cec.org\/wp-content\/uploads\/2020\/02\/Increasing-Sustainability-in-the-Transportation-Sector-thumbnail-1.jpg","datePublished":"2000-10-14T04:00:00+00:00","dateModified":"2025-06-20T16:44:16+00:00","description":"El Comit\u00e9 Consultivo P\u00fablico Conjunto (CCPC) de la Comisi\u00f3n para la Cooperaci\u00f3n Ambiental de Am\u00e9rica del Norte (CCAAN) celebr\u00f3 una sesi\u00f3n ordinaria en","breadcrumb":{"@id":"https:\/\/www.cec.org\/es\/eventos\/sesion-num-00-03-del-comite-consultivo-publico-conjunto\/#breadcrumb"},"inLanguage":"es","potentialAction":[{"@type":"ReadAction","target":["https:\/\/www.cec.org\/es\/eventos\/sesion-num-00-03-del-comite-consultivo-publico-conjunto\/"]}]},{"@type":"ImageObject","inLanguage":"es","@id":"https:\/\/www.cec.org\/es\/eventos\/sesion-num-00-03-del-comite-consultivo-publico-conjunto\/#primaryimage","url":"https:\/\/www.cec.org\/wp-content\/uploads\/2020\/02\/Increasing-Sustainability-in-the-Transportation-Sector-thumbnail-1.jpg","contentUrl":"https:\/\/www.cec.org\/wp-content\/uploads\/2020\/02\/Increasing-Sustainability-in-the-Transportation-Sector-thumbnail-1.jpg","width":600,"height":342,"caption":"Freight truck on a road"},{"@type":"BreadcrumbList","@id":"https:\/\/www.cec.org\/es\/eventos\/sesion-num-00-03-del-comite-consultivo-publico-conjunto\/#breadcrumb","itemListElement":[{"@type":"ListItem","position":1,"name":"Inicio","item":"https:\/\/www.cec.org\/es\/"},{"@type":"ListItem","position":2,"name":"Eventos","item":"https:\/\/www.cec.org\/es\/eventos\/"},{"@type":"ListItem","position":3,"name":"Sesi\u00f3n n\u00fam. 00-03 del Comit\u00e9 Consultivo P\u00fablico Conjunto"}]},{"@type":"WebSite","@id":"https:\/\/www.cec.org\/es\/#website","url":"https:\/\/www.cec.org\/es\/","name":"Commission for Environmental Cooperation","description":"Three countries working together to protect our shared environment","alternateName":"CEC - CCA -CCE","potentialAction":[{"@type":"SearchAction","target":{"@type":"EntryPoint","urlTemplate":"https:\/\/www.cec.org\/es\/?s={search_term_string}"},"query-input":{"@type":"PropertyValueSpecification","valueRequired":true,"valueName":"search_term_string"}}],"inLanguage":"es"}]}},"_links":{"self":[{"href":"https:\/\/www.cec.org\/es\/wp-json\/wp\/v2\/events\/13819","targetHints":{"allow":["GET"]}}],"collection":[{"href":"https:\/\/www.cec.org\/es\/wp-json\/wp\/v2\/events"}],"about":[{"href":"https:\/\/www.cec.org\/es\/wp-json\/wp\/v2\/types\/events"}],"wp:featuredmedia":[{"embeddable":true,"href":"https:\/\/www.cec.org\/es\/wp-json\/wp\/v2\/media\/28584"}],"wp:attachment":[{"href":"https:\/\/www.cec.org\/es\/wp-json\/wp\/v2\/media?parent=13819"}],"curies":[{"name":"wp","href":"https:\/\/api.w.org\/{rel}","templated":true}]}}

Sesión núm. 00-03 del Comité Consultivo Público Conjunto

<p>El Comité Consultivo Público Conjunto (CCPC) de la Comisión para la Cooperación Ambiental de América del Norte (CCAAN) celebró una sesión ordinaria en Washington DC, los días 13 y 14 de octubre de 2000, conjuntamente con el Simposio de América del Norte sobre Análisis de los Vínculos entre Comercio y Medio Ambiente. También se realizó una sesión pública plenaria en torno al Plan-programa y Presupuesto de la CCAAN propuesto para 2001-2003.</p>

<p>El Comité Consultivo Público Conjunto (CCPC) de la Comisión para la Cooperación Ambiental de América del Norte (CCAAN) celebró una sesión ordinaria en Washington DC, los días 13 y 14 de octubre de 2000, conjuntamente con el Simposio de América del Norte sobre Análisis de los Vínculos entre Comercio y Medio Ambiente. También se realizó [&hellip;]</p>

<!-- This site is optimized with the Yoast SEO Premium plugin v27.4 (Yoast SEO v27.4) - https://yoast.com/product/yoast-seo-premium-wordpress/ -->
<title>Sesión núm. 00-03 del Comité Consultivo Público Conjunto</title>
<meta name="description" content="El Comité Consultivo Público Conjunto (CCPC) de la Comisión para la Cooperación Ambiental de América del Norte (CCAAN) celebró una sesión ordinaria en" />
<meta name="robots" content="index, follow, max-snippet:-1, max-image-preview:large, max-video-preview:-1" />
<link rel="canonical" href="https://www.cec.org/es/eventos/sesion-num-00-03-del-comite-consultivo-publico-conjunto/" />
<meta property="og:locale" content="es_ES" />
<meta property="og:type" content="article" />
<meta property="og:title" content="Sesión núm. 00-03 del Comité Consultivo Público Conjunto" />
<meta property="og:description" content="CEC events range from large public consultations to small, expert meetings on specific environmental issues." />
<meta property="og:url" content="https://www.cec.org/es/eventos/sesion-num-00-03-del-comite-consultivo-publico-conjunto/" />
<meta property="og:site_name" content="Comisión para la Cooperación Ambiental" />
<meta property="article:publisher" content="https://www.facebook.com/CECconnect" />
<meta property="article:modified_time" content="2025-06-20T16:44:16+00:00" />
<meta property="og:image" content="https://www.cec.org/wp-content/uploads/2020/02/Increasing-Sustainability-in-the-Transportation-Sector-thumbnail-1.jpg" />
	<meta property="og:image:width" content="600" />
	<meta property="og:image:height" content="342" />
	<meta property="og:image:type" content="image/jpeg" />
<meta name="twitter:card" content="summary_large_image" />
<meta name="twitter:site" content="@CECweb" />
<script type="application/ld+json" class="yoast-schema-graph">{"@context":"https:\/\/schema.org","@graph":[{"@type":"WebPage","@id":"https:\/\/www.cec.org\/es\/eventos\/sesion-num-00-03-del-comite-consultivo-publico-conjunto\/","url":"https:\/\/www.cec.org\/es\/eventos\/sesion-num-00-03-del-comite-consultivo-publico-conjunto\/","name":"Sesión núm. 00-03 del Comité Consultivo Público Conjunto","isPartOf":{"@id":"https:\/\/www.cec.org\/es\/#website"},"primaryImageOfPage":{"@id":"https:\/\/www.cec.org\/es\/eventos\/sesion-num-00-03-del-comite-consultivo-publico-conjunto\/#primaryimage"},"image":{"@id":"https:\/\/www.cec.org\/es\/eventos\/sesion-num-00-03-del-comite-consultivo-publico-conjunto\/#primaryimage"},"thumbnailUrl":"https:\/\/www.cec.org\/wp-content\/uploads\/2020\/02\/Increasing-Sustainability-in-the-Transportation-Sector-thumbnail-1.jpg","datePublished":"2000-10-14T04:00:00+00:00","dateModified":"2025-06-20T16:44:16+00:00","description":"El Comité Consultivo Público Conjunto (CCPC) de la Comisión para la Cooperación Ambiental de América del Norte (CCAAN) celebró una sesión ordinaria en","breadcrumb":{"@id":"https:\/\/www.cec.org\/es\/eventos\/sesion-num-00-03-del-comite-consultivo-publico-conjunto\/#breadcrumb"},"inLanguage":"es","potentialAction":[{"@type":"ReadAction","target":["https:\/\/www.cec.org\/es\/eventos\/sesion-num-00-03-del-comite-consultivo-publico-conjunto\/"]}]},{"@type":"ImageObject","inLanguage":"es","@id":"https:\/\/www.cec.org\/es\/eventos\/sesion-num-00-03-del-comite-consultivo-publico-conjunto\/#primaryimage","url":"https:\/\/www.cec.org\/wp-content\/uploads\/2020\/02\/Increasing-Sustainability-in-the-Transportation-Sector-thumbnail-1.jpg","contentUrl":"https:\/\/www.cec.org\/wp-content\/uploads\/2020\/02\/Increasing-Sustainability-in-the-Transportation-Sector-thumbnail-1.jpg","width":600,"height":342,"caption":"Freight truck on a road"},{"@type":"BreadcrumbList","@id":"https:\/\/www.cec.org\/es\/eventos\/sesion-num-00-03-del-comite-consultivo-publico-conjunto\/#breadcrumb","itemListElement":[{"@type":"ListItem","position":1,"name":"Inicio","item":"https:\/\/www.cec.org\/es\/"},{"@type":"ListItem","position":2,"name":"Eventos","item":"https:\/\/www.cec.org\/es\/eventos\/"},{"@type":"ListItem","position":3,"name":"Sesión núm. 00-03 del Comité Consultivo Público Conjunto"}]},{"@type":"WebSite","@id":"https:\/\/www.cec.org\/es\/#website","url":"https:\/\/www.cec.org\/es\/","name":"Commission for Environmental Cooperation","description":"Three countries working together to protect our shared environment","alternateName":"CEC - CCA -CCE","potentialAction":[{"@type":"SearchAction","target":{"@type":"EntryPoint","urlTemplate":"https:\/\/www.cec.org\/es\/?s={search_term_string}"},"query-input":{"@type":"PropertyValueSpecification","valueRequired":true,"valueName":"search_term_string"}}],"inLanguage":"es"}]}</script>
<!-- / Yoast SEO Premium plugin. -->

El Comité Consultivo Público Conjunto (CCPC) de la Comisión para la Cooperación Ambiental de América del Norte (CCAAN) celebró una sesión ordinaria en

Comisión para la Cooperación Ambiental
