{"id":13765,"date":"2016-05-03T00:00:00","date_gmt":"2016-05-03T04:00:00","guid":{"rendered":"http:\/\/www.cec.org\/events\/primera-sesion-de-capacitacion-del-programa-piloto-de-gestion-de-energia-en-america-del-norte-cohorte-estados-unidos-canada\/"},"modified":"2025-06-20T13:01:12","modified_gmt":"2025-06-20T17:01:12","slug":"primera-sesion-de-capacitacion-del-programa-piloto-de-gestion-de-energia-en-america-del-norte-cohorte-estados-unidos-canada","status":"publish","type":"events","link":"https:\/\/www.cec.org\/es\/eventos\/primera-sesion-de-capacitacion-del-programa-piloto-de-gestion-de-energia-en-america-del-norte-cohorte-estados-unidos-canada\/","title":{"rendered":"Primera sesi\u00f3n de capacitaci\u00f3n del Programa Piloto de Gesti\u00f3n de Energ\u00eda en Am\u00e9rica del Norte, cohorte Estados Unidos-Canad\u00e1"},"content":{"rendered":"<p>El prop\u00f3sito de este programa es impulsar la adopci\u00f3n del sistema de gesti\u00f3n energ\u00e9tica ISO 50001 y del programa Desempe\u00f1o Energ\u00e9tico Superior (<em>Superior Energy Performance<\/em>, SEP) en las instalaciones de empresas participantes en toda Am\u00e9rica del Norte. En esta primera sesi\u00f3n de capacitaci\u00f3n, se apoyar\u00e1 a empresas de Canad\u00e1 y Estados Unidos en el establecimiento de indicadores de desempe\u00f1o energ\u00e9tico y objetivos espec\u00edfico de mejoramiento. La cohorte de empresas participar\u00e1 en dos sesiones m\u00e1s de capacitaci\u00f3n, como parte del Programa Piloto de Gesti\u00f3n de Energ\u00eda en Am\u00e9rica del Norte.<\/p>\n","protected":false},"excerpt":{"rendered":"<p>El prop\u00f3sito de este programa es impulsar la adopci\u00f3n del sistema de gesti\u00f3n energ\u00e9tica ISO 50001 y del programa Desempe\u00f1o Energ\u00e9tico Superior (Superior Energy Performance, SEP) en las instalaciones de empresas participantes en toda Am\u00e9rica del Norte. En esta primera sesi\u00f3n de capacitaci\u00f3n, se apoyar\u00e1 a empresas de Canad\u00e1 y Estados Unidos en el establecimiento [&hellip;]<\/p>\n","protected":false},"featured_media":4555,"template":"","class_list":["post-13765","events","type-events","status-publish","has-post-thumbnail","hentry","event_category-reunion","country-canada-es","participation-cerrado-es"],"acf":[],"yoast_head":"<!-- This site is optimized with the Yoast SEO Premium plugin v27.4 (Yoast SEO v27.4) - https:\/\/yoast.com\/product\/yoast-seo-premium-wordpress\/ -->\n<title>Primera sesi\u00f3n de capacitaci\u00f3n del Programa Piloto de Gesti\u00f3n de Energ\u00eda en Am\u00e9rica del Norte, cohorte Estados Unidos-Canad\u00e1<\/title>\n<meta name=\"description\" content=\"El prop\u00f3sito de este programa es impulsar la adopci\u00f3n del sistema de gesti\u00f3n energ\u00e9tica ISO 50001 y del programa Desempe\u00f1o Energ\u00e9tico Superior (Superior\" \/>\n<meta name=\"robots\" content=\"index, follow, max-snippet:-1, max-image-preview:large, max-video-preview:-1\" \/>\n<link rel=\"canonical\" href=\"https:\/\/www.cec.org\/es\/eventos\/primera-sesion-de-capacitacion-del-programa-piloto-de-gestion-de-energia-en-america-del-norte-cohorte-estados-unidos-canada\/\" \/>\n<meta property=\"og:locale\" content=\"es_ES\" \/>\n<meta property=\"og:type\" content=\"article\" \/>\n<meta property=\"og:title\" content=\"Primera sesi\u00f3n de capacitaci\u00f3n del Programa Piloto de Gesti\u00f3n de Energ\u00eda en Am\u00e9rica del Norte, cohorte Estados Unidos-Canad\u00e1\" \/>\n<meta property=\"og:description\" content=\"CEC events range from large public consultations to small, expert meetings on specific environmental issues.\" \/>\n<meta property=\"og:url\" content=\"https:\/\/www.cec.org\/es\/eventos\/primera-sesion-de-capacitacion-del-programa-piloto-de-gestion-de-energia-en-america-del-norte-cohorte-estados-unidos-canada\/\" \/>\n<meta property=\"og:site_name\" content=\"Comisi\u00f3n para la Cooperaci\u00f3n Ambiental\" \/>\n<meta property=\"article:publisher\" content=\"https:\/\/www.facebook.com\/CECconnect\" \/>\n<meta property=\"article:modified_time\" content=\"2025-06-20T17:01:12+00:00\" \/>\n<meta property=\"og:image\" content=\"https:\/\/www.cec.org\/wp-content\/uploads\/2019\/10\/eco-iso.jpg\" \/>\n\t<meta property=\"og:image:width\" content=\"600\" \/>\n\t<meta property=\"og:image:height\" content=\"342\" \/>\n\t<meta property=\"og:image:type\" content=\"image\/jpeg\" \/>\n<meta name=\"twitter:card\" content=\"summary_large_image\" \/>\n<meta name=\"twitter:site\" content=\"@CECweb\" \/>\n<script type=\"application\/ld+json\" class=\"yoast-schema-graph\">{\"@context\":\"https:\\\/\\\/schema.org\",\"@graph\":[{\"@type\":\"WebPage\",\"@id\":\"https:\\\/\\\/www.cec.org\\\/es\\\/eventos\\\/primera-sesion-de-capacitacion-del-programa-piloto-de-gestion-de-energia-en-america-del-norte-cohorte-estados-unidos-canada\\\/\",\"url\":\"https:\\\/\\\/www.cec.org\\\/es\\\/eventos\\\/primera-sesion-de-capacitacion-del-programa-piloto-de-gestion-de-energia-en-america-del-norte-cohorte-estados-unidos-canada\\\/\",\"name\":\"Primera sesi\u00f3n de capacitaci\u00f3n del Programa Piloto de Gesti\u00f3n de Energ\u00eda en Am\u00e9rica del Norte, cohorte Estados Unidos-Canad\u00e1\",\"isPartOf\":{\"@id\":\"https:\\\/\\\/www.cec.org\\\/es\\\/#website\"},\"primaryImageOfPage\":{\"@id\":\"https:\\\/\\\/www.cec.org\\\/es\\\/eventos\\\/primera-sesion-de-capacitacion-del-programa-piloto-de-gestion-de-energia-en-america-del-norte-cohorte-estados-unidos-canada\\\/#primaryimage\"},\"image\":{\"@id\":\"https:\\\/\\\/www.cec.org\\\/es\\\/eventos\\\/primera-sesion-de-capacitacion-del-programa-piloto-de-gestion-de-energia-en-america-del-norte-cohorte-estados-unidos-canada\\\/#primaryimage\"},\"thumbnailUrl\":\"https:\\\/\\\/www.cec.org\\\/wp-content\\\/uploads\\\/2019\\\/10\\\/eco-iso.jpg\",\"datePublished\":\"2016-05-03T04:00:00+00:00\",\"dateModified\":\"2025-06-20T17:01:12+00:00\",\"description\":\"El prop\u00f3sito de este programa es impulsar la adopci\u00f3n del sistema de gesti\u00f3n energ\u00e9tica ISO 50001 y del programa Desempe\u00f1o Energ\u00e9tico Superior (Superior\",\"breadcrumb\":{\"@id\":\"https:\\\/\\\/www.cec.org\\\/es\\\/eventos\\\/primera-sesion-de-capacitacion-del-programa-piloto-de-gestion-de-energia-en-america-del-norte-cohorte-estados-unidos-canada\\\/#breadcrumb\"},\"inLanguage\":\"es\",\"potentialAction\":[{\"@type\":\"ReadAction\",\"target\":[\"https:\\\/\\\/www.cec.org\\\/es\\\/eventos\\\/primera-sesion-de-capacitacion-del-programa-piloto-de-gestion-de-energia-en-america-del-norte-cohorte-estados-unidos-canada\\\/\"]}]},{\"@type\":\"ImageObject\",\"inLanguage\":\"es\",\"@id\":\"https:\\\/\\\/www.cec.org\\\/es\\\/eventos\\\/primera-sesion-de-capacitacion-del-programa-piloto-de-gestion-de-energia-en-america-del-norte-cohorte-estados-unidos-canada\\\/#primaryimage\",\"url\":\"https:\\\/\\\/www.cec.org\\\/wp-content\\\/uploads\\\/2019\\\/10\\\/eco-iso.jpg\",\"contentUrl\":\"https:\\\/\\\/www.cec.org\\\/wp-content\\\/uploads\\\/2019\\\/10\\\/eco-iso.jpg\",\"width\":600,\"height\":342,\"caption\":\"Proyecto de la CCA\"},{\"@type\":\"BreadcrumbList\",\"@id\":\"https:\\\/\\\/www.cec.org\\\/es\\\/eventos\\\/primera-sesion-de-capacitacion-del-programa-piloto-de-gestion-de-energia-en-america-del-norte-cohorte-estados-unidos-canada\\\/#breadcrumb\",\"itemListElement\":[{\"@type\":\"ListItem\",\"position\":1,\"name\":\"Inicio\",\"item\":\"https:\\\/\\\/www.cec.org\\\/es\\\/\"},{\"@type\":\"ListItem\",\"position\":2,\"name\":\"Eventos\",\"item\":\"https:\\\/\\\/www.cec.org\\\/es\\\/eventos\\\/\"},{\"@type\":\"ListItem\",\"position\":3,\"name\":\"Primera sesi\u00f3n de capacitaci\u00f3n del Programa Piloto de Gesti\u00f3n de Energ\u00eda en Am\u00e9rica del Norte, cohorte Estados Unidos-Canad\u00e1\"}]},{\"@type\":\"WebSite\",\"@id\":\"https:\\\/\\\/www.cec.org\\\/es\\\/#website\",\"url\":\"https:\\\/\\\/www.cec.org\\\/es\\\/\",\"name\":\"Commission for Environmental Cooperation\",\"description\":\"Three countries working together to protect our shared environment\",\"alternateName\":\"CEC - CCA -CCE\",\"potentialAction\":[{\"@type\":\"SearchAction\",\"target\":{\"@type\":\"EntryPoint\",\"urlTemplate\":\"https:\\\/\\\/www.cec.org\\\/es\\\/?s={search_term_string}\"},\"query-input\":{\"@type\":\"PropertyValueSpecification\",\"valueRequired\":true,\"valueName\":\"search_term_string\"}}],\"inLanguage\":\"es\"}]}<\/script>\n<!-- \/ Yoast SEO Premium plugin. -->","yoast_head_json":{"title":"Primera sesi\u00f3n de capacitaci\u00f3n del Programa Piloto de Gesti\u00f3n de Energ\u00eda en Am\u00e9rica del Norte, cohorte Estados Unidos-Canad\u00e1","description":"El prop\u00f3sito de este programa es impulsar la adopci\u00f3n del sistema de gesti\u00f3n energ\u00e9tica ISO 50001 y del programa Desempe\u00f1o Energ\u00e9tico Superior (Superior","robots":{"index":"index","follow":"follow","max-snippet":"max-snippet:-1","max-image-preview":"max-image-preview:large","max-video-preview":"max-video-preview:-1"},"canonical":"https:\/\/www.cec.org\/es\/eventos\/primera-sesion-de-capacitacion-del-programa-piloto-de-gestion-de-energia-en-america-del-norte-cohorte-estados-unidos-canada\/","og_locale":"es_ES","og_type":"article","og_title":"Primera sesi\u00f3n de capacitaci\u00f3n del Programa Piloto de Gesti\u00f3n de Energ\u00eda en Am\u00e9rica del Norte, cohorte Estados Unidos-Canad\u00e1","og_description":"CEC events range from large public consultations to small, expert meetings on specific environmental issues.","og_url":"https:\/\/www.cec.org\/es\/eventos\/primera-sesion-de-capacitacion-del-programa-piloto-de-gestion-de-energia-en-america-del-norte-cohorte-estados-unidos-canada\/","og_site_name":"Comisi\u00f3n para la Cooperaci\u00f3n Ambiental","article_publisher":"https:\/\/www.facebook.com\/CECconnect","article_modified_time":"2025-06-20T17:01:12+00:00","og_image":[{"width":600,"height":342,"url":"https:\/\/www.cec.org\/wp-content\/uploads\/2019\/10\/eco-iso.jpg","type":"image\/jpeg"}],"twitter_card":"summary_large_image","twitter_site":"@CECweb","schema":{"@context":"https:\/\/schema.org","@graph":[{"@type":"WebPage","@id":"https:\/\/www.cec.org\/es\/eventos\/primera-sesion-de-capacitacion-del-programa-piloto-de-gestion-de-energia-en-america-del-norte-cohorte-estados-unidos-canada\/","url":"https:\/\/www.cec.org\/es\/eventos\/primera-sesion-de-capacitacion-del-programa-piloto-de-gestion-de-energia-en-america-del-norte-cohorte-estados-unidos-canada\/","name":"Primera sesi\u00f3n de capacitaci\u00f3n del Programa Piloto de Gesti\u00f3n de Energ\u00eda en Am\u00e9rica del Norte, cohorte Estados Unidos-Canad\u00e1","isPartOf":{"@id":"https:\/\/www.cec.org\/es\/#website"},"primaryImageOfPage":{"@id":"https:\/\/www.cec.org\/es\/eventos\/primera-sesion-de-capacitacion-del-programa-piloto-de-gestion-de-energia-en-america-del-norte-cohorte-estados-unidos-canada\/#primaryimage"},"image":{"@id":"https:\/\/www.cec.org\/es\/eventos\/primera-sesion-de-capacitacion-del-programa-piloto-de-gestion-de-energia-en-america-del-norte-cohorte-estados-unidos-canada\/#primaryimage"},"thumbnailUrl":"https:\/\/www.cec.org\/wp-content\/uploads\/2019\/10\/eco-iso.jpg","datePublished":"2016-05-03T04:00:00+00:00","dateModified":"2025-06-20T17:01:12+00:00","description":"El prop\u00f3sito de este programa es impulsar la adopci\u00f3n del sistema de gesti\u00f3n energ\u00e9tica ISO 50001 y del programa Desempe\u00f1o Energ\u00e9tico Superior (Superior","breadcrumb":{"@id":"https:\/\/www.cec.org\/es\/eventos\/primera-sesion-de-capacitacion-del-programa-piloto-de-gestion-de-energia-en-america-del-norte-cohorte-estados-unidos-canada\/#breadcrumb"},"inLanguage":"es","potentialAction":[{"@type":"ReadAction","target":["https:\/\/www.cec.org\/es\/eventos\/primera-sesion-de-capacitacion-del-programa-piloto-de-gestion-de-energia-en-america-del-norte-cohorte-estados-unidos-canada\/"]}]},{"@type":"ImageObject","inLanguage":"es","@id":"https:\/\/www.cec.org\/es\/eventos\/primera-sesion-de-capacitacion-del-programa-piloto-de-gestion-de-energia-en-america-del-norte-cohorte-estados-unidos-canada\/#primaryimage","url":"https:\/\/www.cec.org\/wp-content\/uploads\/2019\/10\/eco-iso.jpg","contentUrl":"https:\/\/www.cec.org\/wp-content\/uploads\/2019\/10\/eco-iso.jpg","width":600,"height":342,"caption":"Proyecto de la CCA"},{"@type":"BreadcrumbList","@id":"https:\/\/www.cec.org\/es\/eventos\/primera-sesion-de-capacitacion-del-programa-piloto-de-gestion-de-energia-en-america-del-norte-cohorte-estados-unidos-canada\/#breadcrumb","itemListElement":[{"@type":"ListItem","position":1,"name":"Inicio","item":"https:\/\/www.cec.org\/es\/"},{"@type":"ListItem","position":2,"name":"Eventos","item":"https:\/\/www.cec.org\/es\/eventos\/"},{"@type":"ListItem","position":3,"name":"Primera sesi\u00f3n de capacitaci\u00f3n del Programa Piloto de Gesti\u00f3n de Energ\u00eda en Am\u00e9rica del Norte, cohorte Estados Unidos-Canad\u00e1"}]},{"@type":"WebSite","@id":"https:\/\/www.cec.org\/es\/#website","url":"https:\/\/www.cec.org\/es\/","name":"Commission for Environmental Cooperation","description":"Three countries working together to protect our shared environment","alternateName":"CEC - CCA -CCE","potentialAction":[{"@type":"SearchAction","target":{"@type":"EntryPoint","urlTemplate":"https:\/\/www.cec.org\/es\/?s={search_term_string}"},"query-input":{"@type":"PropertyValueSpecification","valueRequired":true,"valueName":"search_term_string"}}],"inLanguage":"es"}]}},"_links":{"self":[{"href":"https:\/\/www.cec.org\/es\/wp-json\/wp\/v2\/events\/13765","targetHints":{"allow":["GET"]}}],"collection":[{"href":"https:\/\/www.cec.org\/es\/wp-json\/wp\/v2\/events"}],"about":[{"href":"https:\/\/www.cec.org\/es\/wp-json\/wp\/v2\/types\/events"}],"wp:featuredmedia":[{"embeddable":true,"href":"https:\/\/www.cec.org\/es\/wp-json\/wp\/v2\/media\/4555"}],"wp:attachment":[{"href":"https:\/\/www.cec.org\/es\/wp-json\/wp\/v2\/media?parent=13765"}],"curies":[{"name":"wp","href":"https:\/\/api.w.org\/{rel}","templated":true}]}}

Primera sesión de capacitación del Programa Piloto de Gestión de Energía en América del Norte, cohorte Estados Unidos-Canadá

<p>El propósito de este programa es impulsar la adopción del sistema de gestión energética ISO 50001 y del programa Desempeño Energético Superior (<em>Superior Energy Performance</em>, SEP) en las instalaciones de empresas participantes en toda América del Norte. En esta primera sesión de capacitación, se apoyará a empresas de Canadá y Estados Unidos en el establecimiento de indicadores de desempeño energético y objetivos específico de mejoramiento. La cohorte de empresas participará en dos sesiones más de capacitación, como parte del Programa Piloto de Gestión de Energía en América del Norte.</p>

<p>El propósito de este programa es impulsar la adopción del sistema de gestión energética ISO 50001 y del programa Desempeño Energético Superior (Superior Energy Performance, SEP) en las instalaciones de empresas participantes en toda América del Norte. En esta primera sesión de capacitación, se apoyará a empresas de Canadá y Estados Unidos en el establecimiento [&hellip;]</p>

<!-- This site is optimized with the Yoast SEO Premium plugin v27.4 (Yoast SEO v27.4) - https://yoast.com/product/yoast-seo-premium-wordpress/ -->
<title>Primera sesión de capacitación del Programa Piloto de Gestión de Energía en América del Norte, cohorte Estados Unidos-Canadá</title>
<meta name="description" content="El propósito de este programa es impulsar la adopción del sistema de gestión energética ISO 50001 y del programa Desempeño Energético Superior (Superior" />
<meta name="robots" content="index, follow, max-snippet:-1, max-image-preview:large, max-video-preview:-1" />
<link rel="canonical" href="https://www.cec.org/es/eventos/primera-sesion-de-capacitacion-del-programa-piloto-de-gestion-de-energia-en-america-del-norte-cohorte-estados-unidos-canada/" />
<meta property="og:locale" content="es_ES" />
<meta property="og:type" content="article" />
<meta property="og:title" content="Primera sesión de capacitación del Programa Piloto de Gestión de Energía en América del Norte, cohorte Estados Unidos-Canadá" />
<meta property="og:description" content="CEC events range from large public consultations to small, expert meetings on specific environmental issues." />
<meta property="og:url" content="https://www.cec.org/es/eventos/primera-sesion-de-capacitacion-del-programa-piloto-de-gestion-de-energia-en-america-del-norte-cohorte-estados-unidos-canada/" />
<meta property="og:site_name" content="Comisión para la Cooperación Ambiental" />
<meta property="article:publisher" content="https://www.facebook.com/CECconnect" />
<meta property="article:modified_time" content="2025-06-20T17:01:12+00:00" />
<meta property="og:image" content="https://www.cec.org/wp-content/uploads/2019/10/eco-iso.jpg" />
	<meta property="og:image:width" content="600" />
	<meta property="og:image:height" content="342" />
	<meta property="og:image:type" content="image/jpeg" />
<meta name="twitter:card" content="summary_large_image" />
<meta name="twitter:site" content="@CECweb" />
<script type="application/ld+json" class="yoast-schema-graph">{"@context":"https:\/\/schema.org","@graph":[{"@type":"WebPage","@id":"https:\/\/www.cec.org\/es\/eventos\/primera-sesion-de-capacitacion-del-programa-piloto-de-gestion-de-energia-en-america-del-norte-cohorte-estados-unidos-canada\/","url":"https:\/\/www.cec.org\/es\/eventos\/primera-sesion-de-capacitacion-del-programa-piloto-de-gestion-de-energia-en-america-del-norte-cohorte-estados-unidos-canada\/","name":"Primera sesión de capacitación del Programa Piloto de Gestión de Energía en América del Norte, cohorte Estados Unidos-Canadá","isPartOf":{"@id":"https:\/\/www.cec.org\/es\/#website"},"primaryImageOfPage":{"@id":"https:\/\/www.cec.org\/es\/eventos\/primera-sesion-de-capacitacion-del-programa-piloto-de-gestion-de-energia-en-america-del-norte-cohorte-estados-unidos-canada\/#primaryimage"},"image":{"@id":"https:\/\/www.cec.org\/es\/eventos\/primera-sesion-de-capacitacion-del-programa-piloto-de-gestion-de-energia-en-america-del-norte-cohorte-estados-unidos-canada\/#primaryimage"},"thumbnailUrl":"https:\/\/www.cec.org\/wp-content\/uploads\/2019\/10\/eco-iso.jpg","datePublished":"2016-05-03T04:00:00+00:00","dateModified":"2025-06-20T17:01:12+00:00","description":"El propósito de este programa es impulsar la adopción del sistema de gestión energética ISO 50001 y del programa Desempeño Energético Superior (Superior","breadcrumb":{"@id":"https:\/\/www.cec.org\/es\/eventos\/primera-sesion-de-capacitacion-del-programa-piloto-de-gestion-de-energia-en-america-del-norte-cohorte-estados-unidos-canada\/#breadcrumb"},"inLanguage":"es","potentialAction":[{"@type":"ReadAction","target":["https:\/\/www.cec.org\/es\/eventos\/primera-sesion-de-capacitacion-del-programa-piloto-de-gestion-de-energia-en-america-del-norte-cohorte-estados-unidos-canada\/"]}]},{"@type":"ImageObject","inLanguage":"es","@id":"https:\/\/www.cec.org\/es\/eventos\/primera-sesion-de-capacitacion-del-programa-piloto-de-gestion-de-energia-en-america-del-norte-cohorte-estados-unidos-canada\/#primaryimage","url":"https:\/\/www.cec.org\/wp-content\/uploads\/2019\/10\/eco-iso.jpg","contentUrl":"https:\/\/www.cec.org\/wp-content\/uploads\/2019\/10\/eco-iso.jpg","width":600,"height":342,"caption":"Proyecto de la CCA"},{"@type":"BreadcrumbList","@id":"https:\/\/www.cec.org\/es\/eventos\/primera-sesion-de-capacitacion-del-programa-piloto-de-gestion-de-energia-en-america-del-norte-cohorte-estados-unidos-canada\/#breadcrumb","itemListElement":[{"@type":"ListItem","position":1,"name":"Inicio","item":"https:\/\/www.cec.org\/es\/"},{"@type":"ListItem","position":2,"name":"Eventos","item":"https:\/\/www.cec.org\/es\/eventos\/"},{"@type":"ListItem","position":3,"name":"Primera sesión de capacitación del Programa Piloto de Gestión de Energía en América del Norte, cohorte Estados Unidos-Canadá"}]},{"@type":"WebSite","@id":"https:\/\/www.cec.org\/es\/#website","url":"https:\/\/www.cec.org\/es\/","name":"Commission for Environmental Cooperation","description":"Three countries working together to protect our shared environment","alternateName":"CEC - CCA -CCE","potentialAction":[{"@type":"SearchAction","target":{"@type":"EntryPoint","urlTemplate":"https:\/\/www.cec.org\/es\/?s={search_term_string}"},"query-input":{"@type":"PropertyValueSpecification","valueRequired":true,"valueName":"search_term_string"}}],"inLanguage":"es"}]}</script>
<!-- / Yoast SEO Premium plugin. -->

El propósito de este programa es impulsar la adopción del sistema de gestión energética ISO 50001 y del programa Desempeño Energético Superior (Superior

Comisión para la Cooperación Ambiental
