{"id":13694,"date":"2009-12-01T00:00:00","date_gmt":"2009-12-01T05:00:00","guid":{"rendered":"http:\/\/www.cec.org\/events\/sesion-ordinaria-09-03-del-ccpc-mesa-redonda-sobre-las-prioridades-de-la-cca-para-2010-y-allende\/"},"modified":"2025-06-20T12:43:32","modified_gmt":"2025-06-20T16:43:32","slug":"sesion-ordinaria-09-03-del-ccpc-mesa-redonda-sobre-las-prioridades-de-la-cca-para-2010-y-allende","status":"publish","type":"events","link":"https:\/\/www.cec.org\/es\/eventos\/sesion-ordinaria-09-03-del-ccpc-mesa-redonda-sobre-las-prioridades-de-la-cca-para-2010-y-allende\/","title":{"rendered":"Sesi\u00f3n ordinaria 09-03 del CCPC: Mesa redonda sobre las prioridades de la CCA para 2010 y allende"},"content":{"rendered":"<p>El principal objetivo de la reuni\u00f3n fue establecer una perspectiva com\u00fan en torno de las nuevas prioridades se\u00f1aladas por el Consejo de ministros de la CCA en junio pasado, as\u00ed como identificar posibles elementos clave a incluir en el Plan Estrat\u00e9gico 2010-2015.<\/p>\n","protected":false},"excerpt":{"rendered":"<p>El principal objetivo de la reuni\u00f3n fue establecer una perspectiva com\u00fan en torno de las nuevas prioridades se\u00f1aladas por el Consejo de ministros de la CCA en junio pasado, as\u00ed como identificar posibles elementos clave a incluir en el Plan Estrat\u00e9gico 2010-2015.<\/p>\n","protected":false},"featured_media":34069,"template":"","class_list":["post-13694","events","type-events","status-publish","has-post-thumbnail","hentry","event_category-sesion-del-ccpc","country-mexico-es","participation-abierto-al-publico-es"],"acf":[],"yoast_head":"<!-- This site is optimized with the Yoast SEO Premium plugin v27.4 (Yoast SEO v27.4) - https:\/\/yoast.com\/product\/yoast-seo-premium-wordpress\/ -->\n<title>Sesi\u00f3n ordinaria 09-03 del CCPC: Mesa redonda sobre las prioridades de la CCA para 2010 y allende<\/title>\n<meta name=\"description\" content=\"El principal objetivo de la reuni\u00f3n fue establecer una perspectiva com\u00fan en torno de las nuevas prioridades se\u00f1aladas por el Consejo de ministros de la\" \/>\n<meta name=\"robots\" content=\"index, follow, max-snippet:-1, max-image-preview:large, max-video-preview:-1\" \/>\n<link rel=\"canonical\" href=\"https:\/\/www.cec.org\/es\/eventos\/sesion-ordinaria-09-03-del-ccpc-mesa-redonda-sobre-las-prioridades-de-la-cca-para-2010-y-allende\/\" \/>\n<meta property=\"og:locale\" content=\"es_ES\" \/>\n<meta property=\"og:type\" content=\"article\" \/>\n<meta property=\"og:title\" content=\"Sesi\u00f3n ordinaria 09-03 del CCPC: Mesa redonda sobre las prioridades de la CCA para 2010 y allende\" \/>\n<meta property=\"og:description\" content=\"CEC events range from large public consultations to small, expert meetings on specific environmental issues.\" \/>\n<meta property=\"og:url\" content=\"https:\/\/www.cec.org\/es\/eventos\/sesion-ordinaria-09-03-del-ccpc-mesa-redonda-sobre-las-prioridades-de-la-cca-para-2010-y-allende\/\" \/>\n<meta property=\"og:site_name\" content=\"Comisi\u00f3n para la Cooperaci\u00f3n Ambiental\" \/>\n<meta property=\"article:publisher\" content=\"https:\/\/www.facebook.com\/CECconnect\" \/>\n<meta property=\"article:modified_time\" content=\"2025-06-20T16:43:32+00:00\" \/>\n<meta property=\"og:image\" content=\"https:\/\/www.cec.org\/wp-content\/uploads\/2009\/12\/JPAC-09-03.jpg\" \/>\n\t<meta property=\"og:image:width\" content=\"600\" \/>\n\t<meta property=\"og:image:height\" content=\"400\" \/>\n\t<meta property=\"og:image:type\" content=\"image\/jpeg\" \/>\n<meta name=\"twitter:card\" content=\"summary_large_image\" \/>\n<meta name=\"twitter:site\" content=\"@CECweb\" \/>\n<script type=\"application\/ld+json\" class=\"yoast-schema-graph\">{\"@context\":\"https:\\\/\\\/schema.org\",\"@graph\":[{\"@type\":\"WebPage\",\"@id\":\"https:\\\/\\\/www.cec.org\\\/es\\\/eventos\\\/sesion-ordinaria-09-03-del-ccpc-mesa-redonda-sobre-las-prioridades-de-la-cca-para-2010-y-allende\\\/\",\"url\":\"https:\\\/\\\/www.cec.org\\\/es\\\/eventos\\\/sesion-ordinaria-09-03-del-ccpc-mesa-redonda-sobre-las-prioridades-de-la-cca-para-2010-y-allende\\\/\",\"name\":\"Sesi\u00f3n ordinaria 09-03 del CCPC: Mesa redonda sobre las prioridades de la CCA para 2010 y allende\",\"isPartOf\":{\"@id\":\"https:\\\/\\\/www.cec.org\\\/es\\\/#website\"},\"primaryImageOfPage\":{\"@id\":\"https:\\\/\\\/www.cec.org\\\/es\\\/eventos\\\/sesion-ordinaria-09-03-del-ccpc-mesa-redonda-sobre-las-prioridades-de-la-cca-para-2010-y-allende\\\/#primaryimage\"},\"image\":{\"@id\":\"https:\\\/\\\/www.cec.org\\\/es\\\/eventos\\\/sesion-ordinaria-09-03-del-ccpc-mesa-redonda-sobre-las-prioridades-de-la-cca-para-2010-y-allende\\\/#primaryimage\"},\"thumbnailUrl\":\"https:\\\/\\\/www.cec.org\\\/wp-content\\\/uploads\\\/2009\\\/12\\\/JPAC-09-03.jpg\",\"datePublished\":\"2009-12-01T05:00:00+00:00\",\"dateModified\":\"2025-06-20T16:43:32+00:00\",\"description\":\"El principal objetivo de la reuni\u00f3n fue establecer una perspectiva com\u00fan en torno de las nuevas prioridades se\u00f1aladas por el Consejo de ministros de la\",\"breadcrumb\":{\"@id\":\"https:\\\/\\\/www.cec.org\\\/es\\\/eventos\\\/sesion-ordinaria-09-03-del-ccpc-mesa-redonda-sobre-las-prioridades-de-la-cca-para-2010-y-allende\\\/#breadcrumb\"},\"inLanguage\":\"es\",\"potentialAction\":[{\"@type\":\"ReadAction\",\"target\":[\"https:\\\/\\\/www.cec.org\\\/es\\\/eventos\\\/sesion-ordinaria-09-03-del-ccpc-mesa-redonda-sobre-las-prioridades-de-la-cca-para-2010-y-allende\\\/\"]}]},{\"@type\":\"ImageObject\",\"inLanguage\":\"es\",\"@id\":\"https:\\\/\\\/www.cec.org\\\/es\\\/eventos\\\/sesion-ordinaria-09-03-del-ccpc-mesa-redonda-sobre-las-prioridades-de-la-cca-para-2010-y-allende\\\/#primaryimage\",\"url\":\"https:\\\/\\\/www.cec.org\\\/wp-content\\\/uploads\\\/2009\\\/12\\\/JPAC-09-03.jpg\",\"contentUrl\":\"https:\\\/\\\/www.cec.org\\\/wp-content\\\/uploads\\\/2009\\\/12\\\/JPAC-09-03.jpg\",\"width\":600,\"height\":400,\"caption\":\"JPAC Session\"},{\"@type\":\"BreadcrumbList\",\"@id\":\"https:\\\/\\\/www.cec.org\\\/es\\\/eventos\\\/sesion-ordinaria-09-03-del-ccpc-mesa-redonda-sobre-las-prioridades-de-la-cca-para-2010-y-allende\\\/#breadcrumb\",\"itemListElement\":[{\"@type\":\"ListItem\",\"position\":1,\"name\":\"Inicio\",\"item\":\"https:\\\/\\\/www.cec.org\\\/es\\\/\"},{\"@type\":\"ListItem\",\"position\":2,\"name\":\"Eventos\",\"item\":\"https:\\\/\\\/www.cec.org\\\/es\\\/eventos\\\/\"},{\"@type\":\"ListItem\",\"position\":3,\"name\":\"Sesi\u00f3n ordinaria 09-03 del CCPC: Mesa redonda sobre las prioridades de la CCA para 2010 y allende\"}]},{\"@type\":\"WebSite\",\"@id\":\"https:\\\/\\\/www.cec.org\\\/es\\\/#website\",\"url\":\"https:\\\/\\\/www.cec.org\\\/es\\\/\",\"name\":\"Commission for Environmental Cooperation\",\"description\":\"Three countries working together to protect our shared environment\",\"alternateName\":\"CEC - CCA -CCE\",\"potentialAction\":[{\"@type\":\"SearchAction\",\"target\":{\"@type\":\"EntryPoint\",\"urlTemplate\":\"https:\\\/\\\/www.cec.org\\\/es\\\/?s={search_term_string}\"},\"query-input\":{\"@type\":\"PropertyValueSpecification\",\"valueRequired\":true,\"valueName\":\"search_term_string\"}}],\"inLanguage\":\"es\"}]}<\/script>\n<!-- \/ Yoast SEO Premium plugin. -->","yoast_head_json":{"title":"Sesi\u00f3n ordinaria 09-03 del CCPC: Mesa redonda sobre las prioridades de la CCA para 2010 y allende","description":"El principal objetivo de la reuni\u00f3n fue establecer una perspectiva com\u00fan en torno de las nuevas prioridades se\u00f1aladas por el Consejo de ministros de la","robots":{"index":"index","follow":"follow","max-snippet":"max-snippet:-1","max-image-preview":"max-image-preview:large","max-video-preview":"max-video-preview:-1"},"canonical":"https:\/\/www.cec.org\/es\/eventos\/sesion-ordinaria-09-03-del-ccpc-mesa-redonda-sobre-las-prioridades-de-la-cca-para-2010-y-allende\/","og_locale":"es_ES","og_type":"article","og_title":"Sesi\u00f3n ordinaria 09-03 del CCPC: Mesa redonda sobre las prioridades de la CCA para 2010 y allende","og_description":"CEC events range from large public consultations to small, expert meetings on specific environmental issues.","og_url":"https:\/\/www.cec.org\/es\/eventos\/sesion-ordinaria-09-03-del-ccpc-mesa-redonda-sobre-las-prioridades-de-la-cca-para-2010-y-allende\/","og_site_name":"Comisi\u00f3n para la Cooperaci\u00f3n Ambiental","article_publisher":"https:\/\/www.facebook.com\/CECconnect","article_modified_time":"2025-06-20T16:43:32+00:00","og_image":[{"width":600,"height":400,"url":"https:\/\/www.cec.org\/wp-content\/uploads\/2009\/12\/JPAC-09-03.jpg","type":"image\/jpeg"}],"twitter_card":"summary_large_image","twitter_site":"@CECweb","schema":{"@context":"https:\/\/schema.org","@graph":[{"@type":"WebPage","@id":"https:\/\/www.cec.org\/es\/eventos\/sesion-ordinaria-09-03-del-ccpc-mesa-redonda-sobre-las-prioridades-de-la-cca-para-2010-y-allende\/","url":"https:\/\/www.cec.org\/es\/eventos\/sesion-ordinaria-09-03-del-ccpc-mesa-redonda-sobre-las-prioridades-de-la-cca-para-2010-y-allende\/","name":"Sesi\u00f3n ordinaria 09-03 del CCPC: Mesa redonda sobre las prioridades de la CCA para 2010 y allende","isPartOf":{"@id":"https:\/\/www.cec.org\/es\/#website"},"primaryImageOfPage":{"@id":"https:\/\/www.cec.org\/es\/eventos\/sesion-ordinaria-09-03-del-ccpc-mesa-redonda-sobre-las-prioridades-de-la-cca-para-2010-y-allende\/#primaryimage"},"image":{"@id":"https:\/\/www.cec.org\/es\/eventos\/sesion-ordinaria-09-03-del-ccpc-mesa-redonda-sobre-las-prioridades-de-la-cca-para-2010-y-allende\/#primaryimage"},"thumbnailUrl":"https:\/\/www.cec.org\/wp-content\/uploads\/2009\/12\/JPAC-09-03.jpg","datePublished":"2009-12-01T05:00:00+00:00","dateModified":"2025-06-20T16:43:32+00:00","description":"El principal objetivo de la reuni\u00f3n fue establecer una perspectiva com\u00fan en torno de las nuevas prioridades se\u00f1aladas por el Consejo de ministros de la","breadcrumb":{"@id":"https:\/\/www.cec.org\/es\/eventos\/sesion-ordinaria-09-03-del-ccpc-mesa-redonda-sobre-las-prioridades-de-la-cca-para-2010-y-allende\/#breadcrumb"},"inLanguage":"es","potentialAction":[{"@type":"ReadAction","target":["https:\/\/www.cec.org\/es\/eventos\/sesion-ordinaria-09-03-del-ccpc-mesa-redonda-sobre-las-prioridades-de-la-cca-para-2010-y-allende\/"]}]},{"@type":"ImageObject","inLanguage":"es","@id":"https:\/\/www.cec.org\/es\/eventos\/sesion-ordinaria-09-03-del-ccpc-mesa-redonda-sobre-las-prioridades-de-la-cca-para-2010-y-allende\/#primaryimage","url":"https:\/\/www.cec.org\/wp-content\/uploads\/2009\/12\/JPAC-09-03.jpg","contentUrl":"https:\/\/www.cec.org\/wp-content\/uploads\/2009\/12\/JPAC-09-03.jpg","width":600,"height":400,"caption":"JPAC Session"},{"@type":"BreadcrumbList","@id":"https:\/\/www.cec.org\/es\/eventos\/sesion-ordinaria-09-03-del-ccpc-mesa-redonda-sobre-las-prioridades-de-la-cca-para-2010-y-allende\/#breadcrumb","itemListElement":[{"@type":"ListItem","position":1,"name":"Inicio","item":"https:\/\/www.cec.org\/es\/"},{"@type":"ListItem","position":2,"name":"Eventos","item":"https:\/\/www.cec.org\/es\/eventos\/"},{"@type":"ListItem","position":3,"name":"Sesi\u00f3n ordinaria 09-03 del CCPC: Mesa redonda sobre las prioridades de la CCA para 2010 y allende"}]},{"@type":"WebSite","@id":"https:\/\/www.cec.org\/es\/#website","url":"https:\/\/www.cec.org\/es\/","name":"Commission for Environmental Cooperation","description":"Three countries working together to protect our shared environment","alternateName":"CEC - CCA -CCE","potentialAction":[{"@type":"SearchAction","target":{"@type":"EntryPoint","urlTemplate":"https:\/\/www.cec.org\/es\/?s={search_term_string}"},"query-input":{"@type":"PropertyValueSpecification","valueRequired":true,"valueName":"search_term_string"}}],"inLanguage":"es"}]}},"_links":{"self":[{"href":"https:\/\/www.cec.org\/es\/wp-json\/wp\/v2\/events\/13694","targetHints":{"allow":["GET"]}}],"collection":[{"href":"https:\/\/www.cec.org\/es\/wp-json\/wp\/v2\/events"}],"about":[{"href":"https:\/\/www.cec.org\/es\/wp-json\/wp\/v2\/types\/events"}],"wp:featuredmedia":[{"embeddable":true,"href":"https:\/\/www.cec.org\/es\/wp-json\/wp\/v2\/media\/34069"}],"wp:attachment":[{"href":"https:\/\/www.cec.org\/es\/wp-json\/wp\/v2\/media?parent=13694"}],"curies":[{"name":"wp","href":"https:\/\/api.w.org\/{rel}","templated":true}]}}

Sesión ordinaria 09-03 del CCPC: Mesa redonda sobre las prioridades de la CCA para 2010 y allende

<p>El principal objetivo de la reunión fue establecer una perspectiva común en torno de las nuevas prioridades señaladas por el Consejo de ministros de la CCA en junio pasado, así como identificar posibles elementos clave a incluir en el Plan Estratégico 2010-2015.</p>

<!-- This site is optimized with the Yoast SEO Premium plugin v27.4 (Yoast SEO v27.4) - https://yoast.com/product/yoast-seo-premium-wordpress/ -->
<title>Sesión ordinaria 09-03 del CCPC: Mesa redonda sobre las prioridades de la CCA para 2010 y allende</title>
<meta name="description" content="El principal objetivo de la reunión fue establecer una perspectiva común en torno de las nuevas prioridades señaladas por el Consejo de ministros de la" />
<meta name="robots" content="index, follow, max-snippet:-1, max-image-preview:large, max-video-preview:-1" />
<link rel="canonical" href="https://www.cec.org/es/eventos/sesion-ordinaria-09-03-del-ccpc-mesa-redonda-sobre-las-prioridades-de-la-cca-para-2010-y-allende/" />
<meta property="og:locale" content="es_ES" />
<meta property="og:type" content="article" />
<meta property="og:title" content="Sesión ordinaria 09-03 del CCPC: Mesa redonda sobre las prioridades de la CCA para 2010 y allende" />
<meta property="og:description" content="CEC events range from large public consultations to small, expert meetings on specific environmental issues." />
<meta property="og:url" content="https://www.cec.org/es/eventos/sesion-ordinaria-09-03-del-ccpc-mesa-redonda-sobre-las-prioridades-de-la-cca-para-2010-y-allende/" />
<meta property="og:site_name" content="Comisión para la Cooperación Ambiental" />
<meta property="article:publisher" content="https://www.facebook.com/CECconnect" />
<meta property="article:modified_time" content="2025-06-20T16:43:32+00:00" />
<meta property="og:image" content="https://www.cec.org/wp-content/uploads/2009/12/JPAC-09-03.jpg" />
	<meta property="og:image:width" content="600" />
	<meta property="og:image:height" content="400" />
	<meta property="og:image:type" content="image/jpeg" />
<meta name="twitter:card" content="summary_large_image" />
<meta name="twitter:site" content="@CECweb" />
<script type="application/ld+json" class="yoast-schema-graph">{"@context":"https:\/\/schema.org","@graph":[{"@type":"WebPage","@id":"https:\/\/www.cec.org\/es\/eventos\/sesion-ordinaria-09-03-del-ccpc-mesa-redonda-sobre-las-prioridades-de-la-cca-para-2010-y-allende\/","url":"https:\/\/www.cec.org\/es\/eventos\/sesion-ordinaria-09-03-del-ccpc-mesa-redonda-sobre-las-prioridades-de-la-cca-para-2010-y-allende\/","name":"Sesión ordinaria 09-03 del CCPC: Mesa redonda sobre las prioridades de la CCA para 2010 y allende","isPartOf":{"@id":"https:\/\/www.cec.org\/es\/#website"},"primaryImageOfPage":{"@id":"https:\/\/www.cec.org\/es\/eventos\/sesion-ordinaria-09-03-del-ccpc-mesa-redonda-sobre-las-prioridades-de-la-cca-para-2010-y-allende\/#primaryimage"},"image":{"@id":"https:\/\/www.cec.org\/es\/eventos\/sesion-ordinaria-09-03-del-ccpc-mesa-redonda-sobre-las-prioridades-de-la-cca-para-2010-y-allende\/#primaryimage"},"thumbnailUrl":"https:\/\/www.cec.org\/wp-content\/uploads\/2009\/12\/JPAC-09-03.jpg","datePublished":"2009-12-01T05:00:00+00:00","dateModified":"2025-06-20T16:43:32+00:00","description":"El principal objetivo de la reunión fue establecer una perspectiva común en torno de las nuevas prioridades señaladas por el Consejo de ministros de la","breadcrumb":{"@id":"https:\/\/www.cec.org\/es\/eventos\/sesion-ordinaria-09-03-del-ccpc-mesa-redonda-sobre-las-prioridades-de-la-cca-para-2010-y-allende\/#breadcrumb"},"inLanguage":"es","potentialAction":[{"@type":"ReadAction","target":["https:\/\/www.cec.org\/es\/eventos\/sesion-ordinaria-09-03-del-ccpc-mesa-redonda-sobre-las-prioridades-de-la-cca-para-2010-y-allende\/"]}]},{"@type":"ImageObject","inLanguage":"es","@id":"https:\/\/www.cec.org\/es\/eventos\/sesion-ordinaria-09-03-del-ccpc-mesa-redonda-sobre-las-prioridades-de-la-cca-para-2010-y-allende\/#primaryimage","url":"https:\/\/www.cec.org\/wp-content\/uploads\/2009\/12\/JPAC-09-03.jpg","contentUrl":"https:\/\/www.cec.org\/wp-content\/uploads\/2009\/12\/JPAC-09-03.jpg","width":600,"height":400,"caption":"JPAC Session"},{"@type":"BreadcrumbList","@id":"https:\/\/www.cec.org\/es\/eventos\/sesion-ordinaria-09-03-del-ccpc-mesa-redonda-sobre-las-prioridades-de-la-cca-para-2010-y-allende\/#breadcrumb","itemListElement":[{"@type":"ListItem","position":1,"name":"Inicio","item":"https:\/\/www.cec.org\/es\/"},{"@type":"ListItem","position":2,"name":"Eventos","item":"https:\/\/www.cec.org\/es\/eventos\/"},{"@type":"ListItem","position":3,"name":"Sesión ordinaria 09-03 del CCPC: Mesa redonda sobre las prioridades de la CCA para 2010 y allende"}]},{"@type":"WebSite","@id":"https:\/\/www.cec.org\/es\/#website","url":"https:\/\/www.cec.org\/es\/","name":"Commission for Environmental Cooperation","description":"Three countries working together to protect our shared environment","alternateName":"CEC - CCA -CCE","potentialAction":[{"@type":"SearchAction","target":{"@type":"EntryPoint","urlTemplate":"https:\/\/www.cec.org\/es\/?s={search_term_string}"},"query-input":{"@type":"PropertyValueSpecification","valueRequired":true,"valueName":"search_term_string"}}],"inLanguage":"es"}]}</script>
<!-- / Yoast SEO Premium plugin. -->

El principal objetivo de la reunión fue establecer una perspectiva común en torno de las nuevas prioridades señaladas por el Consejo de ministros de la

Comisión para la Cooperación Ambiental
