{"id":59843,"date":"2025-08-21T17:09:18","date_gmt":"2025-08-21T21:09:18","guid":{"rendered":"https:\/\/www.cec.org\/agency\/food-waste-prevention-week\/"},"modified":"2025-08-21T17:09:18","modified_gmt":"2025-08-21T21:09:18","slug":"food-waste-prevention-week","status":"publish","type":"agency","link":"https:\/\/www.cec.org\/es\/agency\/food-waste-prevention-week\/","title":{"rendered":"Food Waste Prevention Week"},"content":{"rendered":"<p>Como organizaci\u00f3n asociada, la Semana para la Prevenci\u00f3n del Desperdicio de Alimentos (<em>Food Waste Prevention Week<\/em>) ha sido una aliada clave en la promoci\u00f3n tanto del <a href=\"https:\/\/www.cec.org\/flwy\/es\/sociosycolaboradores\/\">kit de acci\u00f3n 'Los alimentos importan'<\/a> como de otros materiales de la CCA sobre p\u00e9rdida y desperdicio de alimentos.<\/p>\n","protected":false},"excerpt":{"rendered":"<p>Como organizaci\u00f3n asociada, la Semana para la Prevenci\u00f3n del Desperdicio de Alimentos (Food Waste Prevention Week) ha sido una aliada clave en la promoci\u00f3n tanto del kit de acci\u00f3n &#8216;Los alimentos importan&#8217; como de otros materiales de la CCA sobre p\u00e9rdida y desperdicio de alimentos.<\/p>\n","protected":false},"featured_media":59824,"template":"","class_list":["post-59843","agency","type-agency","status-publish","has-post-thumbnail","hentry","country-estados-unidos","agency_type-organizacion-no-gubernamental","agency_theme-collaborations-page-es"],"acf":[],"yoast_head":"<!-- This site is optimized with the Yoast SEO Premium plugin v27.4 (Yoast SEO v27.4) - https:\/\/yoast.com\/product\/yoast-seo-premium-wordpress\/ -->\n<title>Food Waste Prevention Week<\/title>\n<meta name=\"description\" content=\"Como organizaci\u00f3n asociada, la Semana para la Prevenci\u00f3n del Desperdicio de Alimentos (Food Waste Prevention Week) ha sido una aliada clave en la\" \/>\n<meta name=\"robots\" content=\"index, follow, max-snippet:-1, max-image-preview:large, max-video-preview:-1\" \/>\n<link rel=\"canonical\" href=\"https:\/\/www.cec.org\/es\/agency\/food-waste-prevention-week\/\" \/>\n<meta property=\"og:locale\" content=\"es_ES\" \/>\n<meta property=\"og:type\" content=\"article\" \/>\n<meta property=\"og:title\" content=\"Food Waste Prevention Week\" \/>\n<meta property=\"og:description\" content=\"Como organizaci\u00f3n asociada, la Semana para la Prevenci\u00f3n del Desperdicio de Alimentos (Food Waste Prevention Week) ha sido una aliada clave en la\" \/>\n<meta property=\"og:url\" content=\"https:\/\/www.cec.org\/es\/agency\/food-waste-prevention-week\/\" \/>\n<meta property=\"og:site_name\" content=\"Comisi\u00f3n para la Cooperaci\u00f3n Ambiental\" \/>\n<meta property=\"article:publisher\" content=\"https:\/\/www.facebook.com\/CECconnect\" \/>\n<meta property=\"og:image\" content=\"https:\/\/www.cec.org\/wp-content\/uploads\/Logo-FWPW.webp\" \/>\n\t<meta property=\"og:image:width\" content=\"600\" \/>\n\t<meta property=\"og:image:height\" content=\"600\" \/>\n\t<meta property=\"og:image:type\" content=\"image\/webp\" \/>\n<meta name=\"twitter:card\" content=\"summary_large_image\" \/>\n<meta name=\"twitter:site\" content=\"@CECweb\" \/>\n<script type=\"application\/ld+json\" class=\"yoast-schema-graph\">{\"@context\":\"https:\\\/\\\/schema.org\",\"@graph\":[{\"@type\":\"WebPage\",\"@id\":\"https:\\\/\\\/www.cec.org\\\/es\\\/agency\\\/food-waste-prevention-week\\\/\",\"url\":\"https:\\\/\\\/www.cec.org\\\/es\\\/agency\\\/food-waste-prevention-week\\\/\",\"name\":\"Food Waste Prevention Week\",\"isPartOf\":{\"@id\":\"https:\\\/\\\/www.cec.org\\\/es\\\/#website\"},\"primaryImageOfPage\":{\"@id\":\"https:\\\/\\\/www.cec.org\\\/es\\\/agency\\\/food-waste-prevention-week\\\/#primaryimage\"},\"image\":{\"@id\":\"https:\\\/\\\/www.cec.org\\\/es\\\/agency\\\/food-waste-prevention-week\\\/#primaryimage\"},\"thumbnailUrl\":\"https:\\\/\\\/www.cec.org\\\/wp-content\\\/uploads\\\/Logo-FWPW.webp\",\"datePublished\":\"2025-08-21T21:09:18+00:00\",\"description\":\"Como organizaci\u00f3n asociada, la Semana para la Prevenci\u00f3n del Desperdicio de Alimentos (Food Waste Prevention Week) ha sido una aliada clave en la\",\"breadcrumb\":{\"@id\":\"https:\\\/\\\/www.cec.org\\\/es\\\/agency\\\/food-waste-prevention-week\\\/#breadcrumb\"},\"inLanguage\":\"es\",\"potentialAction\":[{\"@type\":\"ReadAction\",\"target\":[\"https:\\\/\\\/www.cec.org\\\/es\\\/agency\\\/food-waste-prevention-week\\\/\"]}]},{\"@type\":\"ImageObject\",\"inLanguage\":\"es\",\"@id\":\"https:\\\/\\\/www.cec.org\\\/es\\\/agency\\\/food-waste-prevention-week\\\/#primaryimage\",\"url\":\"https:\\\/\\\/www.cec.org\\\/wp-content\\\/uploads\\\/Logo-FWPW.webp\",\"contentUrl\":\"https:\\\/\\\/www.cec.org\\\/wp-content\\\/uploads\\\/Logo-FWPW.webp\",\"width\":600,\"height\":600,\"caption\":\"Food Waste Prevention Week\"},{\"@type\":\"BreadcrumbList\",\"@id\":\"https:\\\/\\\/www.cec.org\\\/es\\\/agency\\\/food-waste-prevention-week\\\/#breadcrumb\",\"itemListElement\":[{\"@type\":\"ListItem\",\"position\":1,\"name\":\"Inicio\",\"item\":\"https:\\\/\\\/www.cec.org\\\/es\\\/\"},{\"@type\":\"ListItem\",\"position\":2,\"name\":\"Food Waste Prevention Week\"}]},{\"@type\":\"WebSite\",\"@id\":\"https:\\\/\\\/www.cec.org\\\/es\\\/#website\",\"url\":\"https:\\\/\\\/www.cec.org\\\/es\\\/\",\"name\":\"Commission for Environmental Cooperation\",\"description\":\"Three countries working together to protect our shared environment\",\"alternateName\":\"CEC - CCA -CCE\",\"potentialAction\":[{\"@type\":\"SearchAction\",\"target\":{\"@type\":\"EntryPoint\",\"urlTemplate\":\"https:\\\/\\\/www.cec.org\\\/es\\\/?s={search_term_string}\"},\"query-input\":{\"@type\":\"PropertyValueSpecification\",\"valueRequired\":true,\"valueName\":\"search_term_string\"}}],\"inLanguage\":\"es\"}]}<\/script>\n<!-- \/ Yoast SEO Premium plugin. -->","yoast_head_json":{"title":"Food Waste Prevention Week","description":"Como organizaci\u00f3n asociada, la Semana para la Prevenci\u00f3n del Desperdicio de Alimentos (Food Waste Prevention Week) ha sido una aliada clave en la","robots":{"index":"index","follow":"follow","max-snippet":"max-snippet:-1","max-image-preview":"max-image-preview:large","max-video-preview":"max-video-preview:-1"},"canonical":"https:\/\/www.cec.org\/es\/agency\/food-waste-prevention-week\/","og_locale":"es_ES","og_type":"article","og_title":"Food Waste Prevention Week","og_description":"Como organizaci\u00f3n asociada, la Semana para la Prevenci\u00f3n del Desperdicio de Alimentos (Food Waste Prevention Week) ha sido una aliada clave en la","og_url":"https:\/\/www.cec.org\/es\/agency\/food-waste-prevention-week\/","og_site_name":"Comisi\u00f3n para la Cooperaci\u00f3n Ambiental","article_publisher":"https:\/\/www.facebook.com\/CECconnect","og_image":[{"width":600,"height":600,"url":"https:\/\/www.cec.org\/wp-content\/uploads\/Logo-FWPW.webp","type":"image\/webp"}],"twitter_card":"summary_large_image","twitter_site":"@CECweb","schema":{"@context":"https:\/\/schema.org","@graph":[{"@type":"WebPage","@id":"https:\/\/www.cec.org\/es\/agency\/food-waste-prevention-week\/","url":"https:\/\/www.cec.org\/es\/agency\/food-waste-prevention-week\/","name":"Food Waste Prevention Week","isPartOf":{"@id":"https:\/\/www.cec.org\/es\/#website"},"primaryImageOfPage":{"@id":"https:\/\/www.cec.org\/es\/agency\/food-waste-prevention-week\/#primaryimage"},"image":{"@id":"https:\/\/www.cec.org\/es\/agency\/food-waste-prevention-week\/#primaryimage"},"thumbnailUrl":"https:\/\/www.cec.org\/wp-content\/uploads\/Logo-FWPW.webp","datePublished":"2025-08-21T21:09:18+00:00","description":"Como organizaci\u00f3n asociada, la Semana para la Prevenci\u00f3n del Desperdicio de Alimentos (Food Waste Prevention Week) ha sido una aliada clave en la","breadcrumb":{"@id":"https:\/\/www.cec.org\/es\/agency\/food-waste-prevention-week\/#breadcrumb"},"inLanguage":"es","potentialAction":[{"@type":"ReadAction","target":["https:\/\/www.cec.org\/es\/agency\/food-waste-prevention-week\/"]}]},{"@type":"ImageObject","inLanguage":"es","@id":"https:\/\/www.cec.org\/es\/agency\/food-waste-prevention-week\/#primaryimage","url":"https:\/\/www.cec.org\/wp-content\/uploads\/Logo-FWPW.webp","contentUrl":"https:\/\/www.cec.org\/wp-content\/uploads\/Logo-FWPW.webp","width":600,"height":600,"caption":"Food Waste Prevention Week"},{"@type":"BreadcrumbList","@id":"https:\/\/www.cec.org\/es\/agency\/food-waste-prevention-week\/#breadcrumb","itemListElement":[{"@type":"ListItem","position":1,"name":"Inicio","item":"https:\/\/www.cec.org\/es\/"},{"@type":"ListItem","position":2,"name":"Food Waste Prevention Week"}]},{"@type":"WebSite","@id":"https:\/\/www.cec.org\/es\/#website","url":"https:\/\/www.cec.org\/es\/","name":"Commission for Environmental Cooperation","description":"Three countries working together to protect our shared environment","alternateName":"CEC - CCA -CCE","potentialAction":[{"@type":"SearchAction","target":{"@type":"EntryPoint","urlTemplate":"https:\/\/www.cec.org\/es\/?s={search_term_string}"},"query-input":{"@type":"PropertyValueSpecification","valueRequired":true,"valueName":"search_term_string"}}],"inLanguage":"es"}]}},"_links":{"self":[{"href":"https:\/\/www.cec.org\/es\/wp-json\/wp\/v2\/agency\/59843","targetHints":{"allow":["GET"]}}],"collection":[{"href":"https:\/\/www.cec.org\/es\/wp-json\/wp\/v2\/agency"}],"about":[{"href":"https:\/\/www.cec.org\/es\/wp-json\/wp\/v2\/types\/agency"}],"wp:featuredmedia":[{"embeddable":true,"href":"https:\/\/www.cec.org\/es\/wp-json\/wp\/v2\/media\/59824"}],"wp:attachment":[{"href":"https:\/\/www.cec.org\/es\/wp-json\/wp\/v2\/media?parent=59843"}],"curies":[{"name":"wp","href":"https:\/\/api.w.org\/{rel}","templated":true}]}}

<p>Como organización asociada, la Semana para la Prevención del Desperdicio de Alimentos (<em>Food Waste Prevention Week</em>) ha sido una aliada clave en la promoción tanto del <a href="https://www.cec.org/flwy/es/sociosycolaboradores/">kit de acción 'Los alimentos importan'</a> como de otros materiales de la CCA sobre pérdida y desperdicio de alimentos.</p>

<p>Como organización asociada, la Semana para la Prevención del Desperdicio de Alimentos (Food Waste Prevention Week) ha sido una aliada clave en la promoción tanto del kit de acción &#8216;Los alimentos importan&#8217; como de otros materiales de la CCA sobre pérdida y desperdicio de alimentos.</p>

<!-- This site is optimized with the Yoast SEO Premium plugin v27.4 (Yoast SEO v27.4) - https://yoast.com/product/yoast-seo-premium-wordpress/ -->
<title>Food Waste Prevention Week</title>
<meta name="description" content="Como organización asociada, la Semana para la Prevención del Desperdicio de Alimentos (Food Waste Prevention Week) ha sido una aliada clave en la" />
<meta name="robots" content="index, follow, max-snippet:-1, max-image-preview:large, max-video-preview:-1" />
<link rel="canonical" href="https://www.cec.org/es/agency/food-waste-prevention-week/" />
<meta property="og:locale" content="es_ES" />
<meta property="og:type" content="article" />
<meta property="og:title" content="Food Waste Prevention Week" />
<meta property="og:description" content="Como organización asociada, la Semana para la Prevención del Desperdicio de Alimentos (Food Waste Prevention Week) ha sido una aliada clave en la" />
<meta property="og:url" content="https://www.cec.org/es/agency/food-waste-prevention-week/" />
<meta property="og:site_name" content="Comisión para la Cooperación Ambiental" />
<meta property="article:publisher" content="https://www.facebook.com/CECconnect" />
<meta property="og:image" content="https://www.cec.org/wp-content/uploads/Logo-FWPW.webp" />
	<meta property="og:image:width" content="600" />
	<meta property="og:image:height" content="600" />
	<meta property="og:image:type" content="image/webp" />
<meta name="twitter:card" content="summary_large_image" />
<meta name="twitter:site" content="@CECweb" />
<script type="application/ld+json" class="yoast-schema-graph">{"@context":"https:\/\/schema.org","@graph":[{"@type":"WebPage","@id":"https:\/\/www.cec.org\/es\/agency\/food-waste-prevention-week\/","url":"https:\/\/www.cec.org\/es\/agency\/food-waste-prevention-week\/","name":"Food Waste Prevention Week","isPartOf":{"@id":"https:\/\/www.cec.org\/es\/#website"},"primaryImageOfPage":{"@id":"https:\/\/www.cec.org\/es\/agency\/food-waste-prevention-week\/#primaryimage"},"image":{"@id":"https:\/\/www.cec.org\/es\/agency\/food-waste-prevention-week\/#primaryimage"},"thumbnailUrl":"https:\/\/www.cec.org\/wp-content\/uploads\/Logo-FWPW.webp","datePublished":"2025-08-21T21:09:18+00:00","description":"Como organización asociada, la Semana para la Prevención del Desperdicio de Alimentos (Food Waste Prevention Week) ha sido una aliada clave en la","breadcrumb":{"@id":"https:\/\/www.cec.org\/es\/agency\/food-waste-prevention-week\/#breadcrumb"},"inLanguage":"es","potentialAction":[{"@type":"ReadAction","target":["https:\/\/www.cec.org\/es\/agency\/food-waste-prevention-week\/"]}]},{"@type":"ImageObject","inLanguage":"es","@id":"https:\/\/www.cec.org\/es\/agency\/food-waste-prevention-week\/#primaryimage","url":"https:\/\/www.cec.org\/wp-content\/uploads\/Logo-FWPW.webp","contentUrl":"https:\/\/www.cec.org\/wp-content\/uploads\/Logo-FWPW.webp","width":600,"height":600,"caption":"Food Waste Prevention Week"},{"@type":"BreadcrumbList","@id":"https:\/\/www.cec.org\/es\/agency\/food-waste-prevention-week\/#breadcrumb","itemListElement":[{"@type":"ListItem","position":1,"name":"Inicio","item":"https:\/\/www.cec.org\/es\/"},{"@type":"ListItem","position":2,"name":"Food Waste Prevention Week"}]},{"@type":"WebSite","@id":"https:\/\/www.cec.org\/es\/#website","url":"https:\/\/www.cec.org\/es\/","name":"Commission for Environmental Cooperation","description":"Three countries working together to protect our shared environment","alternateName":"CEC - CCA -CCE","potentialAction":[{"@type":"SearchAction","target":{"@type":"EntryPoint","urlTemplate":"https:\/\/www.cec.org\/es\/?s={search_term_string}"},"query-input":{"@type":"PropertyValueSpecification","valueRequired":true,"valueName":"search_term_string"}}],"inLanguage":"es"}]}</script>
<!-- / Yoast SEO Premium plugin. -->

Como organización asociada, la Semana para la Prevención del Desperdicio de Alimentos (Food Waste Prevention Week) ha sido una aliada clave en la

Comisión para la Cooperación Ambiental
